/var/www/vhosts/ihelp.ro/logs/ajutam.ro
NameSizeModeActions
access_log00644editdlrm
access_log.processed00644editdlrm
access_log.processed.1.gz15830644editdlrm
access_log.processed.2.gz24500644editdlrm
access_log.processed.3.gz17200644editdlrm
access_log.processed.4.gz17810644editdlrm
access_log.processed.5.gz15420644editdlrm
access_log.processed.6.gz76440644editdlrm
access_log.processed.7.gz27290644editdlrm
access_log.webstat00644editdlrm
access_ssl_log4185490644editdlrm
access_ssl_log.processed00644editdlrm
access_ssl_log.processed.1.gz673100644editdlrm
access_ssl_log.processed.2.gz676200644editdlrm
access_ssl_log.processed.3.gz618850644editdlrm
access_ssl_log.processed.4.gz685150644editdlrm
access_ssl_log.processed.5.gz742740644editdlrm
access_ssl_log.processed.6.gz837930644editdlrm
access_ssl_log.processed.7.gz1135250644editdlrm
access_ssl_log.statbuf00644editdlrm
access_ssl_log.webstat00644editdlrm
error_log159420644editdlrm
error_log.1.gz8970644editdlrm
error_log.2.gz16300644editdlrm
error_log.3.gz33950644editdlrm
error_log.4.gz55540644editdlrm
error_log.5.gz63210644editdlrm
error_log.6.gz84990644editdlrm
error_log.7.gz207790644editdlrm
proxy_access_log29320644editdlrm
proxy_access_log.statbuf00644editdlrm
proxy_access_ssl_log198370644editdlrm
proxy_access_ssl_log.statbuf00644editdlrm
proxy_error_log1720644editdlrm
proxy_error_log.1.gz200644editdlrm
proxy_error_log.2.gz200644editdlrm
proxy_error_log.3.gz2480644editdlrm
proxy_error_log.4.gz1920644editdlrm
proxy_error_log.5.gz2210644editdlrm
proxy_error_log.6.gz3770644editdlrm
proxy_error_log.7.gz1870644editdlrm
Edit: /var/www/vhosts/ihelp.ro/logs/ajutam.ro/access_ssl_log (418549B)
89.39.7.190 - - [31/Aug/2026:03:44:30 +0300] "POST /wp-cron.php?doing_wp_cron=1788137070.5157918930053710937500 HTTP/1.1" 200 5455 "-" "WordPress/6.9.7; https://ajutam.ro"
83.99.206.20 - - [31/Aug/2026:03:44:28 +0300] "GET /events/2027-05-01/ HTTP/1.1" 200 95012 "-" "Mozilla/5.0 (X11; Linux x86_64) AppleWebKit/537.36 (KHTML, like Gecko; GeedoShopProductFinder) Chrome/142.0.0.0 Safari/537.36"
83.99.206.20 - - [31/Aug/2026:03:44:49 +0300] "GET /events/list/?tribe-bar-date=2026-12-25&eventDisplay=past HTTP/1.1" 200 125678 "-" "Mozilla/5.0 (X11; Linux x86_64) AppleWebKit/537.36 (KHTML, like Gecko; GeedoShopProductFinder) Chrome/142.0.0.0 Safari/537.36"
83.99.206.114 - - [31/Aug/2026:03:45:09 +0300] "GET /events/2026-10-24/ HTTP/1.1" 200 95014 "-" "Mozilla/5.0 (X11; Linux x86_64) AppleWebKit/537.36 (KHTML, like Gecko; GeedoShopProductFinder) Chrome/142.0.0.0 Safari/537.36"
89.39.7.190 - - [31/Aug/2026:03:45:30 +0300] "POST /wp-cron.php?doing_wp_cron=1788137130.3102231025695800781250 HTTP/1.1" 200 5455 "-" "WordPress/6.9.7; https://ajutam.ro"
83.99.206.20 - - [31/Aug/2026:03:45:29 +0300] "GET /events/list/?tribe-bar-date=2026-07-23&eventDisplay=past HTTP/1.1" 200 125710 "-" "Mozilla/5.0 (X11; Linux x86_64) AppleWebKit/537.36 (KHTML, like Gecko; GeedoShopProductFinder) Chrome/142.0.0.0 Safari/537.36"
83.99.206.20 - - [31/Aug/2026:03:45:49 +0300] "GET /events/2025-12-30/ HTTP/1.1" 200 95028 "-" "Mozilla/5.0 (X11; Linux x86_64) AppleWebKit/537.36 (KHTML, like Gecko; GeedoShopProductFinder) Chrome/142.0.0.0 Safari/537.36"
83.99.206.20 - - [31/Aug/2026:03:46:09 +0300] "GET /events/list/?tribe-bar-date=2026-05-25&eventDisplay=past HTTP/1.1" 200 125694 "-" "Mozilla/5.0 (X11; Linux x86_64) AppleWebKit/537.36 (KHTML, like Gecko; GeedoShopProductFinder) Chrome/142.0.0.0 Safari/537.36"
89.39.7.190 - - [31/Aug/2026:03:47:27 +0300] "POST /wp-cron.php?doing_wp_cron=1788137247.2270879745483398437500 HTTP/1.1" 200 5455 "-" "WordPress/6.9.7; https://ajutam.ro"
85.208.96.197 - - [31/Aug/2026:03:47:26 +0300] "GET /events/2026-05-09/ HTTP/1.1" 200 95002 "-" "Mozilla/5.0 (compatible; SemrushBot/7~bl; +http://www.semrush.com/bot.html)"
89.39.7.190 - - [31/Aug/2026:03:48:24 +0300] "POST /wp-cron.php?doing_wp_cron=1788137303.9692859649658203125000 HTTP/1.1" 200 5455 "-" "WordPress/6.9.7; https://ajutam.ro"
83.99.206.54 - - [31/Aug/2026:03:48:23 +0300] "GET /events/list/?tribe-bar-date=2027-02-18 HTTP/1.1" 200 97680 "-" "Mozilla/5.0 (X11; Linux x86_64) AppleWebKit/537.36 (KHTML, like Gecko; GeedoShopProductFinder) Chrome/142.0.0.0 Safari/537.36"
83.99.206.54 - - [31/Aug/2026:03:48:43 +0300] "GET /events/list/?tribe-bar-date=2026-10-25 HTTP/1.1" 200 97658 "-" "Mozilla/5.0 (X11; Linux x86_64) AppleWebKit/537.36 (KHTML, like Gecko; GeedoShopProductFinder) Chrome/142.0.0.0 Safari/537.36"
83.99.206.54 - - [31/Aug/2026:03:49:03 +0300] "GET /events/list/?tribe-bar-date=2026-04-24&eventDisplay=past HTTP/1.1" 200 125716 "-" "Mozilla/5.0 (X11; Linux x86_64) AppleWebKit/537.36 (KHTML, like Gecko; GeedoShopProductFinder) Chrome/142.0.0.0 Safari/537.36"
89.39.7.190 - - [31/Aug/2026:03:49:24 +0300] "POST /wp-cron.php?doing_wp_cron=1788137364.1570069789886474609375 HTTP/1.1" 200 5455 "-" "WordPress/6.9.7; https://ajutam.ro"
83.99.206.54 - - [31/Aug/2026:03:49:23 +0300] "GET /events/2026-12-22/ HTTP/1.1" 200 95028 "-" "Mozilla/5.0 (X11; Linux x86_64) AppleWebKit/537.36 (KHTML, like Gecko; GeedoShopProductFinder) Chrome/142.0.0.0 Safari/537.36"
83.99.206.142 - - [31/Aug/2026:03:49:43 +0300] "GET /events/list/?tribe-bar-date=2026-02-26&eventDisplay=past HTTP/1.1" 200 125766 "-" "Mozilla/5.0 (X11; Linux x86_64) AppleWebKit/537.36 (KHTML, like Gecko; GeedoShopProductFinder) Chrome/142.0.0.0 Safari/537.36"
83.99.206.54 - - [31/Aug/2026:03:50:03 +0300] "GET /events/list/?tribe-bar-date=2027-02-19&eventDisplay=past HTTP/1.1" 200 125724 "-" "Mozilla/5.0 (X11; Linux x86_64) AppleWebKit/537.36 (KHTML, like Gecko; GeedoShopProductFinder) Chrome/142.0.0.0 Safari/537.36"
89.39.7.190 - - [31/Aug/2026:03:52:12 +0300] "POST /wp-cron.php?doing_wp_cron=1788137532.3123118877410888671875 HTTP/1.1" 200 5455 "-" "WordPress/6.9.7; https://ajutam.ro"
83.99.206.10 - - [31/Aug/2026:03:52:11 +0300] "GET /events/month/2027-06/ HTTP/1.1" 200 193170 "-" "Mozilla/5.0 (X11; Linux x86_64) AppleWebKit/537.36 (KHTML, like Gecko; GeedoShopProductFinder) Chrome/142.0.0.0 Safari/537.36"
89.39.7.190 - - [31/Aug/2026:03:52:32 +0300] "POST /wp-cron.php?doing_wp_cron=1788137552.2587029933929443359375 HTTP/1.1" 200 5455 "-" "WordPress/6.9.7; https://ajutam.ro"
83.99.206.10 - - [31/Aug/2026:03:52:31 +0300] "GET /events/2026-01-28/ HTTP/1.1" 200 95017 "-" "Mozilla/5.0 (X11; Linux x86_64) AppleWebKit/537.36 (KHTML, like Gecko; GeedoShopProductFinder) Chrome/142.0.0.0 Safari/537.36"
83.99.206.10 - - [31/Aug/2026:03:52:51 +0300] "GET /events/2026-07-21/ HTTP/1.1" 200 95018 "-" "Mozilla/5.0 (X11; Linux x86_64) AppleWebKit/537.36 (KHTML, like Gecko; GeedoShopProductFinder) Chrome/142.0.0.0 Safari/537.36"
83.99.206.107 - - [31/Aug/2026:03:53:11 +0300] "GET /events/list/?tribe-bar-date=2026-02-24 HTTP/1.1" 200 97649 "-" "Mozilla/5.0 (X11; Linux x86_64) AppleWebKit/537.36 (KHTML, like Gecko; GeedoShopProductFinder) Chrome/142.0.0.0 Safari/537.36"
89.39.7.190 - - [31/Aug/2026:03:53:32 +0300] "POST /wp-cron.php?doing_wp_cron=1788137612.1577930450439453125000 HTTP/1.1" 200 5455 "-" "WordPress/6.9.7; https://ajutam.ro"
83.99.206.243 - - [31/Aug/2026:03:53:31 +0300] "GET /events/month/2025-10/ HTTP/1.1" 200 194560 "-" "Mozilla/5.0 (X11; Linux x86_64) AppleWebKit/537.36 (KHTML, like Gecko; GeedoShopProductFinder) Chrome/142.0.0.0 Safari/537.36"
85.208.96.211 - - [31/Aug/2026:03:53:35 +0300] "GET /events/2024-01-24/ HTTP/1.1" 200 95014 "-" "Mozilla/5.0 (compatible; SemrushBot/7~bl; +http://www.semrush.com/bot.html)"
83.99.206.10 - - [31/Aug/2026:03:53:51 +0300] "GET /events/list/?tribe-bar-date=2026-12-23 HTTP/1.1" 200 97662 "-" "Mozilla/5.0 (X11; Linux x86_64) AppleWebKit/537.36 (KHTML, like Gecko; GeedoShopProductFinder) Chrome/142.0.0.0 Safari/537.36"
89.39.7.190 - - [31/Aug/2026:03:55:05 +0300] "POST /wp-cron.php?doing_wp_cron=1788137705.7479999065399169921875 HTTP/1.1" 200 5455 "-" "WordPress/6.9.7; https://ajutam.ro"
43.135.172.89 - - [31/Aug/2026:03:55:04 +0300] "GET / HTTP/1.1" 200 102613 "http://www.ajutam.ro" "Mozilla/5.0 (iPhone; CPU iPhone OS 13_2_3 like Mac OS X) AppleWebKit/605.1.15 (KHTML, like Gecko) Version/13.0.3 Mobile/15E148 Safari/604.1"
89.39.7.190 - - [31/Aug/2026:03:55:58 +0300] "POST /wp-cron.php?doing_wp_cron=1788137758.6338770389556884765625 HTTP/1.1" 200 5455 "-" "WordPress/6.9.7; https://ajutam.ro"
83.99.206.56 - - [31/Aug/2026:03:55:58 +0300] "GET /events/month/2027-07/ HTTP/1.1" 200 193185 "-" "Mozilla/5.0 (X11; Linux x86_64) AppleWebKit/537.36 (KHTML, like Gecko; GeedoShopProductFinder) Chrome/142.0.0.0 Safari/537.36"
83.99.206.56 - - [31/Aug/2026:03:56:18 +0300] "GET /events/2025-12-29/ HTTP/1.1" 200 95028 "-" "Mozilla/5.0 (X11; Linux x86_64) AppleWebKit/537.36 (KHTML, like Gecko; GeedoShopProductFinder) Chrome/142.0.0.0 Safari/537.36"
89.39.7.190 - - [31/Aug/2026:03:56:38 +0300] "POST /wp-cron.php?doing_wp_cron=1788137798.2884280681610107421875 HTTP/1.1" 200 5455 "-" "WordPress/6.9.7; https://ajutam.ro"
83.99.206.56 - - [31/Aug/2026:03:56:37 +0300] "GET /events/list/?tribe-bar-date=2026-12-22 HTTP/1.1" 200 97655 "-" "Mozilla/5.0 (X11; Linux x86_64) AppleWebKit/537.36 (KHTML, like Gecko; GeedoShopProductFinder) Chrome/142.0.0.0 Safari/537.36"
83.99.206.56 - - [31/Aug/2026:03:56:57 +0300] "GET /events/2026-09-25/ HTTP/1.1" 200 95021 "-" "Mozilla/5.0 (X11; Linux x86_64) AppleWebKit/537.36 (KHTML, like Gecko; GeedoShopProductFinder) Chrome/142.0.0.0 Safari/537.36"
83.99.206.56 - - [31/Aug/2026:03:57:17 +0300] "GET /events/list/?tribe-bar-date=2026-10-29&eventDisplay=past HTTP/1.1" 200 125720 "-" "Mozilla/5.0 (X11; Linux x86_64) AppleWebKit/537.36 (KHTML, like Gecko; GeedoShopProductFinder) Chrome/142.0.0.0 Safari/537.36"
89.39.7.190 - - [31/Aug/2026:03:57:38 +0300] "POST /wp-cron.php?doing_wp_cron=1788137857.9629869461059570312500 HTTP/1.1" 200 5455 "-" "WordPress/6.9.7; https://ajutam.ro"
83.99.206.56 - - [31/Aug/2026:03:57:37 +0300] "GET /events/list/?tribe-bar-date=2027-02-18&eventDisplay=past HTTP/1.1" 200 125753 "-" "Mozilla/5.0 (X11; Linux x86_64) AppleWebKit/537.36 (KHTML, like Gecko; GeedoShopProductFinder) Chrome/142.0.0.0 Safari/537.36"
89.39.7.190 - - [31/Aug/2026:03:59:44 +0300] "POST /wp-cron.php?doing_wp_cron=1788137984.5073869228363037109375 HTTP/1.1" 200 5455 "-" "WordPress/6.9.7; https://ajutam.ro"
83.99.206.54 - - [31/Aug/2026:03:59:44 +0300] "GET /events/2026-03-26/ HTTP/1.1" 200 95020 "-" "Mozilla/5.0 (X11; Linux x86_64) AppleWebKit/537.36 (KHTML, like Gecko; GeedoShopProductFinder) Chrome/142.0.0.0 Safari/537.36"
23.21.119.232 - - [31/Aug/2026:03:59:53 +0300] "GET /donation-history/embed/ HTTP/1.1" 200 26019 "-" "Mozilla/5.0 AppleWebKit/537.36 (KHTML, like Gecko; compatible; Amazonbot/0.1; +https://developer.amazon.com/support/amazonbot) Chrome/119.0.6045.214 Safari/537.36"
83.99.206.54 - - [31/Aug/2026:04:00:03 +0300] "GET /events/list/?tribe-bar-date=2026-02-25&eventDisplay=past HTTP/1.1" 200 125710 "-" "Mozilla/5.0 (X11; Linux x86_64) AppleWebKit/537.36 (KHTML, like Gecko; GeedoShopProductFinder) Chrome/142.0.0.0 Safari/537.36"
89.39.7.190 - - [31/Aug/2026:04:00:26 +0300] "POST /wp-cron.php?doing_wp_cron=1788138025.9491670131683349609375 HTTP/1.1" 200 5455 "-" "WordPress/6.9.7; https://ajutam.ro"
83.99.206.218 - - [31/Aug/2026:04:00:25 +0300] "GET /events/list/?tribe-bar-date=2027-02-21&eventDisplay=past HTTP/1.1" 200 125696 "-" "Mozilla/5.0 (X11; Linux x86_64) AppleWebKit/537.36 (KHTML, like Gecko; GeedoShopProductFinder) Chrome/142.0.0.0 Safari/537.36"
83.99.206.54 - - [31/Aug/2026:04:00:43 +0300] "GET /events/list/?tribe-bar-date=2027-03-29&eventDisplay=past HTTP/1.1" 200 125758 "-" "Mozilla/5.0 (X11; Linux x86_64) AppleWebKit/537.36 (KHTML, like Gecko; GeedoShopProductFinder) Chrome/142.0.0.0 Safari/537.36"
83.99.206.54 - - [31/Aug/2026:04:01:03 +0300] "GET /events/2026-09-24/ HTTP/1.1" 200 95021 "-" "Mozilla/5.0 (X11; Linux x86_64) AppleWebKit/537.36 (KHTML, like Gecko; GeedoShopProductFinder) Chrome/142.0.0.0 Safari/537.36"
89.39.7.190 - - [31/Aug/2026:04:01:24 +0300] "POST /wp-cron.php?doing_wp_cron=1788138084.1507849693298339843750 HTTP/1.1" 200 5455 "-" "WordPress/6.9.7; https://ajutam.ro"
83.99.206.54 - - [31/Aug/2026:04:01:23 +0300] "GET /events/2027-04-30/ HTTP/1.1" 200 95013 "-" "Mozilla/5.0 (X11; Linux x86_64) AppleWebKit/537.36 (KHTML, like Gecko; GeedoShopProductFinder) Chrome/142.0.0.0 Safari/537.36"
47.79.200.226 - - [31/Aug/2026:04:02:21 +0300] "GET /events/list/?eventDisplay=past&tribe-bar-date=2026-04-28 HTTP/1.1" 200 125735 "https://www.google.com/" "Mozilla/5.0 (Windows NT 10.0; Win64; x64) AppleWebKit/537.36 (KHTML, like Gecko) Chrome/132.0.0.0 Safari/537.36"
89.39.7.190 - - [31/Aug/2026:04:03:14 +0300] "POST /wp-cron.php?doing_wp_cron=1788138194.1948161125183105468750 HTTP/1.1" 200 5455 "-" "WordPress/6.9.7; https://ajutam.ro"
85.208.96.194 - - [31/Aug/2026:04:03:11 +0300] "GET /robots.txt HTTP/1.1" 200 5675 "-" "Mozilla/5.0 (compatible; SemrushBot/7~bl; +http://www.semrush.com/bot.html)"
85.208.96.210 - - [31/Aug/2026:04:03:14 +0300] "GET /events/2022-02-17/ HTTP/1.1" 200 95676 "-" "Mozilla/5.0 (compatible; SemrushBot/7~bl; +http://www.semrush.com/bot.html)"
89.39.7.190 - - [31/Aug/2026:04:03:35 +0300] "POST /wp-cron.php?doing_wp_cron=1788138214.9306800365447998046875 HTTP/1.1" 200 5455 "-" "WordPress/6.9.7; https://ajutam.ro"
83.99.206.195 - - [31/Aug/2026:04:03:34 +0300] "GET /events/2025-11-01/ HTTP/1.1" 200 95017 "-" "Mozilla/5.0 (X11; Linux x86_64) AppleWebKit/537.36 (KHTML, like Gecko; GeedoShopProductFinder) Chrome/142.0.0.0 Safari/537.36"
85.208.96.208 - - [31/Aug/2026:04:03:47 +0300] "GET /events/2024-01-18/ HTTP/1.1" 200 95007 "-" "Mozilla/5.0 (compatible; SemrushBot/7~bl; +http://www.semrush.com/bot.html)"
83.99.206.195 - - [31/Aug/2026:04:03:50 +0300] "GET /events/list/?tribe-bar-date=2025-12-30 HTTP/1.1" 200 97686 "-" "Mozilla/5.0 (X11; Linux x86_64) AppleWebKit/537.36 (KHTML, like Gecko; GeedoShopProductFinder) Chrome/142.0.0.0 Safari/537.36"
83.99.206.195 - - [31/Aug/2026:04:04:11 +0300] "GET /events/2027-07-01/ HTTP/1.1" 200 95007 "-" "Mozilla/5.0 (X11; Linux x86_64) AppleWebKit/537.36 (KHTML, like Gecko; GeedoShopProductFinder) Chrome/142.0.0.0 Safari/537.36"
52.167.144.25 - - [31/Aug/2026:04:04:18 +0300] "GET /wp-sitemap-posts-post-1.xml HTTP/1.1" 200 8219 "-" "Mozilla/5.0 AppleWebKit/537.36 (KHTML, like Gecko; compatible; bingbot/2.0; +http://www.bing.com/bingbot.htm) Chrome/116.0.1938.76 Safari/537.36"
47.79.200.46 - - [31/Aug/2026:04:04:19 +0300] "GET /events/2025-12-01 HTTP/1.1" 301 5451 "https://www.google.com/" "Mozilla/5.0 (Windows NT 10.0; Win64; x64) AppleWebKit/537.36 (KHTML, like Gecko) Chrome/133.0.0.0 Safari/537.36 Edg/133.0.0.0"
47.79.200.46 - - [31/Aug/2026:04:04:20 +0300] "GET /events/2025-12-01/ HTTP/1.1" 200 95015 "https://www.google.com/" "Mozilla/5.0 (Windows NT 10.0; Win64; x64) AppleWebKit/537.36 (KHTML, like Gecko) Chrome/133.0.0.0 Safari/537.36 Edg/133.0.0.0"
89.39.7.190 - - [31/Aug/2026:04:04:31 +0300] "POST /wp-cron.php?doing_wp_cron=1788138271.4501669406890869140625 HTTP/1.1" 200 5455 "-" "WordPress/6.9.7; https://ajutam.ro"
83.99.206.195 - - [31/Aug/2026:04:04:30 +0300] "GET /events/list/?tribe-bar-date=2026-01-29&eventDisplay=past HTTP/1.1" 200 125742 "-" "Mozilla/5.0 (X11; Linux x86_64) AppleWebKit/537.36 (KHTML, like Gecko; GeedoShopProductFinder) Chrome/142.0.0.0 Safari/537.36"
83.99.206.195 - - [31/Aug/2026:04:04:50 +0300] "GET /events/list/?tribe-bar-date=2027-02-20 HTTP/1.1" 200 97673 "-" "Mozilla/5.0 (X11; Linux x86_64) AppleWebKit/537.36 (KHTML, like Gecko; GeedoShopProductFinder) Chrome/142.0.0.0 Safari/537.36"
83.99.206.155 - - [31/Aug/2026:04:05:10 +0300] "GET /events/2026-04-23/ HTTP/1.1" 200 95013 "-" "Mozilla/5.0 (X11; Linux x86_64) AppleWebKit/537.36 (KHTML, like Gecko; GeedoShopProductFinder) Chrome/142.0.0.0 Safari/537.36"
89.39.7.190 - - [31/Aug/2026:04:06:56 +0300] "POST /wp-cron.php?doing_wp_cron=1788138416.6443290710449218750000 HTTP/1.1" 200 5455 "-" "WordPress/6.9.7; https://ajutam.ro"
47.79.201.25 - - [31/Aug/2026:04:06:56 +0300] "HEAD /events/list/?eventDisplay=past&ical=1&tribe-bar-date=2026-02-01 HTTP/1.1" 200 5413 "https://www.google.com/" "Mozilla/5.0 (Linux; arm_64; Android 14; SM-A346E) AppleWebKit/537.36 (KHTML, like Gecko) Chrome/130.0.6723.1012 YaSearchBrowser/24.125.1 BroPP/1.0 YaSearchApp/24.125.1 webOmni SA/3 Mobile Safari/537.36"
47.79.201.25 - - [31/Aug/2026:04:06:57 +0300] "GET /events/list/?eventDisplay=past&ical=1&tribe-bar-date=2026-02-01 HTTP/1.1" 200 17486 "https://www.google.com/" "Mozilla/5.0 (Windows NT 10.0; Win64; x64) AppleWebKit/537.36 (KHTML, like Gecko) Chrome/132.0.0.0 Safari/537.36"
83.99.206.88 - - [31/Aug/2026:04:07:18 +0300] "GET /events/2026-04-22/ HTTP/1.1" 200 95013 "-" "Mozilla/5.0 (X11; Linux x86_64) AppleWebKit/537.36 (KHTML, like Gecko; GeedoShopProductFinder) Chrome/142.0.0.0 Safari/537.36"
89.39.7.190 - - [31/Aug/2026:04:07:38 +0300] "POST /wp-cron.php?doing_wp_cron=1788138458.8803300857543945312500 HTTP/1.1" 200 5455 "-" "WordPress/6.9.7; https://ajutam.ro"
83.99.206.88 - - [31/Aug/2026:04:07:38 +0300] "GET /events/2027-06-30/ HTTP/1.1" 200 95018 "-" "Mozilla/5.0 (X11; Linux x86_64) AppleWebKit/537.36 (KHTML, like Gecko; GeedoShopProductFinder) Chrome/142.0.0.0 Safari/537.36"
83.99.206.88 - - [31/Aug/2026:04:07:58 +0300] "GET /events/2027-04-29/ HTTP/1.1" 200 95013 "-" "Mozilla/5.0 (X11; Linux x86_64) AppleWebKit/537.36 (KHTML, like Gecko; GeedoShopProductFinder) Chrome/142.0.0.0 Safari/537.36"
83.99.206.88 - - [31/Aug/2026:04:08:19 +0300] "GET /events/list/?tribe-bar-date=2027-02-20&eventDisplay=past HTTP/1.1" 200 125698 "-" "Mozilla/5.0 (X11; Linux x86_64) AppleWebKit/537.36 (KHTML, like Gecko; GeedoShopProductFinder) Chrome/142.0.0.0 Safari/537.36"
89.39.7.190 - - [31/Aug/2026:04:08:39 +0300] "POST /wp-cron.php?doing_wp_cron=1788138519.4760150909423828125000 HTTP/1.1" 200 5455 "-" "WordPress/6.9.7; https://ajutam.ro"
83.99.206.88 - - [31/Aug/2026:04:08:38 +0300] "GET /events/list/?tribe-bar-date=2026-03-28&eventDisplay=past HTTP/1.1" 200 125708 "-" "Mozilla/5.0 (X11; Linux x86_64) AppleWebKit/537.36 (KHTML, like Gecko; GeedoShopProductFinder) Chrome/142.0.0.0 Safari/537.36"
83.99.206.88 - - [31/Aug/2026:04:08:58 +0300] "GET /events/list/?tribe-bar-date=2026-10-24 HTTP/1.1" 200 97651 "-" "Mozilla/5.0 (X11; Linux x86_64) AppleWebKit/537.36 (KHTML, like Gecko; GeedoShopProductFinder) Chrome/142.0.0.0 Safari/537.36"
89.39.7.190 - - [31/Aug/2026:04:09:35 +0300] "POST /wp-cron.php?doing_wp_cron=1788138575.2480759620666503906250 HTTP/1.1" 200 5455 "-" "WordPress/6.9.7; https://ajutam.ro"
185.191.171.13 - - [31/Aug/2026:04:09:34 +0300] "GET /events/2025-01-05/ HTTP/1.1" 200 95010 "-" "Mozilla/5.0 (compatible; SemrushBot/7~bl; +http://www.semrush.com/bot.html)"
47.79.201.199 - - [31/Aug/2026:04:09:48 +0300] "GET /events/list/?ical=1&tribe-bar-date=2026-10-29 HTTP/1.1" 200 5362 "https://www.google.com/" "Mozilla/5.0 (Linux; Android 10; K) AppleWebKit/537.36 (KHTML, like Gecko) Chrome/132.0.0.0 Mobile Safari/537.36"
85.208.96.196 - - [31/Aug/2026:04:10:16 +0300] "GET /events/2025-12-07/ HTTP/1.1" 200 95014 "-" "Mozilla/5.0 (compatible; SemrushBot/7~bl; +http://www.semrush.com/bot.html)"
89.39.7.190 - - [31/Aug/2026:04:11:05 +0300] "POST /wp-cron.php?doing_wp_cron=1788138665.3477048873901367187500 HTTP/1.1" 200 5455 "-" "WordPress/6.9.7; https://ajutam.ro"
83.99.206.143 - - [31/Aug/2026:04:11:04 +0300] "GET /events/2026-11-26/ HTTP/1.1" 200 95028 "-" "Mozilla/5.0 (X11; Linux x86_64) AppleWebKit/537.36 (KHTML, like Gecko; GeedoShopProductFinder) Chrome/142.0.0.0 Safari/537.36"
89.39.7.190 - - [31/Aug/2026:04:11:25 +0300] "POST /wp-cron.php?doing_wp_cron=1788138685.2654640674591064453125 HTTP/1.1" 200 5455 "-" "WordPress/6.9.7; https://ajutam.ro"
83.99.206.220 - - [31/Aug/2026:04:11:24 +0300] "GET /events/list/?tribe-bar-date=2027-02-23 HTTP/1.1" 200 97680 "-" "Mozilla/5.0 (X11; Linux x86_64) AppleWebKit/537.36 (KHTML, like Gecko; GeedoShopProductFinder) Chrome/142.0.0.0 Safari/537.36"
83.99.206.143 - - [31/Aug/2026:04:11:44 +0300] "GET /events/list/?tribe-bar-date=2027-04-29 HTTP/1.1" 200 97663 "-" "Mozilla/5.0 (X11; Linux x86_64) AppleWebKit/537.36 (KHTML, like Gecko; GeedoShopProductFinder) Chrome/142.0.0.0 Safari/537.36"
83.99.206.82 - - [31/Aug/2026:04:12:04 +0300] "GET /events/2027-02-17/ HTTP/1.1" 200 95026 "-" "Mozilla/5.0 (X11; Linux x86_64) AppleWebKit/537.36 (KHTML, like Gecko; GeedoShopProductFinder) Chrome/142.0.0.0 Safari/537.36"
91.84.124.42 - - [31/Aug/2026:04:12:19 +0300] "GET /american-humane-association/ HTTP/1.1" 200 72366 "https://ajutam.ro/american-humane-association/" "Mozilla/5.0 (Windows NT 10.0; Win64; x64) AppleWebKit/537.36 (KHTML, like Gecko) Chrome/130.0.0.0 Safari/537.36 CCleaner/130.0.0.0"
91.84.124.42 - - [31/Aug/2026:04:12:20 +0300] "POST /wp-comments-post.php HTTP/1.1" 302 6050 "https://ajutam.ro/american-humane-association/" "Mozilla/5.0 (Windows NT 10.0; Win64; x64) AppleWebKit/537.36 (KHTML, like Gecko) Chrome/130.0.0.0 Safari/537.36 CCleaner/130.0.0.0"
91.84.124.42 - - [31/Aug/2026:04:12:20 +0300] "GET /american-humane-association/ HTTP/1.1" 200 74212 "https://ajutam.ro/american-humane-association/#comment-15396" "Mozilla/5.0 (Windows NT 10.0; Win64; x64) AppleWebKit/537.36 (KHTML, like Gecko) Chrome/130.0.0.0 Safari/537.36 CCleaner/130.0.0.0"
89.39.7.190 - - [31/Aug/2026:04:12:26 +0300] "POST /wp-cron.php?doing_wp_cron=1788138746.0213980674743652343750 HTTP/1.1" 200 5455 "-" "WordPress/6.9.7; https://ajutam.ro"
83.99.206.143 - - [31/Aug/2026:04:12:25 +0300] "GET /events/month/2025-09/ HTTP/1.1" 200 194550 "-" "Mozilla/5.0 (X11; Linux x86_64) AppleWebKit/537.36 (KHTML, like Gecko; GeedoShopProductFinder) Chrome/142.0.0.0 Safari/537.36"
83.99.206.143 - - [31/Aug/2026:04:12:44 +0300] "GET /events/2025-10-01/ HTTP/1.1" 200 95022 "-" "Mozilla/5.0 (X11; Linux x86_64) AppleWebKit/537.36 (KHTML, like Gecko; GeedoShopProductFinder) Chrome/142.0.0.0 Safari/537.36"
18.205.127.11 - - [31/Aug/2026:04:12:53 +0300] "GET /wp-json/oembed/1.0/embed?format=xml&url=https://ajutam.ro/masonry-2-columns/ HTTP/1.1" 200 8035 "-" "Mozilla/5.0 AppleWebKit/537.36 (KHTML, like Gecko; compatible; Amazonbot/0.1; +https://developer.amazon.com/support/amazonbot) Chrome/119.0.6045.214 Safari/537.36"
89.39.7.190 - - [31/Aug/2026:04:14:50 +0300] "POST /wp-cron.php?doing_wp_cron=1788138890.4802129268646240234375 HTTP/1.1" 200 5455 "-" "WordPress/6.9.7; https://ajutam.ro"
83.99.206.31 - - [31/Aug/2026:04:14:49 +0300] "GET /events/list/?tribe-bar-date=2026-10-25&eventDisplay=past HTTP/1.1" 200 125735 "-" "Mozilla/5.0 (X11; Linux x86_64) AppleWebKit/537.36 (KHTML, like Gecko; GeedoShopProductFinder) Chrome/142.0.0.0 Safari/537.36"
83.99.206.31 - - [31/Aug/2026:04:15:09 +0300] "GET /events/list/?tribe-bar-date=2026-12-22&eventDisplay=past HTTP/1.1" 200 125721 "-" "Mozilla/5.0 (X11; Linux x86_64) AppleWebKit/537.36 (KHTML, like Gecko; GeedoShopProductFinder) Chrome/142.0.0.0 Safari/537.36"
89.39.7.190 - - [31/Aug/2026:04:15:30 +0300] "POST /wp-cron.php?doing_wp_cron=1788138930.6038689613342285156250 HTTP/1.1" 200 5455 "-" "WordPress/6.9.7; https://ajutam.ro"
83.99.206.31 - - [31/Aug/2026:04:15:29 +0300] "GET /events/list/?tribe-bar-date=2026-02-24&eventDisplay=past HTTP/1.1" 200 125702 "-" "Mozilla/5.0 (X11; Linux x86_64) AppleWebKit/537.36 (KHTML, like Gecko; GeedoShopProductFinder) Chrome/142.0.0.0 Safari/537.36"
83.99.206.232 - - [31/Aug/2026:04:15:49 +0300] "GET /events/list/?tribe-bar-date=2026-04-25&eventDisplay=past HTTP/1.1" 200 125737 "-" "Mozilla/5.0 (X11; Linux x86_64) AppleWebKit/537.36 (KHTML, like Gecko; GeedoShopProductFinder) Chrome/142.0.0.0 Safari/537.36"
83.99.206.221 - - [31/Aug/2026:04:16:09 +0300] "GET /events/list/?tribe-bar-date=2026-08-18 HTTP/1.1" 200 97648 "-" "Mozilla/5.0 (X11; Linux x86_64) AppleWebKit/537.36 (KHTML, like Gecko; GeedoShopProductFinder) Chrome/142.0.0.0 Safari/537.36"
89.39.7.190 - - [31/Aug/2026:04:16:24 +0300] "POST /wp-cron.php?doing_wp_cron=1788138984.5486719608306884765625 HTTP/1.1" 200 5455 "-" "WordPress/6.9.7; https://ajutam.ro"
138.124.97.138 - - [31/Aug/2026:04:16:23 +0300] "GET /what-to-do-if-no-one-listens-start-with-changing-yourself/ HTTP/1.1" 200 80887 "https://ajutam.ro/what-to-do-if-no-one-listens-start-with-changing-yourself/#comment-15295" "Mozilla/5.0 (Windows NT 10.0; Win64; x64) AppleWebKit/537.36 (KHTML, like Gecko) Chrome/130.0.0.0 Safari/537.36 CCleaner/130.0.0.0"
138.124.97.138 - - [31/Aug/2026:04:16:25 +0300] "POST /wp-comments-post.php HTTP/1.1" 302 6083 "https://ajutam.ro/what-to-do-if-no-one-listens-start-with-changing-yourself/#comment-15295" "Mozilla/5.0 (Windows NT 10.0; Win64; x64) AppleWebKit/537.36 (KHTML, like Gecko) Chrome/130.0.0.0 Safari/537.36 CCleaner/130.0.0.0"
138.124.97.138 - - [31/Aug/2026:04:16:25 +0300] "GET /what-to-do-if-no-one-listens-start-with-changing-yourself/ HTTP/1.1" 200 83486 "https://ajutam.ro/what-to-do-if-no-one-listens-start-with-changing-yourself/#comment-15397" "Mozilla/5.0 (Windows NT 10.0; Win64; x64) AppleWebKit/537.36 (KHTML, like Gecko) Chrome/130.0.0.0 Safari/537.36 CCleaner/130.0.0.0"
83.99.206.31 - - [31/Aug/2026:04:16:29 +0300] "GET /events/2027-06-01/ HTTP/1.1" 200 95007 "-" "Mozilla/5.0 (X11; Linux x86_64) AppleWebKit/537.36 (KHTML, like Gecko; GeedoShopProductFinder) Chrome/142.0.0.0 Safari/537.36"
89.39.7.190 - - [31/Aug/2026:04:18:33 +0300] "POST /wp-cron.php?doing_wp_cron=1788139113.3556399345397949218750 HTTP/1.1" 200 5455 "-" "WordPress/6.9.7; https://ajutam.ro"
83.99.206.161 - - [31/Aug/2026:04:18:32 +0300] "GET /events/2026-06-15/ HTTP/1.1" 200 95018 "-" "Mozilla/5.0 (X11; Linux x86_64) AppleWebKit/537.36 (KHTML, like Gecko; GeedoShopProductFinder) Chrome/142.0.0.0 Safari/537.36"
83.99.206.231 - - [31/Aug/2026:04:18:52 +0300] "GET /events/list/?tribe-bar-date=2027-05-01 HTTP/1.1" 200 97650 "-" "Mozilla/5.0 (X11; Linux x86_64) AppleWebKit/537.36 (KHTML, like Gecko; GeedoShopProductFinder) Chrome/142.0.0.0 Safari/537.36"
83.99.206.118 - - [31/Aug/2026:04:19:12 +0300] "GET /events/list/?tribe-bar-date=2027-04-30 HTTP/1.1" 200 97663 "-" "Mozilla/5.0 (X11; Linux x86_64) AppleWebKit/537.36 (KHTML, like Gecko; GeedoShopProductFinder) Chrome/142.0.0.0 Safari/537.36"
89.39.7.190 - - [31/Aug/2026:04:19:32 +0300] "POST /wp-cron.php?doing_wp_cron=1788139172.8549139499664306640625 HTTP/1.1" 200 5455 "-" "WordPress/6.9.7; https://ajutam.ro"
83.99.206.118 - - [31/Aug/2026:04:19:32 +0300] "GET /events/2026-03-25/ HTTP/1.1" 200 95013 "-" "Mozilla/5.0 (X11; Linux x86_64) AppleWebKit/537.36 (KHTML, like Gecko; GeedoShopProductFinder) Chrome/142.0.0.0 Safari/537.36"
66.249.79.200 - - [31/Aug/2026:04:19:39 +0300] "GET /events/list/?tribe-bar-date=2057-02-01&eventDisplay=past HTTP/1.1" 200 125737 "-" "Mozilla/5.0 (Linux; Android 6.0.1; Nexus 5X Build/MMB29P) AppleWebKit/537.36 (KHTML, like Gecko) Chrome/151.0.7922.173 Mobile Safari/537.36 (compatible; Googlebot/2.1; +http://www.google.com/bot.html)"
66.249.79.200 - - [31/Aug/2026:04:19:43 +0300] "GET /wp-content/themes/charity-is-hope/fw/js/swiper/swiper.js HTTP/1.1" 200 5465 "https://ajutam.ro/events/list/?tribe-bar-date=2057-02-01&eventDisplay=past" "Mozilla/5.0 (Linux; Android 6.0.1; Nexus 5X Build/MMB29P) AppleWebKit/537.36 (KHTML, like Gecko) Chrome/151.0.7922.173 Mobile Safari/537.36 (compatible; Googlebot/2.1; +http://www.google.com/bot.html)"
66.249.79.200 - - [31/Aug/2026:04:19:44 +0300] "GET /wp-content/plugins/give/assets/dist/js/give.js?ver=2.19.1 HTTP/1.1" 200 5455 "https://ajutam.ro/events/list/?tribe-bar-date=2057-02-01&eventDisplay=past" "Mozilla/5.0 (Linux; Android 6.0.1; Nexus 5X Build/MMB29P) AppleWebKit/537.36 (KHTML, like Gecko) Chrome/151.0.7922.173 Mobile Safari/537.36 (compatible; Googlebot/2.1; +http://www.google.com/bot.html)"
66.249.79.199 - - [31/Aug/2026:04:19:46 +0300] "GET /wp-includes/js/mediaelement/mediaelement-migrate.min.js?ver=6.9.7 HTTP/1.1" 200 5464 "https://ajutam.ro/events/list/?tribe-bar-date=2057-02-01&eventDisplay=past" "Mozilla/5.0 (Linux; Android 6.0.1; Nexus 5X Build/MMB29P) AppleWebKit/537.36 (KHTML, like Gecko) Chrome/151.0.7922.173 Mobile Safari/537.36 (compatible; Googlebot/2.1; +http://www.google.com/bot.html)"
66.249.79.199 - - [31/Aug/2026:04:19:46 +0300] "POST /?wc-ajax=get_refreshed_fragments HTTP/1.1" 200 6176 "https://ajutam.ro/events/list/?tribe-bar-date=2057-02-01&eventDisplay=past" "Mozilla/5.0 (Linux; Android 6.0.1; Nexus 5X Build/MMB29P) AppleWebKit/537.36 (KHTML, like Gecko) Chrome/151.0.7922.173 Mobile Safari/537.36 (compatible; Googlebot/2.1; +http://www.google.com/bot.html)"
83.99.206.118 - - [31/Aug/2026:04:19:52 +0300] "GET /events/list/?tribe-bar-date=2026-07-21 HTTP/1.1" 200 97640 "-" "Mozilla/5.0 (X11; Linux x86_64) AppleWebKit/537.36 (KHTML, like Gecko; GeedoShopProductFinder) Chrome/142.0.0.0 Safari/537.36"
83.99.206.111 - - [31/Aug/2026:04:20:12 +0300] "GET /events/2027-05-31/ HTTP/1.1" 200 95009 "-" "Mozilla/5.0 (X11; Linux x86_64) AppleWebKit/537.36 (KHTML, like Gecko; GeedoShopProductFinder) Chrome/142.0.0.0 Safari/537.36"
45.78.195.95 - - [31/Aug/2026:04:21:33 +0300] "GET /wp-content/uploads/2016/09/image-16-770x434.jpg HTTP/1.1" 200 5444 "-" "Mozilla/5.0 (Macintosh; Intel Mac OS X 10_15_7) AppleWebKit/537.36 (KHTML, like Gecko) Chrome/150.0.0.0 Safari/537.36"
89.39.7.190 - - [31/Aug/2026:04:22:15 +0300] "POST /wp-cron.php?doing_wp_cron=1788139335.0711829662322998046875 HTTP/1.1" 200 5455 "-" "WordPress/6.9.7; https://ajutam.ro"
83.99.206.88 - - [31/Aug/2026:04:22:14 +0300] "GET /events/2026-02-23/ HTTP/1.1" 200 95026 "-" "Mozilla/5.0 (X11; Linux x86_64) AppleWebKit/537.36 (KHTML, like Gecko; GeedoShopProductFinder) Chrome/142.0.0.0 Safari/537.36"
89.39.7.190 - - [31/Aug/2026:04:22:35 +0300] "POST /wp-cron.php?doing_wp_cron=1788139355.2507209777832031250000 HTTP/1.1" 200 5455 "-" "WordPress/6.9.7; https://ajutam.ro"
83.99.206.88 - - [31/Aug/2026:04:22:34 +0300] "GET /events/2025-11-30/ HTTP/1.1" 200 95021 "-" "Mozilla/5.0 (X11; Linux x86_64) AppleWebKit/537.36 (KHTML, like Gecko; GeedoShopProductFinder) Chrome/142.0.0.0 Safari/537.36"
83.99.206.88 - - [31/Aug/2026:04:22:54 +0300] "GET /events/2025-10-31/ HTTP/1.1" 200 95014 "-" "Mozilla/5.0 (X11; Linux x86_64) AppleWebKit/537.36 (KHTML, like Gecko; GeedoShopProductFinder) Chrome/142.0.0.0 Safari/537.36"
83.99.206.88 - - [31/Aug/2026:04:23:14 +0300] "GET /events/2027-01-29/ HTTP/1.1" 200 95017 "-" "Mozilla/5.0 (X11; Linux x86_64) AppleWebKit/537.36 (KHTML, like Gecko; GeedoShopProductFinder) Chrome/142.0.0.0 Safari/537.36"
89.39.7.190 - - [31/Aug/2026:04:23:34 +0300] "POST /wp-cron.php?doing_wp_cron=1788139414.8294661045074462890625 HTTP/1.1" 200 5455 "-" "WordPress/6.9.7; https://ajutam.ro"
83.99.206.88 - - [31/Aug/2026:04:23:34 +0300] "GET /events/2026-08-17/ HTTP/1.1" 200 95022 "-" "Mozilla/5.0 (X11; Linux x86_64) AppleWebKit/537.36 (KHTML, like Gecko; GeedoShopProductFinder) Chrome/142.0.0.0 Safari/537.36"
83.99.206.6 - - [31/Aug/2026:04:23:54 +0300] "GET /events/list/?tribe-bar-date=2026-06-15 HTTP/1.1" 200 97633 "-" "Mozilla/5.0 (X11; Linux x86_64) AppleWebKit/537.36 (KHTML, like Gecko; GeedoShopProductFinder) Chrome/142.0.0.0 Safari/537.36"
89.39.7.190 - - [31/Aug/2026:04:25:53 +0300] "POST /wp-cron.php?doing_wp_cron=1788139553.2271230220794677734375 HTTP/1.1" 200 5455 "-" "WordPress/6.9.7; https://ajutam.ro"
83.99.206.56 - - [31/Aug/2026:04:25:52 +0300] "GET /events/list/?tribe-bar-date=2027-04-30&eventDisplay=past HTTP/1.1" 200 125709 "-" "Mozilla/5.0 (X11; Linux x86_64) AppleWebKit/537.36 (KHTML, like Gecko; GeedoShopProductFinder) Chrome/142.0.0.0 Safari/537.36"
83.99.206.39 - - [31/Aug/2026:04:26:12 +0300] "GET /events/list/?tribe-bar-date=2025-10-01 HTTP/1.1" 200 97665 "-" "Mozilla/5.0 (X11; Linux x86_64) AppleWebKit/537.36 (KHTML, like Gecko; GeedoShopProductFinder) Chrome/142.0.0.0 Safari/537.36"
103.119.98.55 - - [31/Aug/2026:04:26:21 +0300] "GET / HTTP/1.1" 200 102576 "-" "Mozilla/5.0 (Windows NT 10.0; Win64; x64) AppleWebKit/537.36 (KHTML, like Gecko) Chrome/128.0.0.0 Safari/537.36"
89.39.7.190 - - [31/Aug/2026:04:26:23 +0300] "POST /wp-cron.php?doing_wp_cron=1788139583.1236879825592041015625 HTTP/1.1" 200 5455 "-" "WordPress/6.9.7; https://ajutam.ro"
103.119.98.55 - - [31/Aug/2026:04:26:22 +0300] "GET /?post_type=give_forms HTTP/1.1" 200 82165 "-" "Mozilla/5.0 (Windows NT 10.0; Win64; x64) AppleWebKit/537.36 (KHTML, like Gecko) Chrome/128.0.0.0 Safari/537.36"
103.119.98.55 - - [31/Aug/2026:04:26:23 +0300] "GET /xmlrpc.php HTTP/1.1" 405 5453 "-" "Mozilla/5.0 (Windows NT 10.0; Win64; x64) AppleWebKit/537.36 (KHTML, like Gecko) Chrome/128.0.0.0 Safari/537.36"
103.119.98.55 - - [31/Aug/2026:04:26:24 +0300] "GET /feed/ HTTP/1.1" 200 34118 "-" "Mozilla/5.0 (Windows NT 10.0; Win64; x64) AppleWebKit/537.36 (KHTML, like Gecko) Chrome/128.0.0.0 Safari/537.36"
103.119.98.55 - - [31/Aug/2026:04:26:24 +0300] "GET /comments/feed/ HTTP/1.1" 200 16507 "-" "Mozilla/5.0 (Windows NT 10.0; Win64; x64) AppleWebKit/537.36 (KHTML, like Gecko) Chrome/128.0.0.0 Safari/537.36"
103.119.98.55 - - [31/Aug/2026:04:26:25 +0300] "GET /events/?ical=1 HTTP/1.1" 200 5362 "-" "Mozilla/5.0 (Windows NT 10.0; Win64; x64) AppleWebKit/537.36 (KHTML, like Gecko) Chrome/128.0.0.0 Safari/537.36"
103.119.98.55 - - [31/Aug/2026:04:26:25 +0300] "GET /donations/feed/ HTTP/1.1" 200 10653 "-" "Mozilla/5.0 (Windows NT 10.0; Win64; x64) AppleWebKit/537.36 (KHTML, like Gecko) Chrome/128.0.0.0 Safari/537.36"
103.119.98.55 - - [31/Aug/2026:04:26:26 +0300] "GET /wp-json/ HTTP/1.1" 200 1150767 "-" "Mozilla/5.0 (Windows NT 10.0; Win64; x64) AppleWebKit/537.36 (KHTML, like Gecko) Chrome/128.0.0.0 Safari/537.36"
103.119.98.55 - - [31/Aug/2026:04:26:28 +0300] "GET /xmlrpc.php?rsd HTTP/1.1" 200 6150 "-" "Mozilla/5.0 (Windows NT 10.0; Win64; x64) AppleWebKit/537.36 (KHTML, like Gecko) Chrome/128.0.0.0 Safari/537.36"
103.119.98.55 - - [31/Aug/2026:04:26:29 +0300] "GET /donate/ HTTP/1.1" 404 59106 "-" "Mozilla/5.0 (Windows NT 10.0; Win64; x64) AppleWebKit/537.36 (KHTML, like Gecko) Chrome/128.0.0.0 Safari/537.36"
103.119.98.55 - - [31/Aug/2026:04:26:29 +0300] "GET /donation/ HTTP/1.1" 301 5567 "-" "Mozilla/5.0 (Windows NT 10.0; Win64; x64) AppleWebKit/537.36 (KHTML, like Gecko) Chrome/128.0.0.0 Safari/537.36"
103.119.98.55 - - [31/Aug/2026:04:26:30 +0300] "GET /donation-confirmation/ HTTP/1.1" 200 66979 "-" "Mozilla/5.0 (Windows NT 10.0; Win64; x64) AppleWebKit/537.36 (KHTML, like Gecko) Chrome/128.0.0.0 Safari/537.36"
103.119.98.55 - - [31/Aug/2026:04:26:31 +0300] "GET /wp-json/oembed/1.0/embed?url=https%3A%2F%2Fajutam.ro%2Fdonation-confirmation%2F HTTP/1.1" 200 7914 "-" "Mozilla/5.0 (Windows NT 10.0; Win64; x64) AppleWebKit/537.36 (KHTML, like Gecko) Chrome/128.0.0.0 Safari/537.36"
103.119.98.55 - - [31/Aug/2026:04:26:31 +0300] "GET /wp-json/oembed/1.0/embed?url=https%3A%2F%2Fajutam.ro%2Fdonation-confirmation%2F& HTTP/1.1" 200 7914 "-" "Mozilla/5.0 (Windows NT 10.0; Win64; x64) AppleWebKit/537.36 (KHTML, like Gecko) Chrome/128.0.0.0 Safari/537.36"
103.119.98.55 - - [31/Aug/2026:04:26:32 +0300] "GET /donations/ HTTP/1.1" 200 82172 "-" "Mozilla/5.0 (Windows NT 10.0; Win64; x64) AppleWebKit/537.36 (KHTML, like Gecko) Chrome/128.0.0.0 Safari/537.36"
83.99.206.56 - - [31/Aug/2026:04:26:32 +0300] "GET /events/list/?tribe-bar-date=2026-01-31 HTTP/1.1" 200 97647 "-" "Mozilla/5.0 (X11; Linux x86_64) AppleWebKit/537.36 (KHTML, like Gecko; GeedoShopProductFinder) Chrome/142.0.0.0 Safari/537.36"
103.119.98.55 - - [31/Aug/2026:04:26:33 +0300] "GET /donations/feed/ HTTP/1.1" 200 10653 "-" "Mozilla/5.0 (Windows NT 10.0; Win64; x64) AppleWebKit/537.36 (KHTML, like Gecko) Chrome/128.0.0.0 Safari/537.36"
103.119.98.55 - - [31/Aug/2026:04:26:34 +0300] "GET /donations/donation-form/ HTTP/1.1" 404 59106 "-" "Mozilla/5.0 (Windows NT 10.0; Win64; x64) AppleWebKit/537.36 (KHTML, like Gecko) Chrome/128.0.0.0 Safari/537.36"
103.119.98.55 - - [31/Aug/2026:04:26:34 +0300] "GET /donations/give/ HTTP/1.1" 404 59106 "-" "Mozilla/5.0 (Windows NT 10.0; Win64; x64) AppleWebKit/537.36 (KHTML, like Gecko) Chrome/128.0.0.0 Safari/537.36"
103.119.98.55 - - [31/Aug/2026:04:26:35 +0300] "GET /give/ HTTP/1.1" 404 59106 "-" "Mozilla/5.0 (Windows NT 10.0; Win64; x64) AppleWebKit/537.36 (KHTML, like Gecko) Chrome/128.0.0.0 Safari/537.36"
103.119.98.55 - - [31/Aug/2026:04:26:36 +0300] "GET /give-now/ HTTP/1.1" 404 59106 "-" "Mozilla/5.0 (Windows NT 10.0; Win64; x64) AppleWebKit/537.36 (KHTML, like Gecko) Chrome/128.0.0.0 Safari/537.36"
103.119.98.55 - - [31/Aug/2026:04:26:37 +0300] "GET /donate-now/ HTTP/1.1" 404 59106 "-" "Mozilla/5.0 (Windows NT 10.0; Win64; x64) AppleWebKit/537.36 (KHTML, like Gecko) Chrome/128.0.0.0 Safari/537.36"
103.119.98.55 - - [31/Aug/2026:04:26:38 +0300] "GET /support-us/ HTTP/1.1" 404 59106 "-" "Mozilla/5.0 (Windows NT 10.0; Win64; x64) AppleWebKit/537.36 (KHTML, like Gecko) Chrome/128.0.0.0 Safari/537.36"
103.119.98.55 - - [31/Aug/2026:04:26:39 +0300] "GET /contribute/ HTTP/1.1" 404 59106 "-" "Mozilla/5.0 (Windows NT 10.0; Win64; x64) AppleWebKit/537.36 (KHTML, like Gecko) Chrome/128.0.0.0 Safari/537.36"
103.119.98.55 - - [31/Aug/2026:04:26:39 +0300] "GET /fundraiser/ HTTP/1.1" 404 59106 "-" "Mozilla/5.0 (Windows NT 10.0; Win64; x64) AppleWebKit/537.36 (KHTML, like Gecko) Chrome/128.0.0.0 Safari/537.36"
103.119.98.55 - - [31/Aug/2026:04:26:40 +0300] "GET /help-us/ HTTP/1.1" 404 59106 "-" "Mozilla/5.0 (Windows NT 10.0; Win64; x64) AppleWebKit/537.36 (KHTML, like Gecko) Chrome/128.0.0.0 Safari/537.36"
103.119.98.55 - - [31/Aug/2026:04:26:41 +0300] "GET /make-a-donation/ HTTP/1.1" 404 59106 "-" "Mozilla/5.0 (Windows NT 10.0; Win64; x64) AppleWebKit/537.36 (KHTML, like Gecko) Chrome/128.0.0.0 Safari/537.36"
103.119.98.55 - - [31/Aug/2026:04:26:42 +0300] "GET /support/ HTTP/1.1" 404 59106 "-" "Mozilla/5.0 (Windows NT 10.0; Win64; x64) AppleWebKit/537.36 (KHTML, like Gecko) Chrome/128.0.0.0 Safari/537.36"
103.119.98.55 - - [31/Aug/2026:04:26:43 +0300] "GET /spenden/ HTTP/1.1" 404 59106 "-" "Mozilla/5.0 (Windows NT 10.0; Win64; x64) AppleWebKit/537.36 (KHTML, like Gecko) Chrome/128.0.0.0 Safari/537.36"
103.119.98.55 - - [31/Aug/2026:04:26:43 +0300] "GET /donar/ HTTP/1.1" 404 59106 "-" "Mozilla/5.0 (Windows NT 10.0; Win64; x64) AppleWebKit/537.36 (KHTML, like Gecko) Chrome/128.0.0.0 Safari/537.36"
103.119.98.55 - - [31/Aug/2026:04:26:44 +0300] "GET /faire-un-don/ HTTP/1.1" 404 59106 "-" "Mozilla/5.0 (Windows NT 10.0; Win64; x64) AppleWebKit/537.36 (KHTML, like Gecko) Chrome/128.0.0.0 Safari/537.36"
103.119.98.55 - - [31/Aug/2026:04:26:45 +0300] "GET /donor-wall/ HTTP/1.1" 404 59106 "-" "Mozilla/5.0 (Windows NT 10.0; Win64; x64) AppleWebKit/537.36 (KHTML, like Gecko) Chrome/128.0.0.0 Safari/537.36"
103.119.98.55 - - [31/Aug/2026:04:26:46 +0300] "GET /our-donors/ HTTP/1.1" 404 59106 "-" "Mozilla/5.0 (Windows NT 10.0; Win64; x64) AppleWebKit/537.36 (KHTML, like Gecko) Chrome/128.0.0.0 Safari/537.36"
103.119.98.55 - - [31/Aug/2026:04:26:47 +0300] "GET /givers/ HTTP/1.1" 404 59106 "-" "Mozilla/5.0 (Windows NT 10.0; Win64; x64) AppleWebKit/537.36 (KHTML, like Gecko) Chrome/128.0.0.0 Safari/537.36"
103.119.98.55 - - [31/Aug/2026:04:26:47 +0300] "GET /campaign/ HTTP/1.1" 404 59106 "-" "Mozilla/5.0 (Windows NT 10.0; Win64; x64) AppleWebKit/537.36 (KHTML, like Gecko) Chrome/128.0.0.0 Safari/537.36"
103.119.98.55 - - [31/Aug/2026:04:26:48 +0300] "GET /fundraise/ HTTP/1.1" 404 59106 "-" "Mozilla/5.0 (Windows NT 10.0; Win64; x64) AppleWebKit/537.36 (KHTML, like Gecko) Chrome/128.0.0.0 Safari/537.36"
103.119.98.55 - - [31/Aug/2026:04:26:49 +0300] "GET /pledge/ HTTP/1.1" 404 59106 "-" "Mozilla/5.0 (Windows NT 10.0; Win64; x64) AppleWebKit/537.36 (KHTML, like Gecko) Chrome/128.0.0.0 Safari/537.36"
103.119.98.55 - - [31/Aug/2026:04:26:50 +0300] "GET /gift/ HTTP/1.1" 404 59106 "-" "Mozilla/5.0 (Windows NT 10.0; Win64; x64) AppleWebKit/537.36 (KHTML, like Gecko) Chrome/128.0.0.0 Safari/537.36"
103.119.98.55 - - [31/Aug/2026:04:26:51 +0300] "GET /charity/ HTTP/1.1" 404 59106 "-" "Mozilla/5.0 (Windows NT 10.0; Win64; x64) AppleWebKit/537.36 (KHTML, like Gecko) Chrome/128.0.0.0 Safari/537.36"
103.119.98.55 - - [31/Aug/2026:04:26:51 +0300] "GET /fund/ HTTP/1.1" 404 59106 "-" "Mozilla/5.0 (Windows NT 10.0; Win64; x64) AppleWebKit/537.36 (KHTML, like Gecko) Chrome/128.0.0.0 Safari/537.36"
83.99.206.56 - - [31/Aug/2026:04:26:52 +0300] "GET /events/list/?tribe-bar-date=2026-08-19 HTTP/1.1" 200 97641 "-" "Mozilla/5.0 (X11; Linux x86_64) AppleWebKit/537.36 (KHTML, like Gecko; GeedoShopProductFinder) Chrome/142.0.0.0 Safari/537.36"
103.119.98.55 - - [31/Aug/2026:04:26:52 +0300] "GET /giving/ HTTP/1.1" 404 59106 "-" "Mozilla/5.0 (Windows NT 10.0; Win64; x64) AppleWebKit/537.36 (KHTML, like Gecko) Chrome/128.0.0.0 Safari/537.36"
103.119.98.55 - - [31/Aug/2026:04:26:53 +0300] "GET /support-our-work/ HTTP/1.1" 404 59106 "-" "Mozilla/5.0 (Windows NT 10.0; Win64; x64) AppleWebKit/537.36 (KHTML, like Gecko) Chrome/128.0.0.0 Safari/537.36"
103.119.98.55 - - [31/Aug/2026:04:26:54 +0300] "GET /get-involved/ HTTP/1.1" 404 59106 "-" "Mozilla/5.0 (Windows NT 10.0; Win64; x64) AppleWebKit/537.36 (KHTML, like Gecko) Chrome/128.0.0.0 Safari/537.36"
103.119.98.55 - - [31/Aug/2026:04:26:54 +0300] "GET /take-action/ HTTP/1.1" 404 59106 "-" "Mozilla/5.0 (Windows NT 10.0; Win64; x64) AppleWebKit/537.36 (KHTML, like Gecko) Chrome/128.0.0.0 Safari/537.36"
103.119.98.55 - - [31/Aug/2026:04:26:55 +0300] "GET /wp-json/wp/v2/give_forms?per_page=15 HTTP/1.1" 200 15838 "-" "Mozilla/5.0 (Windows NT 10.0; Win64; x64) AppleWebKit/537.36 (KHTML, like Gecko) Chrome/128.0.0.0 Safari/537.36"
103.119.98.55 - - [31/Aug/2026:04:26:56 +0300] "GET /donations/clean-water-for-people/ HTTP/1.1" 200 77195 "-" "Mozilla/5.0 (Windows NT 10.0; Win64; x64) AppleWebKit/537.36 (KHTML, like Gecko) Chrome/128.0.0.0 Safari/537.36"
103.119.98.55 - - [31/Aug/2026:04:26:57 +0300] "POST /wp-admin/admin-ajax.php HTTP/1.1" 200 5785 "-" "Mozilla/5.0 (Windows NT 10.0; Win64; x64) AppleWebKit/537.36 (KHTML, like Gecko) Chrome/128.0.0.0 Safari/537.36"
103.119.98.55 - - [31/Aug/2026:04:26:58 +0300] "GET /donations/clean-water-for-people/ HTTP/1.1" 200 77195 "-" "Mozilla/5.0 (Windows NT 10.0; Win64; x64) AppleWebKit/537.36 (KHTML, like Gecko) Chrome/128.0.0.0 Safari/537.36"
103.119.98.55 - - [31/Aug/2026:04:26:59 +0300] "POST / HTTP/1.1" 200 6066 "-" "Mozilla/5.0 (Windows NT 10.0; Win64; x64) AppleWebKit/537.36 (KHTML, like Gecko) Chrome/128.0.0.0 Safari/537.36"
103.119.98.55 - - [31/Aug/2026:04:27:00 +0300] "GET /wp-admin/profile.php HTTP/1.1" 302 5544 "-" "Mozilla/5.0 (Windows NT 10.0; Win64; x64) AppleWebKit/537.36 (KHTML, like Gecko) Chrome/128.0.0.0 Safari/537.36"
103.119.98.55 - - [31/Aug/2026:04:27:00 +0300] "GET /my-account/ HTTP/1.1" 200 70077 "-" "Mozilla/5.0 (Windows NT 10.0; Win64; x64) AppleWebKit/537.36 (KHTML, like Gecko) Chrome/128.0.0.0 Safari/537.36"
103.119.98.55 - - [31/Aug/2026:04:27:02 +0300] "GET /wp-admin/profile.php HTTP/1.1" 302 5544 "-" "Mozilla/5.0 (Windows NT 10.0; Win64; x64) AppleWebKit/537.36 (KHTML, like Gecko) Chrome/128.0.0.0 Safari/537.36"
103.119.98.55 - - [31/Aug/2026:04:27:02 +0300] "GET /my-account/ HTTP/1.1" 200 70077 "-" "Mozilla/5.0 (Windows NT 10.0; Win64; x64) AppleWebKit/537.36 (KHTML, like Gecko) Chrome/128.0.0.0 Safari/537.36"
103.119.98.55 - - [31/Aug/2026:04:27:03 +0300] "GET /wp-admin/profile.php HTTP/1.1" 302 5544 "-" "Mozilla/5.0 (Windows NT 10.0; Win64; x64) AppleWebKit/537.36 (KHTML, like Gecko) Chrome/128.0.0.0 Safari/537.36"
103.119.98.55 - - [31/Aug/2026:04:27:04 +0300] "GET /my-account/ HTTP/1.1" 200 70070 "-" "Mozilla/5.0 (Windows NT 10.0; Win64; x64) AppleWebKit/537.36 (KHTML, like Gecko) Chrome/128.0.0.0 Safari/537.36"
103.119.98.55 - - [31/Aug/2026:04:27:05 +0300] "GET /wp-admin/profile.php HTTP/1.1" 302 5544 "-" "Mozilla/5.0 (Windows NT 10.0; Win64; x64) AppleWebKit/537.36 (KHTML, like Gecko) Chrome/128.0.0.0 Safari/537.36"
103.119.98.55 - - [31/Aug/2026:04:27:05 +0300] "GET /my-account/ HTTP/1.1" 200 70077 "-" "Mozilla/5.0 (Windows NT 10.0; Win64; x64) AppleWebKit/537.36 (KHTML, like Gecko) Chrome/128.0.0.0 Safari/537.36"
103.119.98.55 - - [31/Aug/2026:04:27:06 +0300] "GET /wp-admin/profile.php HTTP/1.1" 302 5544 "-" "Mozilla/5.0 (Windows NT 10.0; Win64; x64) AppleWebKit/537.36 (KHTML, like Gecko) Chrome/128.0.0.0 Safari/537.36"
103.119.98.55 - - [31/Aug/2026:04:27:07 +0300] "GET /my-account/ HTTP/1.1" 200 70070 "-" "Mozilla/5.0 (Windows NT 10.0; Win64; x64) AppleWebKit/537.36 (KHTML, like Gecko) Chrome/128.0.0.0 Safari/537.36"
103.119.98.55 - - [31/Aug/2026:04:27:08 +0300] "GET /wp-admin/profile.php HTTP/1.1" 302 5544 "-" "Mozilla/5.0 (Windows NT 10.0; Win64; x64) AppleWebKit/537.36 (KHTML, like Gecko) Chrome/128.0.0.0 Safari/537.36"
103.119.98.55 - - [31/Aug/2026:04:27:09 +0300] "GET /my-account/ HTTP/1.1" 200 70077 "-" "Mozilla/5.0 (Windows NT 10.0; Win64; x64) AppleWebKit/537.36 (KHTML, like Gecko) Chrome/128.0.0.0 Safari/537.36"
83.99.206.56 - - [31/Aug/2026:04:27:12 +0300] "GET /events/2026-05-24/ HTTP/1.1" 200 95016 "-" "Mozilla/5.0 (X11; Linux x86_64) AppleWebKit/537.36 (KHTML, like Gecko; GeedoShopProductFinder) Chrome/142.0.0.0 Safari/537.36"
89.39.7.190 - - [31/Aug/2026:04:27:33 +0300] "POST /wp-cron.php?doing_wp_cron=1788139653.3639419078826904296875 HTTP/1.1" 200 5455 "-" "WordPress/6.9.7; https://ajutam.ro"
83.99.206.254 - - [31/Aug/2026:04:27:32 +0300] "GET /events/2025-09-01/ HTTP/1.1" 200 95024 "-" "Mozilla/5.0 (X11; Linux x86_64) AppleWebKit/537.36 (KHTML, like Gecko; GeedoShopProductFinder) Chrome/142.0.0.0 Safari/537.36"
89.39.7.190 - - [31/Aug/2026:04:29:37 +0300] "POST /wp-cron.php?doing_wp_cron=1788139777.2849140167236328125000 HTTP/1.1" 200 5455 "-" "WordPress/6.9.7; https://ajutam.ro"
83.99.206.54 - - [31/Aug/2026:04:29:36 +0300] "GET /events/list/?tribe-bar-date=2025-10-31 HTTP/1.1" 200 97675 "-" "Mozilla/5.0 (X11; Linux x86_64) AppleWebKit/537.36 (KHTML, like Gecko; GeedoShopProductFinder) Chrome/142.0.0.0 Safari/537.36"
83.99.206.54 - - [31/Aug/2026:04:29:56 +0300] "GET /events/list/?tribe-bar-date=2025-10-01&eventDisplay=past HTTP/1.1" 200 125713 "-" "Mozilla/5.0 (X11; Linux x86_64) AppleWebKit/537.36 (KHTML, like Gecko; GeedoShopProductFinder) Chrome/142.0.0.0 Safari/537.36"
83.99.206.54 - - [31/Aug/2026:04:30:16 +0300] "GET /events/2026-04-21/ HTTP/1.1" 200 95020 "-" "Mozilla/5.0 (X11; Linux x86_64) AppleWebKit/537.36 (KHTML, like Gecko; GeedoShopProductFinder) Chrome/142.0.0.0 Safari/537.36"
89.39.7.190 - - [31/Aug/2026:04:30:37 +0300] "POST /wp-cron.php?doing_wp_cron=1788139837.5211920738220214843750 HTTP/1.1" 200 5455 "-" "WordPress/6.9.7; https://ajutam.ro"
83.99.206.54 - - [31/Aug/2026:04:30:36 +0300] "GET /events/2026-01-27/ HTTP/1.1" 200 95017 "-" "Mozilla/5.0 (X11; Linux x86_64) AppleWebKit/537.36 (KHTML, like Gecko; GeedoShopProductFinder) Chrome/142.0.0.0 Safari/537.36"
83.99.206.119 - - [31/Aug/2026:04:30:56 +0300] "GET /events/list/?tribe-bar-date=2027-02-17 HTTP/1.1" 200 97680 "-" "Mozilla/5.0 (X11; Linux x86_64) AppleWebKit/537.36 (KHTML, like Gecko; GeedoShopProductFinder) Chrome/142.0.0.0 Safari/537.36"
185.191.171.15 - - [31/Aug/2026:04:31:06 +0300] "GET /events/2025-05-17/ HTTP/1.1" 200 95006 "-" "Mozilla/5.0 (compatible; SemrushBot/7~bl; +http://www.semrush.com/bot.html)"
83.99.206.54 - - [31/Aug/2026:04:31:16 +0300] "GET /events/list/?tribe-bar-date=2026-05-24 HTTP/1.1" 200 97629 "-" "Mozilla/5.0 (X11; Linux x86_64) AppleWebKit/537.36 (KHTML, like Gecko; GeedoShopProductFinder) Chrome/142.0.0.0 Safari/537.36"
89.39.7.190 - - [31/Aug/2026:04:32:01 +0300] "POST /wp-cron.php?doing_wp_cron=1788139921.1055700778961181640625 HTTP/1.1" 200 5455 "-" "WordPress/6.9.7; https://ajutam.ro"
207.154.219.81 - - [31/Aug/2026:04:32:00 +0300] "GET /wp-login.php HTTP/1.1" 200 12404 "-" "Mozilla/5.0"
207.154.219.81 - - [31/Aug/2026:04:32:01 +0300] "GET /?author=1 HTTP/1.1" 301 5446 "-" "Mozilla/5.0"
207.154.219.81 - - [31/Aug/2026:04:32:01 +0300] "GET /?author=2 HTTP/1.1" 404 59096 "-" "Mozilla/5.0"
89.39.7.190 - - [31/Aug/2026:04:32:23 +0300] "POST /wp-cron.php?doing_wp_cron=1788139943.1905410289764404296875 HTTP/1.1" 200 5455 "-" "WordPress/6.9.7; https://ajutam.ro"
185.191.171.14 - - [31/Aug/2026:04:32:22 +0300] "GET /events/2024-10-11/ HTTP/1.1" 200 95016 "-" "Mozilla/5.0 (compatible; SemrushBot/7~bl; +http://www.semrush.com/bot.html)"
83.99.206.195 - - [31/Aug/2026:04:33:12 +0300] "GET /events/list/?tribe-bar-date=2027-02-24&eventDisplay=past HTTP/1.1" 200 125758 "-" "Mozilla/5.0 (X11; Linux x86_64) AppleWebKit/537.36 (KHTML, like Gecko; GeedoShopProductFinder) Chrome/142.0.0.0 Safari/537.36"
89.39.7.190 - - [31/Aug/2026:04:33:33 +0300] "POST /wp-cron.php?doing_wp_cron=1788140012.9225010871887207031250 HTTP/1.1" 200 5455 "-" "WordPress/6.9.7; https://ajutam.ro"
83.99.206.195 - - [31/Aug/2026:04:33:32 +0300] "GET /events/2026-06-14/ HTTP/1.1" 200 95018 "-" "Mozilla/5.0 (X11; Linux x86_64) AppleWebKit/537.36 (KHTML, like Gecko; GeedoShopProductFinder) Chrome/142.0.0.0 Safari/537.36"
83.99.206.0 - - [31/Aug/2026:04:33:52 +0300] "GET /events/list/?tribe-bar-date=2027-02-23&eventDisplay=past HTTP/1.1" 200 125746 "-" "Mozilla/5.0 (X11; Linux x86_64) AppleWebKit/537.36 (KHTML, like Gecko; GeedoShopProductFinder) Chrome/142.0.0.0 Safari/537.36"
83.99.206.195 - - [31/Aug/2026:04:34:12 +0300] "GET /events/2027-06-29/ HTTP/1.1" 200 95018 "-" "Mozilla/5.0 (X11; Linux x86_64) AppleWebKit/537.36 (KHTML, like Gecko; GeedoShopProductFinder) Chrome/142.0.0.0 Safari/537.36"
89.39.7.190 - - [31/Aug/2026:04:34:32 +0300] "POST /wp-cron.php?doing_wp_cron=1788140072.8010289669036865234375 HTTP/1.1" 200 5455 "-" "WordPress/6.9.7; https://ajutam.ro"
83.99.206.195 - - [31/Aug/2026:04:34:32 +0300] "GET /events/list/?tribe-bar-date=2026-03-26 HTTP/1.1" 200 97639 "-" "Mozilla/5.0 (X11; Linux x86_64) AppleWebKit/537.36 (KHTML, like Gecko; GeedoShopProductFinder) Chrome/142.0.0.0 Safari/537.36"
