83.99.206.86 - - [31/Aug/2026:07:50:54 +0300] "GET /events/list/?tribe-bar-date=2026-05-21 HTTP/1.1" 200 97629 "-" "Mozilla/5.0 (X11; Linux x86_64) AppleWebKit/537.36 (KHTML, like Gecko; GeedoShopProductFinder) Chrome/142.0.0.0 Safari/537.36"
216.244.66.248 - - [31/Aug/2026:07:50:56 +0300] "GET /events/2037-09-18/ HTTP/1.1" 200 95018 "-" "Mozilla/5.0 (compatible; DotBot/1.2; +https://opensiteexplorer.org/dotbot; help@moz.com)"
216.244.66.248 - - [31/Aug/2026:07:50:59 +0300] "GET /events/2041-06-01/ HTTP/1.1" 200 94997 "-" "Mozilla/5.0 (compatible; DotBot/1.2; +https://opensiteexplorer.org/dotbot; help@moz.com)"
83.99.206.125 - - [31/Aug/2026:07:51:15 +0300] "GET /events/month/2025-07/ HTTP/1.1" 200 194540 "-" "Mozilla/5.0 (X11; Linux x86_64) AppleWebKit/537.36 (KHTML, like Gecko; GeedoShopProductFinder) Chrome/142.0.0.0 Safari/537.36"
89.39.7.190 - - [31/Aug/2026:07:51:34 +0300] "POST /wp-cron.php?doing_wp_cron=1788151894.7099850177764892578125 HTTP/1.1" 200 5455 "-" "WordPress/6.9.7; https://ajutam.ro"
83.99.206.125 - - [31/Aug/2026:07:51:34 +0300] "GET /events/list/?tribe-bar-date=2027-07-29&eventDisplay=past HTTP/1.1" 200 125721 "-" "Mozilla/5.0 (X11; Linux x86_64) AppleWebKit/537.36 (KHTML, like Gecko; GeedoShopProductFinder) Chrome/142.0.0.0 Safari/537.36"
83.99.206.125 - - [31/Aug/2026:07:51:55 +0300] "GET /events/2027-08-29/ HTTP/1.1" 200 95022 "-" "Mozilla/5.0 (X11; Linux x86_64) AppleWebKit/537.36 (KHTML, like Gecko; GeedoShopProductFinder) Chrome/142.0.0.0 Safari/537.36"
83.99.206.125 - - [31/Aug/2026:07:52:14 +0300] "GET /events/list/?tribe-bar-date=2026-04-16&eventDisplay=past HTTP/1.1" 200 125714 "-" "Mozilla/5.0 (X11; Linux x86_64) AppleWebKit/537.36 (KHTML, like Gecko; GeedoShopProductFinder) Chrome/142.0.0.0 Safari/537.36"
89.39.7.190 - - [31/Aug/2026:07:52:35 +0300] "POST /wp-cron.php?doing_wp_cron=1788151955.6082470417022705078125 HTTP/1.1" 200 5455 "-" "WordPress/6.9.7; https://ajutam.ro"
83.99.206.213 - - [31/Aug/2026:07:52:34 +0300] "GET /events/2027-07-26/ HTTP/1.1" 200 95006 "-" "Mozilla/5.0 (X11; Linux x86_64) AppleWebKit/537.36 (KHTML, like Gecko; GeedoShopProductFinder) Chrome/142.0.0.0 Safari/537.36"
89.39.7.190 - - [31/Aug/2026:07:54:42 +0300] "POST /wp-cron.php?doing_wp_cron=1788152082.1398820877075195312500 HTTP/1.1" 200 5455 "-" "WordPress/6.9.7; https://ajutam.ro"
83.99.206.88 - - [31/Aug/2026:07:54:41 +0300] "GET /events/list/?tribe-bar-date=2026-10-20 HTTP/1.1" 200 97658 "-" "Mozilla/5.0 (X11; Linux x86_64) AppleWebKit/537.36 (KHTML, like Gecko; GeedoShopProductFinder) Chrome/142.0.0.0 Safari/537.36"
83.99.206.88 - - [31/Aug/2026:07:55:01 +0300] "GET /events/list/?tribe-bar-date=2025-11-26&eventDisplay=past HTTP/1.1" 200 125743 "-" "Mozilla/5.0 (X11; Linux x86_64) AppleWebKit/537.36 (KHTML, like Gecko; GeedoShopProductFinder) Chrome/142.0.0.0 Safari/537.36"
83.99.206.88 - - [31/Aug/2026:07:55:22 +0300] "GET /events/2026-06-09/ HTTP/1.1" 200 95007 "-" "Mozilla/5.0 (X11; Linux x86_64) AppleWebKit/537.36 (KHTML, like Gecko; GeedoShopProductFinder) Chrome/142.0.0.0 Safari/537.36"
207.154.219.81 - - [31/Aug/2026:07:55:37 +0300] "POST /wp-login.php HTTP/1.1" 403 6220 "-" "Mozilla/5.0"
89.39.7.190 - - [31/Aug/2026:07:55:40 +0300] "POST /wp-cron.php?doing_wp_cron=1788152140.8499779701232910156250 HTTP/1.1" 200 5455 "-" "WordPress/6.9.7; https://ajutam.ro"
185.191.171.4 - - [31/Aug/2026:07:55:40 +0300] "GET /events/2022-01-14/ HTTP/1.1" 200 95664 "-" "Mozilla/5.0 (compatible; SemrushBot/7~bl; +http://www.semrush.com/bot.html)"
83.99.206.192 - - [31/Aug/2026:07:55:41 +0300] "GET /events/2026-07-16/ HTTP/1.1" 200 95006 "-" "Mozilla/5.0 (X11; Linux x86_64) AppleWebKit/537.36 (KHTML, like Gecko; GeedoShopProductFinder) Chrome/142.0.0.0 Safari/537.36"
83.99.206.88 - - [31/Aug/2026:07:56:01 +0300] "GET /events/list/?tribe-bar-date=2026-02-18&eventDisplay=past HTTP/1.1" 200 125753 "-" "Mozilla/5.0 (X11; Linux x86_64) AppleWebKit/537.36 (KHTML, like Gecko; GeedoShopProductFinder) Chrome/142.0.0.0 Safari/537.36"
83.99.206.88 - - [31/Aug/2026:07:56:21 +0300] "GET /events/list/?tribe-bar-date=2026-04-21&eventDisplay=past HTTP/1.1" 200 125666 "-" "Mozilla/5.0 (X11; Linux x86_64) AppleWebKit/537.36 (KHTML, like Gecko; GeedoShopProductFinder) Chrome/142.0.0.0 Safari/537.36"
138.197.193.77 - - [31/Aug/2026:07:56:36 +0300] "POST /wp-login.php HTTP/1.1" 403 6220 "-" "Mozilla/5.0"
89.39.7.190 - - [31/Aug/2026:07:57:14 +0300] "POST /wp-cron.php?doing_wp_cron=1788152234.9236009120941162109375 HTTP/1.1" 200 5455 "-" "WordPress/6.9.7; https://ajutam.ro"
85.208.96.203 - - [31/Aug/2026:07:57:14 +0300] "GET /events/2023-12-09/ HTTP/1.1" 200 95014 "-" "Mozilla/5.0 (compatible; SemrushBot/7~bl; +http://www.semrush.com/bot.html)"
89.39.7.190 - - [31/Aug/2026:07:58:42 +0300] "POST /wp-cron.php?doing_wp_cron=1788152322.8108520507812500000000 HTTP/1.1" 200 5455 "-" "WordPress/6.9.7; https://ajutam.ro"
83.99.206.186 - - [31/Aug/2026:07:58:41 +0300] "GET /events/2027-03-23/ HTTP/1.1" 200 95020 "-" "Mozilla/5.0 (X11; Linux x86_64) AppleWebKit/537.36 (KHTML, like Gecko; GeedoShopProductFinder) Chrome/142.0.0.0 Safari/537.36"
83.99.206.33 - - [31/Aug/2026:07:59:01 +0300] "GET /events/2027-04-23/ HTTP/1.1" 200 95020 "-" "Mozilla/5.0 (X11; Linux x86_64) AppleWebKit/537.36 (KHTML, like Gecko; GeedoShopProductFinder) Chrome/142.0.0.0 Safari/537.36"
83.99.206.204 - - [31/Aug/2026:07:59:22 +0300] "GET /events/list/?tribe-bar-date=2026-07-16 HTTP/1.1" 200 97640 "-" "Mozilla/5.0 (X11; Linux x86_64) AppleWebKit/537.36 (KHTML, like Gecko; GeedoShopProductFinder) Chrome/142.0.0.0 Safari/537.36"
89.39.7.190 - - [31/Aug/2026:07:59:44 +0300] "POST /wp-cron.php?doing_wp_cron=1788152383.9241011142730712890625 HTTP/1.1" 200 5455 "-" "WordPress/6.9.7; https://ajutam.ro"
83.99.206.20 - - [31/Aug/2026:07:59:43 +0300] "GET /events/list/?tribe-bar-date=2027-02-11 HTTP/1.1" 200 97680 "-" "Mozilla/5.0 (X11; Linux x86_64) AppleWebKit/537.36 (KHTML, like Gecko; GeedoShopProductFinder) Chrome/142.0.0.0 Safari/537.36"
83.99.206.49 - - [31/Aug/2026:08:00:02 +0300] "GET /events/list/?tribe-bar-date=2027-07-27 HTTP/1.1" 200 97657 "-" "Mozilla/5.0 (X11; Linux x86_64) AppleWebKit/537.36 (KHTML, like Gecko; GeedoShopProductFinder) Chrome/142.0.0.0 Safari/537.36"
83.99.206.20 - - [31/Aug/2026:08:00:20 +0300] "GET /events/2026-11-24/ HTTP/1.1" 200 95021 "-" "Mozilla/5.0 (X11; Linux x86_64) AppleWebKit/537.36 (KHTML, like Gecko; GeedoShopProductFinder) Chrome/142.0.0.0 Safari/537.36"
89.39.7.190 - - [31/Aug/2026:08:02:31 +0300] "POST /wp-cron.php?doing_wp_cron=1788152551.3817529678344726562500 HTTP/1.1" 200 5455 "-" "WordPress/6.9.7; https://ajutam.ro"
83.99.206.31 - - [31/Aug/2026:08:02:30 +0300] "GET /events/list/?tribe-bar-date=2026-02-19&eventDisplay=past HTTP/1.1" 200 125743 "-" "Mozilla/5.0 (X11; Linux x86_64) AppleWebKit/537.36 (KHTML, like Gecko; GeedoShopProductFinder) Chrome/142.0.0.0 Safari/537.36"
207.154.219.81 - - [31/Aug/2026:08:02:44 +0300] "POST /wp-login.php HTTP/1.1" 403 6220 "-" "Mozilla/5.0"
47.79.206.17 - - [31/Aug/2026:08:02:49 +0300] "GET /events/list/?tribe-bar-date=2026-08-26 HTTP/1.1" 200 97651 "https://www.google.com/" "Mozilla/5.0 (Linux; Android 10; K) AppleWebKit/537.36 (KHTML, like Gecko) Chrome/133.0.0.0 Mobile Safari/537.36"
83.99.206.31 - - [31/Aug/2026:08:02:51 +0300] "GET /events/list/?tribe-bar-date=2027-02-10 HTTP/1.1" 200 97680 "-" "Mozilla/5.0 (X11; Linux x86_64) AppleWebKit/537.36 (KHTML, like Gecko; GeedoShopProductFinder) Chrome/142.0.0.0 Safari/537.36"
83.99.206.31 - - [31/Aug/2026:08:03:10 +0300] "GET /events/list/?tribe-bar-date=2027-07-26 HTTP/1.1" 200 97664 "-" "Mozilla/5.0 (X11; Linux x86_64) AppleWebKit/537.36 (KHTML, like Gecko; GeedoShopProductFinder) Chrome/142.0.0.0 Safari/537.36"
89.39.7.190 - - [31/Aug/2026:08:03:31 +0300] "POST /wp-cron.php?doing_wp_cron=1788152611.0263650417327880859375 HTTP/1.1" 200 5455 "-" "WordPress/6.9.7; https://ajutam.ro"
83.99.206.31 - - [31/Aug/2026:08:03:30 +0300] "GET /events/list/?tribe-bar-date=2026-02-22&eventDisplay=past HTTP/1.1" 200 125735 "-" "Mozilla/5.0 (X11; Linux x86_64) AppleWebKit/537.36 (KHTML, like Gecko; GeedoShopProductFinder) Chrome/142.0.0.0 Safari/537.36"
83.99.206.254 - - [31/Aug/2026:08:03:50 +0300] "GET /events/2026-04-15/ HTTP/1.1" 200 95020 "-" "Mozilla/5.0 (X11; Linux x86_64) AppleWebKit/537.36 (KHTML, like Gecko; GeedoShopProductFinder) Chrome/142.0.0.0 Safari/537.36"
83.99.206.31 - - [31/Aug/2026:08:04:10 +0300] "GET /events/2025-11-25/ HTTP/1.1" 200 95021 "-" "Mozilla/5.0 (X11; Linux x86_64) AppleWebKit/537.36 (KHTML, like Gecko; GeedoShopProductFinder) Chrome/142.0.0.0 Safari/537.36"
138.197.193.77 - - [31/Aug/2026:08:04:54 +0300] "POST /wp-login.php HTTP/1.1" 403 6220 "-" "Mozilla/5.0"
89.39.7.190 - - [31/Aug/2026:08:05:58 +0300] "POST /wp-cron.php?doing_wp_cron=1788152758.6954491138458251953125 HTTP/1.1" 200 5455 "-" "WordPress/6.9.7; https://ajutam.ro"
47.79.206.17 - - [31/Aug/2026:08:05:58 +0300] "GET /events/list/?tribe-bar-date=2026-10-28 HTTP/1.1" 200 97663 "https://www.google.com/" "Mozilla/5.0 (Linux; Android 10; K) AppleWebKit/537.36 (KHTML, like Gecko) Chrome/131.0.0.0 Mobile Safari/537.36"
89.39.7.190 - - [31/Aug/2026:08:06:13 +0300] "POST /wp-cron.php?doing_wp_cron=1788152773.1434900760650634765625 HTTP/1.1" 200 5455 "-" "WordPress/6.9.7; https://ajutam.ro"
83.99.206.2 - - [31/Aug/2026:08:06:12 +0300] "GET /events/2027-04-22/ HTTP/1.1" 200 95020 "-" "Mozilla/5.0 (X11; Linux x86_64) AppleWebKit/537.36 (KHTML, like Gecko; GeedoShopProductFinder) Chrome/142.0.0.0 Safari/537.36"
89.39.7.190 - - [31/Aug/2026:08:06:34 +0300] "POST /wp-cron.php?doing_wp_cron=1788152794.8631370067596435546875 HTTP/1.1" 200 5455 "-" "WordPress/6.9.7; https://ajutam.ro"
83.99.206.228 - - [31/Aug/2026:08:06:34 +0300] "GET /events/2025-12-27/ HTTP/1.1" 200 95021 "-" "Mozilla/5.0 (X11; Linux x86_64) AppleWebKit/537.36 (KHTML, like Gecko; GeedoShopProductFinder) Chrome/142.0.0.0 Safari/537.36"
83.99.206.228 - - [31/Aug/2026:08:06:53 +0300] "GET /events/list/?tribe-bar-date=2026-07-19&eventDisplay=past HTTP/1.1" 200 125743 "-" "Mozilla/5.0 (X11; Linux x86_64) AppleWebKit/537.36 (KHTML, like Gecko; GeedoShopProductFinder) Chrome/142.0.0.0 Safari/537.36"
83.99.206.228 - - [31/Aug/2026:08:07:12 +0300] "GET /events/2026-07-15/ HTTP/1.1" 200 95018 "-" "Mozilla/5.0 (X11; Linux x86_64) AppleWebKit/537.36 (KHTML, like Gecko; GeedoShopProductFinder) Chrome/142.0.0.0 Safari/537.36"
89.39.7.190 - - [31/Aug/2026:08:07:33 +0300] "POST /wp-cron.php?doing_wp_cron=1788152852.9017069339752197265625 HTTP/1.1" 200 5455 "-" "WordPress/6.9.7; https://ajutam.ro"
83.99.206.228 - - [31/Aug/2026:08:07:32 +0300] "GET /events/list/?tribe-bar-date=2027-05-28&eventDisplay=past HTTP/1.1" 200 125734 "-" "Mozilla/5.0 (X11; Linux x86_64) AppleWebKit/537.36 (KHTML, like Gecko; GeedoShopProductFinder) Chrome/142.0.0.0 Safari/537.36"
83.99.206.228 - - [31/Aug/2026:08:07:52 +0300] "GET /events/2025-11-24/ HTTP/1.1" 200 95021 "-" "Mozilla/5.0 (X11; Linux x86_64) AppleWebKit/537.36 (KHTML, like Gecko; GeedoShopProductFinder) Chrome/142.0.0.0 Safari/537.36"
89.39.7.190 - - [31/Aug/2026:08:09:55 +0300] "POST /wp-cron.php?doing_wp_cron=1788152995.0040459632873535156250 HTTP/1.1" 200 5455 "-" "WordPress/6.9.7; https://ajutam.ro"
83.99.206.195 - - [31/Aug/2026:08:09:54 +0300] "GET /events/2026-03-20/ HTTP/1.1" 200 95020 "-" "Mozilla/5.0 (X11; Linux x86_64) AppleWebKit/537.36 (KHTML, like Gecko; GeedoShopProductFinder) Chrome/142.0.0.0 Safari/537.36"
207.154.219.81 - - [31/Aug/2026:08:09:55 +0300] "POST /wp-login.php HTTP/1.1" 403 6220 "-" "Mozilla/5.0"
83.99.206.1 - - [31/Aug/2026:08:10:14 +0300] "GET /events/list/?tribe-bar-date=2026-09-24&eventDisplay=past HTTP/1.1" 200 125689 "-" "Mozilla/5.0 (X11; Linux x86_64) AppleWebKit/537.36 (KHTML, like Gecko; GeedoShopProductFinder) Chrome/142.0.0.0 Safari/537.36"
47.79.206.217 - - [31/Aug/2026:08:10:16 +0300] "GET /events/list/?eventDisplay=past&ical=1&tribe-bar-date=2027-02-01 HTTP/1.1" 200 17486 "https://www.google.com/" "Mozilla/5.0 (Windows NT 10.0; Win64; x64) AppleWebKit/537.36 (KHTML, like Gecko) Chrome/132.0.0.0 Safari/537.36"
89.39.7.190 - - [31/Aug/2026:08:10:35 +0300] "POST /wp-cron.php?doing_wp_cron=1788153035.2320740222930908203125 HTTP/1.1" 200 5455 "-" "WordPress/6.9.7; https://ajutam.ro"
83.99.206.195 - - [31/Aug/2026:08:10:34 +0300] "GET /events/2027-05-27/ HTTP/1.1" 200 95016 "-" "Mozilla/5.0 (X11; Linux x86_64) AppleWebKit/537.36 (KHTML, like Gecko; GeedoShopProductFinder) Chrome/142.0.0.0 Safari/537.36"
54.166.148.127 - - [31/Aug/2026:08:10:44 +0300] "GET /product/necklace/ HTTP/1.1" 200 97156 "-" "Mozilla/5.0 (Macintosh; Intel Mac OS X 10_15_7) AppleWebKit/605.1.15 (KHTML, like Gecko) Chrome/139.0.0.0 Safari/605.1.15"
83.99.206.195 - - [31/Aug/2026:08:10:54 +0300] "GET /events/list/?tribe-bar-date=2027-04-24&eventDisplay=past HTTP/1.1" 200 125742 "-" "Mozilla/5.0 (X11; Linux x86_64) AppleWebKit/537.36 (KHTML, like Gecko; GeedoShopProductFinder) Chrome/142.0.0.0 Safari/537.36"
83.99.206.195 - - [31/Aug/2026:08:11:14 +0300] "GET /events/list/?tribe-bar-date=2027-11-01 HTTP/1.1" 200 97671 "-" "Mozilla/5.0 (X11; Linux x86_64) AppleWebKit/537.36 (KHTML, like Gecko; GeedoShopProductFinder) Chrome/142.0.0.0 Safari/537.36"
89.39.7.190 - - [31/Aug/2026:08:11:35 +0300] "POST /wp-cron.php?doing_wp_cron=1788153094.9634869098663330078125 HTTP/1.1" 200 5455 "-" "WordPress/6.9.7; https://ajutam.ro"
83.99.206.195 - - [31/Aug/2026:08:11:34 +0300] "GET /events/list/?tribe-bar-date=2027-07-30&eventDisplay=past HTTP/1.1" 200 125744 "-" "Mozilla/5.0 (X11; Linux x86_64) AppleWebKit/537.36 (KHTML, like Gecko; GeedoShopProductFinder) Chrome/142.0.0.0 Safari/537.36"
138.197.193.77 - - [31/Aug/2026:08:13:18 +0300] "POST /wp-login.php HTTP/1.1" 403 6220 "-" "Mozilla/5.0"
89.39.7.190 - - [31/Aug/2026:08:13:41 +0300] "POST /wp-cron.php?doing_wp_cron=1788153221.5431129932403564453125 HTTP/1.1" 200 5455 "-" "WordPress/6.9.7; https://ajutam.ro"
83.99.206.31 - - [31/Aug/2026:08:13:41 +0300] "GET /events/list/?tribe-bar-date=2027-01-26 HTTP/1.1" 200 97662 "-" "Mozilla/5.0 (X11; Linux x86_64) AppleWebKit/537.36 (KHTML, like Gecko; GeedoShopProductFinder) Chrome/142.0.0.0 Safari/537.36"
83.99.206.31 - - [31/Aug/2026:08:14:00 +0300] "GET /events/2025-08-24/ HTTP/1.1" 200 95022 "-" "Mozilla/5.0 (X11; Linux x86_64) AppleWebKit/537.36 (KHTML, like Gecko; GeedoShopProductFinder) Chrome/142.0.0.0 Safari/537.36"
83.99.206.31 - - [31/Aug/2026:08:14:20 +0300] "GET /events/list/?tribe-bar-date=2025-10-28 HTTP/1.1" 200 97675 "-" "Mozilla/5.0 (X11; Linux x86_64) AppleWebKit/537.36 (KHTML, like Gecko; GeedoShopProductFinder) Chrome/142.0.0.0 Safari/537.36"
89.39.7.190 - - [31/Aug/2026:08:14:41 +0300] "POST /wp-cron.php?doing_wp_cron=1788153281.1424860954284667968750 HTTP/1.1" 200 5455 "-" "WordPress/6.9.7; https://ajutam.ro"
83.99.206.254 - - [31/Aug/2026:08:14:40 +0300] "GET /events/2027-04-21/ HTTP/1.1" 200 95020 "-" "Mozilla/5.0 (X11; Linux x86_64) AppleWebKit/537.36 (KHTML, like Gecko; GeedoShopProductFinder) Chrome/142.0.0.0 Safari/537.36"
83.99.206.31 - - [31/Aug/2026:08:15:00 +0300] "GET /events/list/?tribe-bar-date=2027-10-01 HTTP/1.1" 200 97672 "-" "Mozilla/5.0 (X11; Linux x86_64) AppleWebKit/537.36 (KHTML, like Gecko; GeedoShopProductFinder) Chrome/142.0.0.0 Safari/537.36"
54.84.147.79 - - [31/Aug/2026:08:15:04 +0300] "GET /developing-healthy-kids-in-the-developing-world/ HTTP/1.1" 200 84205 "-" "Mozilla/5.0 AppleWebKit/537.36 (KHTML, like Gecko; compatible; Amazonbot/0.1; +https://developer.amazon.com/support/amazonbot) Chrome/119.0.6045.214 Safari/537.36"
83.99.206.46 - - [31/Aug/2026:08:15:21 +0300] "GET /events/2027-02-09/ HTTP/1.1" 200 95022 "-" "Mozilla/5.0 (X11; Linux x86_64) AppleWebKit/537.36 (KHTML, like Gecko; GeedoShopProductFinder) Chrome/142.0.0.0 Safari/537.36"
207.154.219.81 - - [31/Aug/2026:08:16:57 +0300] "POST /wp-login.php HTTP/1.1" 403 6220 "-" "Mozilla/5.0"
89.39.7.190 - - [31/Aug/2026:08:17:24 +0300] "POST /wp-cron.php?doing_wp_cron=1788153444.1553089618682861328125 HTTP/1.1" 200 5455 "-" "WordPress/6.9.7; https://ajutam.ro"
83.99.206.228 - - [31/Aug/2026:08:17:23 +0300] "GET /events/list/?tribe-bar-date=2027-01-26&eventDisplay=past HTTP/1.1" 200 125742 "-" "Mozilla/5.0 (X11; Linux x86_64) AppleWebKit/537.36 (KHTML, like Gecko; GeedoShopProductFinder) Chrome/142.0.0.0 Safari/537.36"
83.99.206.228 - - [31/Aug/2026:08:17:43 +0300] "GET /events/2026-11-23/ HTTP/1.1" 200 95021 "-" "Mozilla/5.0 (X11; Linux x86_64) AppleWebKit/537.36 (KHTML, like Gecko; GeedoShopProductFinder) Chrome/142.0.0.0 Safari/537.36"
83.99.206.228 - - [31/Aug/2026:08:18:03 +0300] "GET /events/list/?tribe-bar-date=2027-06-24&eventDisplay=past HTTP/1.1" 200 125729 "-" "Mozilla/5.0 (X11; Linux x86_64) AppleWebKit/537.36 (KHTML, like Gecko; GeedoShopProductFinder) Chrome/142.0.0.0 Safari/537.36"
89.39.7.190 - - [31/Aug/2026:08:18:24 +0300] "POST /wp-cron.php?doing_wp_cron=1788153504.3364629745483398437500 HTTP/1.1" 200 5455 "-" "WordPress/6.9.7; https://ajutam.ro"
83.99.206.228 - - [31/Aug/2026:08:18:23 +0300] "GET /events/2026-07-14/ HTTP/1.1" 200 95018 "-" "Mozilla/5.0 (X11; Linux x86_64) AppleWebKit/537.36 (KHTML, like Gecko; GeedoShopProductFinder) Chrome/142.0.0.0 Safari/537.36"
83.99.206.228 - - [31/Aug/2026:08:18:43 +0300] "GET /events/list/?tribe-bar-date=2026-08-11 HTTP/1.1" 200 97648 "-" "Mozilla/5.0 (X11; Linux x86_64) AppleWebKit/537.36 (KHTML, like Gecko; GeedoShopProductFinder) Chrome/142.0.0.0 Safari/537.36"
83.99.206.228 - - [31/Aug/2026:08:19:03 +0300] "GET /events/list/?tribe-bar-date=2027-07-31&eventDisplay=past HTTP/1.1" 200 125742 "-" "Mozilla/5.0 (X11; Linux x86_64) AppleWebKit/537.36 (KHTML, like Gecko; GeedoShopProductFinder) Chrome/142.0.0.0 Safari/537.36"
54.165.218.206 - - [31/Aug/2026:08:19:14 +0300] "GET / HTTP/1.1" 200 102572 "-" "Mozilla/5.0 (Windows NT 10.0; Win64; x64) AppleWebKit/537.36 (KHTML, like Gecko) Chrome/80.0.3987.149 Safari/537.36"
54.165.218.206 - - [31/Aug/2026:08:19:15 +0300] "GET //wp-includes/wlwmanifest.xml HTTP/1.1" 301 5572 "-" "Mozilla/5.0 (Windows NT 10.0; Win64; x64) AppleWebKit/537.36 (KHTML, like Gecko) Chrome/80.0.3987.149 Safari/537.36"
54.165.218.206 - - [31/Aug/2026:08:19:15 +0300] "GET //xmlrpc.php?rsd HTTP/1.1" 200 6150 "-" "Mozilla/5.0 (Windows NT 10.0; Win64; x64) AppleWebKit/537.36 (KHTML, like Gecko) Chrome/80.0.3987.149 Safari/537.36"
54.165.218.206 - - [31/Aug/2026:08:19:16 +0300] "GET //?author=1 HTTP/1.1" 301 5446 "-" "Mozilla/5.0 (Windows NT 10.0; Win64; x64) AppleWebKit/537.36 (KHTML, like Gecko) Chrome/80.0.3987.149 Safari/537.36"
54.165.218.206 - - [31/Aug/2026:08:19:16 +0300] "GET //?author=2 HTTP/1.1" 301 5554 "-" "Mozilla/5.0 (Windows NT 10.0; Win64; x64) AppleWebKit/537.36 (KHTML, like Gecko) Chrome/80.0.3987.149 Safari/537.36"
54.165.218.206 - - [31/Aug/2026:08:19:17 +0300] "GET //wp-json/wp/v2/users/ HTTP/1.1" 200 7076 "-" "Mozilla/5.0 (Windows NT 10.0; Win64; x64) AppleWebKit/537.36 (KHTML, like Gecko) Chrome/80.0.3987.149 Safari/537.36"
54.165.218.206 - - [31/Aug/2026:08:19:18 +0300] "POST //xmlrpc.php HTTP/1.1" 500 6575 "-" "Mozilla/5.0 (Windows NT 10.0; Win64; x64) AppleWebKit/537.36 (KHTML, like Gecko) Chrome/80.0.3987.149 Safari/537.36"
89.39.7.190 - - [31/Aug/2026:08:21:12 +0300] "POST /wp-cron.php?doing_wp_cron=1788153672.8164169788360595703125 HTTP/1.1" 200 5455 "-" "WordPress/6.9.7; https://ajutam.ro"
83.99.206.10 - - [31/Aug/2026:08:21:12 +0300] "GET /events/list/?tribe-bar-date=2027-08-29 HTTP/1.1" 200 97672 "-" "Mozilla/5.0 (X11; Linux x86_64) AppleWebKit/537.36 (KHTML, like Gecko; GeedoShopProductFinder) Chrome/142.0.0.0 Safari/537.36"
89.39.7.190 - - [31/Aug/2026:08:21:33 +0300] "POST /wp-cron.php?doing_wp_cron=1788153693.0213840007781982421875 HTTP/1.1" 200 5455 "-" "WordPress/6.9.7; https://ajutam.ro"
83.99.206.114 - - [31/Aug/2026:08:21:32 +0300] "GET /events/2027-07-25/ HTTP/1.1" 200 95006 "-" "Mozilla/5.0 (X11; Linux x86_64) AppleWebKit/537.36 (KHTML, like Gecko; GeedoShopProductFinder) Chrome/142.0.0.0 Safari/537.36"
138.197.193.77 - - [31/Aug/2026:08:21:46 +0300] "POST /wp-login.php HTTP/1.1" 403 6220 "-" "Mozilla/5.0"
83.99.206.10 - - [31/Aug/2026:08:21:52 +0300] "GET /events/list/?tribe-bar-date=2026-12-19 HTTP/1.1" 200 97662 "-" "Mozilla/5.0 (X11; Linux x86_64) AppleWebKit/537.36 (KHTML, like Gecko; GeedoShopProductFinder) Chrome/142.0.0.0 Safari/537.36"
83.99.206.10 - - [31/Aug/2026:08:22:12 +0300] "GET /events/2027-06-23/ HTTP/1.1" 200 95018 "-" "Mozilla/5.0 (X11; Linux x86_64) AppleWebKit/537.36 (KHTML, like Gecko; GeedoShopProductFinder) Chrome/142.0.0.0 Safari/537.36"
89.39.7.190 - - [31/Aug/2026:08:23:09 +0300] "POST /wp-cron.php?doing_wp_cron=1788153789.0428569316864013671875 HTTP/1.1" 200 5455 "-" "WordPress/6.9.7; https://ajutam.ro"
83.99.206.10 - - [31/Aug/2026:08:23:08 +0300] "GET /events/list/?tribe-bar-date=2026-03-21 HTTP/1.1" 200 97637 "-" "Mozilla/5.0 (X11; Linux x86_64) AppleWebKit/537.36 (KHTML, like Gecko; GeedoShopProductFinder) Chrome/142.0.0.0 Safari/537.36"
83.99.206.10 - - [31/Aug/2026:08:23:11 +0300] "GET /events/list/?tribe-bar-date=2027-08-30 HTTP/1.1" 200 97672 "-" "Mozilla/5.0 (X11; Linux x86_64) AppleWebKit/537.36 (KHTML, like Gecko; GeedoShopProductFinder) Chrome/142.0.0.0 Safari/537.36"
89.39.7.190 - - [31/Aug/2026:08:23:32 +0300] "POST /wp-cron.php?doing_wp_cron=1788153812.1265330314636230468750 HTTP/1.1" 200 5455 "-" "WordPress/6.9.7; https://ajutam.ro"
85.208.96.202 - - [31/Aug/2026:08:23:31 +0300] "GET /robots.txt HTTP/1.1" 200 5675 "-" "Mozilla/5.0 (compatible; SemrushBot/7~bl; +http://www.semrush.com/bot.html)"
85.208.96.209 - - [31/Aug/2026:08:23:33 +0300] "GET /events/2025-12-20/ HTTP/1.1" 200 95006 "-" "Mozilla/5.0 (compatible; SemrushBot/7~bl; +http://www.semrush.com/bot.html)"
207.154.219.81 - - [31/Aug/2026:08:24:08 +0300] "POST /wp-login.php HTTP/1.1" 403 6220 "-" "Mozilla/5.0"
89.39.7.190 - - [31/Aug/2026:08:24:35 +0300] "POST /wp-cron.php?doing_wp_cron=1788153875.8187229633331298828125 HTTP/1.1" 200 5455 "-" "WordPress/6.9.7; https://ajutam.ro"
185.191.171.2 - - [31/Aug/2026:08:24:35 +0300] "GET /all-posts/ HTTP/1.1" 200 89393 "-" "Mozilla/5.0 (compatible; SemrushBot/7~bl; +http://www.semrush.com/bot.html)"
89.39.7.190 - - [31/Aug/2026:08:27:32 +0300] "POST /wp-cron.php?doing_wp_cron=1788154052.2721428871154785156250 HTTP/1.1" 200 5455 "-" "WordPress/6.9.7; https://ajutam.ro"
83.99.206.31 - - [31/Aug/2026:08:27:31 +0300] "GET /events/list/?tribe-bar-date=2026-10-20&eventDisplay=past HTTP/1.1" 200 125735 "-" "Mozilla/5.0 (X11; Linux x86_64) AppleWebKit/537.36 (KHTML, like Gecko; GeedoShopProductFinder) Chrome/142.0.0.0 Safari/537.36"
83.99.206.31 - - [31/Aug/2026:08:27:32 +0300] "GET /events/list/?tribe-bar-date=2026-07-16&eventDisplay=past HTTP/1.1" 200 125767 "-" "Mozilla/5.0 (X11; Linux x86_64) AppleWebKit/537.36 (KHTML, like Gecko; GeedoShopProductFinder) Chrome/142.0.0.0 Safari/537.36"
83.99.206.63 - - [31/Aug/2026:08:27:33 +0300] "GET /events/list/?tribe-bar-date=2027-08-30&eventDisplay=past HTTP/1.1" 200 125750 "-" "Mozilla/5.0 (X11; Linux x86_64) AppleWebKit/537.36 (KHTML, like Gecko; GeedoShopProductFinder) Chrome/142.0.0.0 Safari/537.36"
83.99.206.31 - - [31/Aug/2026:08:27:34 +0300] "GET /events/list/?tribe-bar-date=2025-11-25 HTTP/1.1" 200 97679 "-" "Mozilla/5.0 (X11; Linux x86_64) AppleWebKit/537.36 (KHTML, like Gecko; GeedoShopProductFinder) Chrome/142.0.0.0 Safari/537.36"
83.99.206.250 - - [31/Aug/2026:08:27:35 +0300] "GET /events/2027-02-08/ HTTP/1.1" 200 95015 "-" "Mozilla/5.0 (X11; Linux x86_64) AppleWebKit/537.36 (KHTML, like Gecko; GeedoShopProductFinder) Chrome/142.0.0.0 Safari/537.36"
83.99.206.31 - - [31/Aug/2026:08:27:36 +0300] "GET /events/list/?tribe-bar-date=2027-08-29&eventDisplay=past HTTP/1.1" 200 125740 "-" "Mozilla/5.0 (X11; Linux x86_64) AppleWebKit/537.36 (KHTML, like Gecko; GeedoShopProductFinder) Chrome/142.0.0.0 Safari/537.36"
89.39.7.190 - - [31/Aug/2026:08:29:50 +0300] "POST /wp-cron.php?doing_wp_cron=1788154189.9737379550933837890625 HTTP/1.1" 200 5455 "-" "WordPress/6.9.7; https://ajutam.ro"
83.99.206.228 - - [31/Aug/2026:08:29:49 +0300] "GET /events/list/?tribe-bar-date=2026-04-19&eventDisplay=past HTTP/1.1" 200 125744 "-" "Mozilla/5.0 (X11; Linux x86_64) AppleWebKit/537.36 (KHTML, like Gecko; GeedoShopProductFinder) Chrome/142.0.0.0 Safari/537.36"
89.39.7.190 - - [31/Aug/2026:08:30:10 +0300] "POST /wp-cron.php?doing_wp_cron=1788154210.0472869873046875000000 HTTP/1.1" 200 5455 "-" "WordPress/6.9.7; https://ajutam.ro"
83.99.206.228 - - [31/Aug/2026:08:30:09 +0300] "GET /events/list/?tribe-bar-date=2025-11-25&eventDisplay=past HTTP/1.1" 200 125758 "-" "Mozilla/5.0 (X11; Linux x86_64) AppleWebKit/537.36 (KHTML, like Gecko; GeedoShopProductFinder) Chrome/142.0.0.0 Safari/537.36"
138.197.193.77 - - [31/Aug/2026:08:30:13 +0300] "POST /wp-login.php HTTP/1.1" 403 6220 "-" "Mozilla/5.0"
89.39.7.190 - - [31/Aug/2026:08:30:30 +0300] "POST /wp-cron.php?doing_wp_cron=1788154229.9594929218292236328125 HTTP/1.1" 200 5455 "-" "WordPress/6.9.7; https://ajutam.ro"
83.99.206.228 - - [31/Aug/2026:08:30:29 +0300] "GET /events/list/?tribe-bar-date=2027-04-23 HTTP/1.1" 200 97663 "-" "Mozilla/5.0 (X11; Linux x86_64) AppleWebKit/537.36 (KHTML, like Gecko; GeedoShopProductFinder) Chrome/142.0.0.0 Safari/537.36"
83.99.206.228 - - [31/Aug/2026:08:30:49 +0300] "GET /events/2027-05-26/ HTTP/1.1" 200 95016 "-" "Mozilla/5.0 (X11; Linux x86_64) AppleWebKit/537.36 (KHTML, like Gecko; GeedoShopProductFinder) Chrome/142.0.0.0 Safari/537.36"
83.99.206.239 - - [31/Aug/2026:08:31:09 +0300] "GET /events/list/?tribe-bar-date=2027-04-21 HTTP/1.1" 200 97654 "-" "Mozilla/5.0 (X11; Linux x86_64) AppleWebKit/537.36 (KHTML, like Gecko; GeedoShopProductFinder) Chrome/142.0.0.0 Safari/537.36"
207.154.219.81 - - [31/Aug/2026:08:31:27 +0300] "POST /wp-login.php HTTP/1.1" 403 6220 "-" "Mozilla/5.0"
89.39.7.190 - - [31/Aug/2026:08:31:30 +0300] "POST /wp-cron.php?doing_wp_cron=1788154289.9150779247283935546875 HTTP/1.1" 200 5455 "-" "WordPress/6.9.7; https://ajutam.ro"
83.99.206.228 - - [31/Aug/2026:08:31:29 +0300] "GET /events/list/?tribe-bar-date=2026-06-10&eventDisplay=past HTTP/1.1" 200 125697 "-" "Mozilla/5.0 (X11; Linux x86_64) AppleWebKit/537.36 (KHTML, like Gecko; GeedoShopProductFinder) Chrome/142.0.0.0 Safari/537.36"
89.39.7.190 - - [31/Aug/2026:08:32:51 +0300] "POST /wp-cron.php?doing_wp_cron=1788154370.9723770618438720703125 HTTP/1.1" 200 5455 "-" "WordPress/6.9.7; https://ajutam.ro"
216.244.66.248 - - [31/Aug/2026:08:32:50 +0300] "GET /events/2025-03-10/ HTTP/1.1" 200 95010 "-" "Mozilla/5.0 (compatible; DotBot/1.2; +https://opensiteexplorer.org/dotbot; help@moz.com)"
52.5.242.243 - - [31/Aug/2026:08:32:58 +0300] "GET /events/2031-01-03/ HTTP/1.1" 200 95013 "-" "Mozilla/5.0 AppleWebKit/537.36 (KHTML, like Gecko; compatible; Amazonbot/0.1; +https://developer.amazon.com/support/amazonbot) Chrome/119.0.6045.214 Safari/537.36"
216.244.66.248 - - [31/Aug/2026:08:33:02 +0300] "GET /events/2026-09-09/ HTTP/1.1" 200 95014 "-" "Mozilla/5.0 (compatible; DotBot/1.2; +https://opensiteexplorer.org/dotbot; help@moz.com)"
216.244.66.248 - - [31/Aug/2026:08:33:12 +0300] "GET /events/2027-08-24/ HTTP/1.1" 200 95012 "-" "Mozilla/5.0 (compatible; DotBot/1.2; +https://opensiteexplorer.org/dotbot; help@moz.com)"
216.244.66.248 - - [31/Aug/2026:08:33:21 +0300] "GET /events/2033-12-26/ HTTP/1.1" 200 95018 "-" "Mozilla/5.0 (compatible; DotBot/1.2; +https://opensiteexplorer.org/dotbot; help@moz.com)"
89.39.7.190 - - [31/Aug/2026:08:33:30 +0300] "POST /wp-cron.php?doing_wp_cron=1788154409.8801438808441162109375 HTTP/1.1" 200 5455 "-" "WordPress/6.9.7; https://ajutam.ro"
216.244.66.248 - - [31/Aug/2026:08:33:29 +0300] "GET /events/2034-06-09/ HTTP/1.1" 200 95004 "-" "Mozilla/5.0 (compatible; DotBot/1.2; +https://opensiteexplorer.org/dotbot; help@moz.com)"
83.99.206.116 - - [31/Aug/2026:08:33:31 +0300] "GET /events/2027-04-20/ HTTP/1.1" 200 95013 "-" "Mozilla/5.0 (X11; Linux x86_64) AppleWebKit/537.36 (KHTML, like Gecko; GeedoShopProductFinder) Chrome/142.0.0.0 Safari/537.36"
216.244.66.248 - - [31/Aug/2026:08:33:39 +0300] "GET /events/2037-01-30/ HTTP/1.1" 200 95014 "-" "Mozilla/5.0 (compatible; DotBot/1.2; +https://opensiteexplorer.org/dotbot; help@moz.com)"
216.244.66.248 - - [31/Aug/2026:08:33:45 +0300] "GET /events/2039-08-31/ HTTP/1.1" 200 95005 "-" "Mozilla/5.0 (compatible; DotBot/1.2; +https://opensiteexplorer.org/dotbot; help@moz.com)"
83.99.206.116 - - [31/Aug/2026:08:33:51 +0300] "GET /events/list/?tribe-bar-date=2026-12-19&eventDisplay=past HTTP/1.1" 200 125742 "-" "Mozilla/5.0 (X11; Linux x86_64) AppleWebKit/537.36 (KHTML, like Gecko; GeedoShopProductFinder) Chrome/142.0.0.0 Safari/537.36"
83.99.206.16 - - [31/Aug/2026:08:34:11 +0300] "GET /events/list/?tribe-bar-date=2027-10-01&eventDisplay=past HTTP/1.1" 200 125706 "-" "Mozilla/5.0 (X11; Linux x86_64) AppleWebKit/537.36 (KHTML, like Gecko; GeedoShopProductFinder) Chrome/142.0.0.0 Safari/537.36"
89.39.7.190 - - [31/Aug/2026:08:34:32 +0300] "POST /wp-cron.php?doing_wp_cron=1788154472.4804999828338623046875 HTTP/1.1" 200 5455 "-" "WordPress/6.9.7; https://ajutam.ro"
83.99.206.116 - - [31/Aug/2026:08:34:31 +0300] "GET /events/list/?tribe-bar-date=2026-11-23 HTTP/1.1" 200 97662 "-" "Mozilla/5.0 (X11; Linux x86_64) AppleWebKit/537.36 (KHTML, like Gecko; GeedoShopProductFinder) Chrome/142.0.0.0 Safari/537.36"
83.99.206.154 - - [31/Aug/2026:08:34:52 +0300] "GET /events/list/?tribe-bar-date=2025-10-28&eventDisplay=past HTTP/1.1" 200 125716 "-" "Mozilla/5.0 (X11; Linux x86_64) AppleWebKit/537.36 (KHTML, like Gecko; GeedoShopProductFinder) Chrome/142.0.0.0 Safari/537.36"
83.99.206.116 - - [31/Aug/2026:08:35:12 +0300] "GET /events/list/?tribe-bar-date=2025-12-27 HTTP/1.1" 200 97679 "-" "Mozilla/5.0 (X11; Linux x86_64) AppleWebKit/537.36 (KHTML, like Gecko; GeedoShopProductFinder) Chrome/142.0.0.0 Safari/537.36"
89.39.7.190 - - [31/Aug/2026:08:36:34 +0300] "POST /wp-cron.php?doing_wp_cron=1788154594.4745318889617919921875 HTTP/1.1" 200 5455 "-" "WordPress/6.9.7; https://ajutam.ro"
20.75.217.64 - - [31/Aug/2026:08:36:33 +0300] "GET /wp-login.php HTTP/1.1" 200 12404 "-" "Mozilla/5.0 (Windows NT 10.0; Win64; x64) AppleWebKit/537.36 (KHTML, like Gecko) Chrome/151.0.0.0 Safari/537.36"
20.75.217.64 - - [31/Aug/2026:08:36:34 +0300] "POST /wp-login.php HTTP/1.1" 200 12868 "https://ajutam.ro/wp-login.php" "Mozilla/5.0 (Windows NT 10.0; Win64; x64) AppleWebKit/537.36 (KHTML, like Gecko) Chrome/151.0.0.0 Safari/537.36"
83.99.206.68 - - [31/Aug/2026:08:37:09 +0300] "GET /events/list/?tribe-bar-date=2025-11-24 HTTP/1.1" 200 97679 "-" "Mozilla/5.0 (X11; Linux x86_64) AppleWebKit/537.36 (KHTML, like Gecko; GeedoShopProductFinder) Chrome/142.0.0.0 Safari/537.36"
89.39.7.190 - - [31/Aug/2026:08:37:30 +0300] "POST /wp-cron.php?doing_wp_cron=1788154650.2817499637603759765625 HTTP/1.1" 200 5455 "-" "WordPress/6.9.7; https://ajutam.ro"
83.99.206.106 - - [31/Aug/2026:08:37:29 +0300] "GET /events/list/?tribe-bar-date=2025-09-28&eventDisplay=past HTTP/1.1" 200 125742 "-" "Mozilla/5.0 (X11; Linux x86_64) AppleWebKit/537.36 (KHTML, like Gecko; GeedoShopProductFinder) Chrome/142.0.0.0 Safari/537.36"
83.99.206.186 - - [31/Aug/2026:08:37:49 +0300] "GET /events/2026-06-08/ HTTP/1.1" 200 95007 "-" "Mozilla/5.0 (X11; Linux x86_64) AppleWebKit/537.36 (KHTML, like Gecko; GeedoShopProductFinder) Chrome/142.0.0.0 Safari/537.36"
83.99.206.56 - - [31/Aug/2026:08:38:09 +0300] "GET /events/2026-04-14/ HTTP/1.1" 200 95020 "-" "Mozilla/5.0 (X11; Linux x86_64) AppleWebKit/537.36 (KHTML, like Gecko; GeedoShopProductFinder) Chrome/142.0.0.0 Safari/537.36"
89.39.7.190 - - [31/Aug/2026:08:38:29 +0300] "POST /wp-cron.php?doing_wp_cron=1788154709.9417150020599365234375 HTTP/1.1" 200 5455 "-" "WordPress/6.9.7; https://ajutam.ro"
83.99.206.56 - - [31/Aug/2026:08:38:29 +0300] "GET /events/list/?tribe-bar-date=2025-07-01 HTTP/1.1" 200 97654 "-" "Mozilla/5.0 (X11; Linux x86_64) AppleWebKit/537.36 (KHTML, like Gecko; GeedoShopProductFinder) Chrome/142.0.0.0 Safari/537.36"
138.197.193.77 - - [31/Aug/2026:08:38:44 +0300] "POST /wp-login.php HTTP/1.1" 403 6220 "-" "Mozilla/5.0"
207.154.219.81 - - [31/Aug/2026:08:38:47 +0300] "POST /wp-login.php HTTP/1.1" 403 6220 "-" "Mozilla/5.0"
83.99.206.56 - - [31/Aug/2026:08:38:49 +0300] "GET /events/list/?tribe-bar-date=2027-06-01&eventDisplay=past HTTP/1.1" 200 125720 "-" "Mozilla/5.0 (X11; Linux x86_64) AppleWebKit/537.36 (KHTML, like Gecko; GeedoShopProductFinder) Chrome/142.0.0.0 Safari/537.36"
89.39.7.190 - - [31/Aug/2026:08:40:50 +0300] "POST /wp-cron.php?doing_wp_cron=1788154850.7099430561065673828125 HTTP/1.1" 200 5455 "-" "WordPress/6.9.7; https://ajutam.ro"
83.99.206.124 - - [31/Aug/2026:08:40:50 +0300] "GET /events/2026-08-10/ HTTP/1.1" 200 95015 "-" "Mozilla/5.0 (X11; Linux x86_64) AppleWebKit/537.36 (KHTML, like Gecko; GeedoShopProductFinder) Chrome/142.0.0.0 Safari/537.36"
89.39.7.190 - - [31/Aug/2026:08:40:51 +0300] "POST /wp-admin/admin-ajax.php?action=tribe_process_async_process_support_test&nonce=3d94202c26 HTTP/1.1" 200 5659 "-" "WordPress/6.9.7; https://ajutam.ro"
83.99.206.124 - - [31/Aug/2026:08:41:10 +0300] "GET /events/2026-06-07/ HTTP/1.1" 200 95014 "-" "Mozilla/5.0 (X11; Linux x86_64) AppleWebKit/537.36 (KHTML, like Gecko; GeedoShopProductFinder) Chrome/142.0.0.0 Safari/537.36"
165.227.105.233 - - [31/Aug/2026:08:41:15 +0300] "GET /wp-login.php HTTP/1.1" 200 12404 "-" "Mozilla/5.0 (Windows NT 10.0; Win64; x64) AppleWebKit/537.36 (KHTML, like Gecko) Chrome/151.0.0.0 Safari/537.36"
165.227.105.233 - - [31/Aug/2026:08:41:15 +0300] "POST /wp-login.php HTTP/1.1" 403 6220 "https://ajutam.ro/wp-login.php" "Mozilla/5.0 (Windows NT 10.0; Win64; x64) AppleWebKit/537.36 (KHTML, like Gecko) Chrome/151.0.0.0 Safari/537.36"
89.39.7.190 - - [31/Aug/2026:08:41:30 +0300] "POST /wp-cron.php?doing_wp_cron=1788154890.4965279102325439453125 HTTP/1.1" 200 5455 "-" "WordPress/6.9.7; https://ajutam.ro"
83.99.206.124 - - [31/Aug/2026:08:41:29 +0300] "GET /events/2026-09-19/ HTTP/1.1" 200 95014 "-" "Mozilla/5.0 (X11; Linux x86_64) AppleWebKit/537.36 (KHTML, like Gecko; GeedoShopProductFinder) Chrome/142.0.0.0 Safari/537.36"
85.208.96.198 - - [31/Aug/2026:08:41:48 +0300] "GET /events/2023-10-17/ HTTP/1.1" 200 95009 "-" "Mozilla/5.0 (compatible; SemrushBot/7~bl; +http://www.semrush.com/bot.html)"
83.99.206.254 - - [31/Aug/2026:08:41:49 +0300] "GET /events/list/?tribe-bar-date=2027-05-26 HTTP/1.1" 200 97653 "-" "Mozilla/5.0 (X11; Linux x86_64) AppleWebKit/537.36 (KHTML, like Gecko; GeedoShopProductFinder) Chrome/142.0.0.0 Safari/537.36"
83.99.206.65 - - [31/Aug/2026:08:42:09 +0300] "GET /events/list/?tribe-bar-date=2027-04-22 HTTP/1.1" 200 97661 "-" "Mozilla/5.0 (X11; Linux x86_64) AppleWebKit/537.36 (KHTML, like Gecko; GeedoShopProductFinder) Chrome/142.0.0.0 Safari/537.36"
89.39.7.190 - - [31/Aug/2026:08:42:30 +0300] "POST /wp-cron.php?doing_wp_cron=1788154950.0503809452056884765625 HTTP/1.1" 200 5455 "-" "WordPress/6.9.7; https://ajutam.ro"
83.99.206.124 - - [31/Aug/2026:08:42:29 +0300] "GET /events/list/?tribe-bar-date=2026-04-17&eventDisplay=past HTTP/1.1" 200 125727 "-" "Mozilla/5.0 (X11; Linux x86_64) AppleWebKit/537.36 (KHTML, like Gecko; GeedoShopProductFinder) Chrome/142.0.0.0 Safari/537.36"
89.39.7.190 - - [31/Aug/2026:08:44:36 +0300] "POST /wp-cron.php?doing_wp_cron=1788155076.3559999465942382812500 HTTP/1.1" 200 5455 "-" "WordPress/6.9.7; https://ajutam.ro"
83.99.206.221 - - [31/Aug/2026:08:44:35 +0300] "GET /events/list/?tribe-bar-date=2027-05-31&eventDisplay=past HTTP/1.1" 200 125714 "-" "Mozilla/5.0 (X11; Linux x86_64) AppleWebKit/537.36 (KHTML, like Gecko; GeedoShopProductFinder) Chrome/142.0.0.0 Safari/537.36"
89.39.7.190 - - [31/Aug/2026:08:44:36 +0300] "POST /wp-admin/admin-ajax.php?action=wp_1_wc_privacy_cleanup&nonce=be9c401919 HTTP/1.1" 200 5659 "-" "WordPress/6.9.7; https://ajutam.ro"
89.39.7.190 - - [31/Aug/2026:08:44:56 +0300] "POST /wp-cron.php?doing_wp_cron=1788155096.2268118858337402343750 HTTP/1.1" 200 5455 "-" "WordPress/6.9.7; https://ajutam.ro"
83.99.206.221 - - [31/Aug/2026:08:44:55 +0300] "GET /events/2026-05-20/ HTTP/1.1" 200 95016 "-" "Mozilla/5.0 (X11; Linux x86_64) AppleWebKit/537.36 (KHTML, like Gecko; GeedoShopProductFinder) Chrome/142.0.0.0 Safari/537.36"
83.99.206.221 - - [31/Aug/2026:08:45:15 +0300] "GET /events/list/?tribe-bar-date=2027-04-22&eventDisplay=past HTTP/1.1" 200 125733 "-" "Mozilla/5.0 (X11; Linux x86_64) AppleWebKit/537.36 (KHTML, like Gecko; GeedoShopProductFinder) Chrome/142.0.0.0 Safari/537.36"
123.253.29.3 - - [31/Aug/2026:08:45:28 +0300] "GET /wp-login.php HTTP/1.1" 200 12404 "-" "Mozilla/5.0 (Windows NT 10.0; Win64; x64) AppleWebKit/537.36 (KHTML, like Gecko) Chrome/151.0.0.0 Safari/537.36"
123.253.29.3 - - [31/Aug/2026:08:45:28 +0300] "POST /wp-login.php HTTP/1.1" 403 6220 "https://ajutam.ro/wp-login.php" "Mozilla/5.0 (Windows NT 10.0; Win64; x64) AppleWebKit/537.36 (KHTML, like Gecko) Chrome/151.0.0.0 Safari/537.36"
83.99.206.221 - - [31/Aug/2026:08:45:35 +0300] "GET /events/list/?tribe-bar-date=2025-11-24&eventDisplay=past HTTP/1.1" 200 125718 "-" "Mozilla/5.0 (X11; Linux x86_64) AppleWebKit/537.36 (KHTML, like Gecko; GeedoShopProductFinder) Chrome/142.0.0.0 Safari/537.36"
207.154.219.81 - - [31/Aug/2026:08:45:53 +0300] "POST /wp-login.php HTTP/1.1" 403 6220 "-" "Mozilla/5.0"
83.99.206.221 - - [31/Aug/2026:08:45:55 +0300] "GET /events/list/?tribe-bar-date=2027-04-21&eventDisplay=past HTTP/1.1" 200 125726 "-" "Mozilla/5.0 (X11; Linux x86_64) AppleWebKit/537.36 (KHTML, like Gecko; GeedoShopProductFinder) Chrome/142.0.0.0 Safari/537.36"
89.39.7.190 - - [31/Aug/2026:08:46:16 +0300] "POST /wp-cron.php?doing_wp_cron=1788155175.8870799541473388671875 HTTP/1.1" 200 5455 "-" "WordPress/6.9.7; https://ajutam.ro"
83.99.206.221 - - [31/Aug/2026:08:46:15 +0300] "GET /events/list/?tribe-bar-date=2027-07-27&eventDisplay=past HTTP/1.1" 200 125722 "-" "Mozilla/5.0 (X11; Linux x86_64) AppleWebKit/537.36 (KHTML, like Gecko; GeedoShopProductFinder) Chrome/142.0.0.0 Safari/537.36"
89.39.7.190 - - [31/Aug/2026:08:46:40 +0300] "POST /wp-cron.php?doing_wp_cron=1788155200.4625918865203857421875 HTTP/1.1" 200 5455 "-" "WordPress/6.9.7; https://ajutam.ro"
216.73.217.61 - - [31/Aug/2026:08:46:40 +0300] "GET /robots.txt HTTP/1.1" 200 5675 "-" "Mozilla/5.0 AppleWebKit/537.36 (KHTML, like Gecko; compatible; ClaudeBot/1.0; +claudebot@anthropic.com)"
216.73.217.61 - - [31/Aug/2026:08:46:40 +0300] "GET /wp-content/maintenance/assets/styles.css HTTP/1.1" 200 5435 "-" "Mozilla/5.0 AppleWebKit/537.36 (KHTML, like Gecko; compatible; ClaudeBot/1.0; +claudebot@anthropic.com)"
216.73.217.61 - - [31/Aug/2026:08:47:09 +0300] "GET /wp-content/maintenance/assets/timer.js HTTP/1.1" 200 5447 "-" "Mozilla/5.0 AppleWebKit/537.36 (KHTML, like Gecko; compatible; ClaudeBot/1.0; +claudebot@anthropic.com)"
138.197.193.77 - - [31/Aug/2026:08:47:12 +0300] "POST /wp-login.php HTTP/1.1" 403 6220 "-" "Mozilla/5.0"
216.73.217.61 - - [31/Aug/2026:08:48:07 +0300] "GET /wp-content/maintenance/assets/images/plesk-logo.png HTTP/1.1" 200 5447 "-" "Mozilla/5.0 AppleWebKit/537.36 (KHTML, like Gecko; compatible; ClaudeBot/1.0; +claudebot@anthropic.com)"
89.39.7.190 - - [31/Aug/2026:08:48:28 +0300] "POST /wp-cron.php?doing_wp_cron=1788155308.3503639698028564453125 HTTP/1.1" 200 5455 "-" "WordPress/6.9.7; https://ajutam.ro"
83.99.206.54 - - [31/Aug/2026:08:48:27 +0300] "GET /events/list/?tribe-bar-date=2027-01-27&eventDisplay=past HTTP/1.1" 200 125753 "-" "Mozilla/5.0 (X11; Linux x86_64) AppleWebKit/537.36 (KHTML, like Gecko; GeedoShopProductFinder) Chrome/142.0.0.0 Safari/537.36"
216.73.217.61 - - [31/Aug/2026:08:48:41 +0300] "GET /wp-content/maintenance/assets/images/twitter.svg HTTP/1.1" 200 6397 "-" "Mozilla/5.0 AppleWebKit/537.36 (KHTML, like Gecko; compatible; ClaudeBot/1.0; +claudebot@anthropic.com)"
83.99.206.54 - - [31/Aug/2026:08:48:45 +0300] "GET /events/list/?tribe-bar-date=2026-05-20 HTTP/1.1" 200 97629 "-" "Mozilla/5.0 (X11; Linux x86_64) AppleWebKit/537.36 (KHTML, like Gecko; GeedoShopProductFinder) Chrome/142.0.0.0 Safari/537.36"
216.73.217.61 - - [31/Aug/2026:08:48:57 +0300] "GET /wp-content/maintenance/assets/images/facebook.svg HTTP/1.1" 200 5869 "-" "Mozilla/5.0 AppleWebKit/537.36 (KHTML, like Gecko; compatible; ClaudeBot/1.0; +claudebot@anthropic.com)"
83.99.206.54 - - [31/Aug/2026:08:49:04 +0300] "GET /events/list/?tribe-bar-date=2027-02-14 HTTP/1.1" 200 97680 "-" "Mozilla/5.0 (X11; Linux x86_64) AppleWebKit/537.36 (KHTML, like Gecko; GeedoShopProductFinder) Chrome/142.0.0.0 Safari/537.36"
89.39.7.190 - - [31/Aug/2026:08:49:24 +0300] "POST /wp-cron.php?doing_wp_cron=1788155364.7383201122283935546875 HTTP/1.1" 200 5455 "-" "WordPress/6.9.7; https://ajutam.ro"
83.99.206.169 - - [31/Aug/2026:08:49:23 +0300] "GET /events/list/?tribe-bar-date=2026-03-20 HTTP/1.1" 200 97637 "-" "Mozilla/5.0 (X11; Linux x86_64) AppleWebKit/537.36 (KHTML, like Gecko; GeedoShopProductFinder) Chrome/142.0.0.0 Safari/537.36"
43.157.62.101 - - [31/Aug/2026:08:49:37 +0300] "GET / HTTP/1.1" 200 102604 "http://www.ajutam.ro" "Mozilla/5.0 (iPhone; CPU iPhone OS 13_2_3 like Mac OS X) AppleWebKit/605.1.15 (KHTML, like Gecko) Version/13.0.3 Mobile/15E148 Safari/604.1"
83.99.206.141 - - [31/Aug/2026:08:49:43 +0300] "GET /events/list/?tribe-bar-date=2026-06-07 HTTP/1.1" 200 97623 "-" "Mozilla/5.0 (X11; Linux x86_64) AppleWebKit/537.36 (KHTML, like Gecko; GeedoShopProductFinder) Chrome/142.0.0.0 Safari/537.36"
83.99.206.54 - - [31/Aug/2026:08:50:03 +0300] "GET /events/list/?tribe-bar-date=2027-02-09 HTTP/1.1" 200 97663 "-" "Mozilla/5.0 (X11; Linux x86_64) AppleWebKit/537.36 (KHTML, like Gecko; GeedoShopProductFinder) Chrome/142.0.0.0 Safari/537.36"
89.39.7.190 - - [31/Aug/2026:08:52:12 +0300] "POST /wp-cron.php?doing_wp_cron=1788155532.6683080196380615234375 HTTP/1.1" 200 5455 "-" "WordPress/6.9.7; https://ajutam.ro"
83.99.206.31 - - [31/Aug/2026:08:52:12 +0300] "GET /events/2026-04-13/ HTTP/1.1" 200 95013 "-" "Mozilla/5.0 (X11; Linux x86_64) AppleWebKit/537.36 (KHTML, like Gecko; GeedoShopProductFinder) Chrome/142.0.0.0 Safari/537.36"
89.39.7.190 - - [31/Aug/2026:08:52:32 +0300] "POST /wp-cron.php?doing_wp_cron=1788155552.6578350067138671875000 HTTP/1.1" 200 5455 "-" "WordPress/6.9.7; https://ajutam.ro"
83.99.206.31 - - [31/Aug/2026:08:52:32 +0300] "GET /events/list/?tribe-bar-date=2026-03-21&eventDisplay=past HTTP/1.1" 200 125716 "-" "Mozilla/5.0 (X11; Linux x86_64) AppleWebKit/537.36 (KHTML, like Gecko; GeedoShopProductFinder) Chrome/142.0.0.0 Safari/537.36"
83.99.206.176 - - [31/Aug/2026:08:52:52 +0300] "GET /events/2025-08-23/ HTTP/1.1" 200 95015 "-" "Mozilla/5.0 (X11; Linux x86_64) AppleWebKit/537.36 (KHTML, like Gecko; GeedoShopProductFinder) Chrome/142.0.0.0 Safari/537.36"
207.154.219.81 - - [31/Aug/2026:08:53:11 +0300] "POST /wp-login.php HTTP/1.1" 403 6220 "-" "Mozilla/5.0"
83.99.206.203 - - [31/Aug/2026:08:53:12 +0300] "GET /events/list/?tribe-bar-date=2027-07-25 HTTP/1.1" 200 97657 "-" "Mozilla/5.0 (X11; Linux x86_64) AppleWebKit/537.36 (KHTML, like Gecko; GeedoShopProductFinder) Chrome/142.0.0.0 Safari/537.36"
89.39.7.190 - - [31/Aug/2026:08:53:32 +0300] "POST /wp-cron.php?doing_wp_cron=1788155612.4486999511718750000000 HTTP/1.1" 200 5455 "-" "WordPress/6.9.7; https://ajutam.ro"
83.99.206.31 - - [31/Aug/2026:08:53:31 +0300] "GET /events/list/?tribe-bar-date=2026-06-09 HTTP/1.1" 200 97630 "-" "Mozilla/5.0 (X11; Linux x86_64) AppleWebKit/537.36 (KHTML, like Gecko; GeedoShopProductFinder) Chrome/142.0.0.0 Safari/537.36"
83.99.206.31 - - [31/Aug/2026:08:53:51 +0300] "GET /events/2027-03-22/ HTTP/1.1" 200 95013 "-" "Mozilla/5.0 (X11; Linux x86_64) AppleWebKit/537.36 (KHTML, like Gecko; GeedoShopProductFinder) Chrome/142.0.0.0 Safari/537.36"
138.197.193.77 - - [31/Aug/2026:08:55:35 +0300] "POST /wp-login.php HTTP/1.1" 403 6220 "-" "Mozilla/5.0"
89.39.7.190 - - [31/Aug/2026:08:55:58 +0300] "POST /wp-cron.php?doing_wp_cron=1788155758.6109778881072998046875 HTTP/1.1" 200 5455 "-" "WordPress/6.9.7; https://ajutam.ro"
83.99.206.75 - - [31/Aug/2026:08:55:57 +0300] "GET /events/list/?tribe-bar-date=2027-07-26&eventDisplay=past HTTP/1.1" 200 125724 "-" "Mozilla/5.0 (X11; Linux x86_64) AppleWebKit/537.36 (KHTML, like Gecko; GeedoShopProductFinder) Chrome/142.0.0.0 Safari/537.36"
216.73.217.61 - - [31/Aug/2026:08:56:06 +0300] "GET /wp-sitemap.xml HTTP/1.1" 200 6751 "-" "Mozilla/5.0 AppleWebKit/537.36 (KHTML, like Gecko; compatible; ClaudeBot/1.0; +claudebot@anthropic.com)"
108.179.192.110 - - [31/Aug/2026:08:56:09 +0300] "GET /wp-login.php HTTP/1.1" 200 12404 "-" "Mozilla/5.0 (Windows NT 10.0; Win64; x64) AppleWebKit/537.36 (KHTML, like Gecko) Chrome/151.0.0.0 Safari/537.36"
108.179.192.110 - - [31/Aug/2026:08:56:10 +0300] "POST /wp-login.php HTTP/1.1" 403 6220 "https://ajutam.ro/wp-login.php" "Mozilla/5.0 (Windows NT 10.0; Win64; x64) AppleWebKit/537.36 (KHTML, like Gecko) Chrome/151.0.0.0 Safari/537.36"
83.99.206.170 - - [31/Aug/2026:08:56:17 +0300] "GET /events/list/?tribe-bar-date=2027-06-26 HTTP/1.1" 200 97657 "-" "Mozilla/5.0 (X11; Linux x86_64) AppleWebKit/537.36 (KHTML, like Gecko; GeedoShopProductFinder) Chrome/142.0.0.0 Safari/537.36"
89.39.7.190 - - [31/Aug/2026:08:56:38 +0300] "POST /wp-cron.php?doing_wp_cron=1788155798.6432759761810302734375 HTTP/1.1" 200 5455 "-" "WordPress/6.9.7; https://ajutam.ro"
83.99.206.75 - - [31/Aug/2026:08:56:38 +0300] "GET /events/list/?tribe-bar-date=2026-05-20&eventDisplay=past HTTP/1.1" 200 125711 "-" "Mozilla/5.0 (X11; Linux x86_64) AppleWebKit/537.36 (KHTML, like Gecko; GeedoShopProductFinder) Chrome/142.0.0.0 Safari/537.36"
83.99.206.75 - - [31/Aug/2026:08:56:58 +0300] "GET /events/list/?tribe-bar-date=2027-06-23 HTTP/1.1" 200 97664 "-" "Mozilla/5.0 (X11; Linux x86_64) AppleWebKit/537.36 (KHTML, like Gecko; GeedoShopProductFinder) Chrome/142.0.0.0 Safari/537.36"
83.99.206.75 - - [31/Aug/2026:08:57:17 +0300] "GET /events/list/?tribe-bar-date=2026-08-12 HTTP/1.1" 200 97641 "-" "Mozilla/5.0 (X11; Linux x86_64) AppleWebKit/537.36 (KHTML, like Gecko; GeedoShopProductFinder) Chrome/142.0.0.0 Safari/537.36"
89.39.7.190 - - [31/Aug/2026:08:57:38 +0300] "POST /wp-cron.php?doing_wp_cron=1788155858.0769309997558593750000 HTTP/1.1" 200 5455 "-" "WordPress/6.9.7; https://ajutam.ro"
83.99.206.75 - - [31/Aug/2026:08:57:37 +0300] "GET /events/list/?tribe-bar-date=2026-07-15 HTTP/1.1" 200 97633 "-" "Mozilla/5.0 (X11; Linux x86_64) AppleWebKit/537.36 (KHTML, like Gecko; GeedoShopProductFinder) Chrome/142.0.0.0 Safari/537.36"
89.39.7.190 - - [31/Aug/2026:08:59:41 +0300] "POST /wp-cron.php?doing_wp_cron=1788155981.1346869468688964843750 HTTP/1.1" 200 5455 "-" "WordPress/6.9.7; https://ajutam.ro"
83.99.206.88 - - [31/Aug/2026:08:59:40 +0300] "GET /events/list/?tribe-bar-date=2026-06-07&eventDisplay=past HTTP/1.1" 200 125694 "-" "Mozilla/5.0 (X11; Linux x86_64) AppleWebKit/537.36 (KHTML, like Gecko; GeedoShopProductFinder) Chrome/142.0.0.0 Safari/537.36"
83.99.206.88 - - [31/Aug/2026:09:00:00 +0300] "GET /events/list/?tribe-bar-date=2026-08-10 HTTP/1.1" 200 97641 "-" "Mozilla/5.0 (X11; Linux x86_64) AppleWebKit/537.36 (KHTML, like Gecko; GeedoShopProductFinder) Chrome/142.0.0.0 Safari/537.36"
83.99.206.88 - - [31/Aug/2026:09:00:20 +0300] "GET /events/2025-08-01/ HTTP/1.1" 200 95018 "-" "Mozilla/5.0 (X11; Linux x86_64) AppleWebKit/537.36 (KHTML, like Gecko; GeedoShopProductFinder) Chrome/142.0.0.0 Safari/537.36"
207.154.219.81 - - [31/Aug/2026:09:00:31 +0300] "POST /wp-login.php HTTP/1.1" 403 6220 "-" "Mozilla/5.0"
89.39.7.190 - - [31/Aug/2026:09:00:41 +0300] "POST /wp-cron.php?doing_wp_cron=1788156041.5897541046142578125000 HTTP/1.1" 200 5455 "-" "WordPress/6.9.7; https://ajutam.ro"
83.99.206.88 - - [31/Aug/2026:09:00:41 +0300] "GET /events/list/?tribe-bar-date=2027-03-23 HTTP/1.1" 200 97663 "-" "Mozilla/5.0 (X11; Linux x86_64) AppleWebKit/537.36 (KHTML, like Gecko; GeedoShopProductFinder) Chrome/142.0.0.0 Safari/537.36"
83.99.206.88 - - [31/Aug/2026:09:01:01 +0300] "GET /events/list/?tribe-bar-date=2026-04-15 HTTP/1.1" 200 97639 "-" "Mozilla/5.0 (X11; Linux x86_64) AppleWebKit/537.36 (KHTML, like Gecko; GeedoShopProductFinder) Chrome/142.0.0.0 Safari/537.36"
85.208.96.200 - - [31/Aug/2026:09:01:16 +0300] "GET /events/2021-10-12/ HTTP/1.1" 200 95857 "-" "Mozilla/5.0 (compatible; SemrushBot/7~bl; +http://www.semrush.com/bot.html)"
83.99.206.151 - - [31/Aug/2026:09:01:20 +0300] "GET /events/2027-01-25/ HTTP/1.1" 200 95017 "-" "Mozilla/5.0 (X11; Linux x86_64) AppleWebKit/537.36 (KHTML, like Gecko; GeedoShopProductFinder) Chrome/142.0.0.0 Safari/537.36"
89.39.7.190 - - [31/Aug/2026:09:03:06 +0300] "POST /wp-cron.php?doing_wp_cron=1788156186.0341570377349853515625 HTTP/1.1" 200 5455 "-" "WordPress/6.9.7; https://ajutam.ro"
47.79.201.24 - - [31/Aug/2026:09:03:05 +0300] "GET /events/list/?eventDisplay=past&tribe-bar-date=2026-10-29 HTTP/1.1" 200 125725 "https://www.google.com/" "Mozilla/5.0 (Windows NT 10.0; Win64; x64) AppleWebKit/537.36 (KHTML, like Gecko) Chrome/132.0.0.0 Safari/537.36"
89.39.7.190 - - [31/Aug/2026:09:03:24 +0300] "POST /wp-cron.php?doing_wp_cron=1788156204.5002470016479492187500 HTTP/1.1" 200 5455 "-" "WordPress/6.9.7; https://ajutam.ro"
83.99.206.195 - - [31/Aug/2026:09:03:23 +0300] "GET /events/2027-11-01/ HTTP/1.1" 200 95024 "-" "Mozilla/5.0 (X11; Linux x86_64) AppleWebKit/537.36 (KHTML, like Gecko; GeedoShopProductFinder) Chrome/142.0.0.0 Safari/537.36"
83.99.206.195 - - [31/Aug/2026:09:03:43 +0300] "GET /events/list/?tribe-bar-date=2027-03-24 HTTP/1.1" 200 97661 "-" "Mozilla/5.0 (X11; Linux x86_64) AppleWebKit/537.36 (KHTML, like Gecko; GeedoShopProductFinder) Chrome/142.0.0.0 Safari/537.36"
83.99.206.195 - - [31/Aug/2026:09:04:03 +0300] "GET /events/list/?tribe-bar-date=2025-11-27 HTTP/1.1" 200 97679 "-" "Mozilla/5.0 (X11; Linux x86_64) AppleWebKit/537.36 (KHTML, like Gecko; GeedoShopProductFinder) Chrome/142.0.0.0 Safari/537.36"
