45.76.145.200 - - [31/Aug/2026:10:07:40 +0300] "GET /wp-json/oembed/1.0/embed?url=https%3A%2F%2Fajutam.ro%2Fdonation-confirmation%2F HTTP/1.1" 200 7914 "-" "Mozilla/5.0 (Windows NT 10.0; Win64; x64) AppleWebKit/537.36 (KHTML, like Gecko) Chrome/128.0.0.0 Safari/537.36"
45.76.145.200 - - [31/Aug/2026:10:07:41 +0300] "GET /wp-json/oembed/1.0/embed?url=https%3A%2F%2Fajutam.ro%2Fdonation-confirmation%2F& HTTP/1.1" 200 7914 "-" "Mozilla/5.0 (Windows NT 10.0; Win64; x64) AppleWebKit/537.36 (KHTML, like Gecko) Chrome/128.0.0.0 Safari/537.36"
45.76.145.200 - - [31/Aug/2026:10:07:42 +0300] "GET /donations/ HTTP/1.1" 200 82172 "-" "Mozilla/5.0 (Windows NT 10.0; Win64; x64) AppleWebKit/537.36 (KHTML, like Gecko) Chrome/128.0.0.0 Safari/537.36"
45.76.145.200 - - [31/Aug/2026:10:07:43 +0300] "GET /donations/feed/ HTTP/1.1" 200 10653 "-" "Mozilla/5.0 (Windows NT 10.0; Win64; x64) AppleWebKit/537.36 (KHTML, like Gecko) Chrome/128.0.0.0 Safari/537.36"
45.76.145.200 - - [31/Aug/2026:10:07:44 +0300] "GET /donations/donation-form/ HTTP/1.1" 404 59106 "-" "Mozilla/5.0 (Windows NT 10.0; Win64; x64) AppleWebKit/537.36 (KHTML, like Gecko) Chrome/128.0.0.0 Safari/537.36"
45.76.145.200 - - [31/Aug/2026:10:07:45 +0300] "GET /donations/give/ HTTP/1.1" 404 59106 "-" "Mozilla/5.0 (Windows NT 10.0; Win64; x64) AppleWebKit/537.36 (KHTML, like Gecko) Chrome/128.0.0.0 Safari/537.36"
45.76.145.200 - - [31/Aug/2026:10:07:47 +0300] "GET /give/ HTTP/1.1" 404 59106 "-" "Mozilla/5.0 (Windows NT 10.0; Win64; x64) AppleWebKit/537.36 (KHTML, like Gecko) Chrome/128.0.0.0 Safari/537.36"
45.76.145.200 - - [31/Aug/2026:10:07:48 +0300] "GET /give-now/ HTTP/1.1" 404 59106 "-" "Mozilla/5.0 (Windows NT 10.0; Win64; x64) AppleWebKit/537.36 (KHTML, like Gecko) Chrome/128.0.0.0 Safari/537.36"
45.76.145.200 - - [31/Aug/2026:10:07:49 +0300] "GET /donate-now/ HTTP/1.1" 404 59106 "-" "Mozilla/5.0 (Windows NT 10.0; Win64; x64) AppleWebKit/537.36 (KHTML, like Gecko) Chrome/128.0.0.0 Safari/537.36"
45.76.145.200 - - [31/Aug/2026:10:07:50 +0300] "GET /support-us/ HTTP/1.1" 404 59106 "-" "Mozilla/5.0 (Windows NT 10.0; Win64; x64) AppleWebKit/537.36 (KHTML, like Gecko) Chrome/128.0.0.0 Safari/537.36"
45.76.145.200 - - [31/Aug/2026:10:07:51 +0300] "GET /contribute/ HTTP/1.1" 404 59106 "-" "Mozilla/5.0 (Windows NT 10.0; Win64; x64) AppleWebKit/537.36 (KHTML, like Gecko) Chrome/128.0.0.0 Safari/537.36"
45.76.145.200 - - [31/Aug/2026:10:07:52 +0300] "GET /fundraiser/ HTTP/1.1" 404 59106 "-" "Mozilla/5.0 (Windows NT 10.0; Win64; x64) AppleWebKit/537.36 (KHTML, like Gecko) Chrome/128.0.0.0 Safari/537.36"
45.76.145.200 - - [31/Aug/2026:10:07:53 +0300] "GET /help-us/ HTTP/1.1" 404 59106 "-" "Mozilla/5.0 (Windows NT 10.0; Win64; x64) AppleWebKit/537.36 (KHTML, like Gecko) Chrome/128.0.0.0 Safari/537.36"
45.76.145.200 - - [31/Aug/2026:10:07:54 +0300] "GET /make-a-donation/ HTTP/1.1" 404 59106 "-" "Mozilla/5.0 (Windows NT 10.0; Win64; x64) AppleWebKit/537.36 (KHTML, like Gecko) Chrome/128.0.0.0 Safari/537.36"
45.76.145.200 - - [31/Aug/2026:10:07:55 +0300] "GET /support/ HTTP/1.1" 404 59106 "-" "Mozilla/5.0 (Windows NT 10.0; Win64; x64) AppleWebKit/537.36 (KHTML, like Gecko) Chrome/128.0.0.0 Safari/537.36"
45.76.145.200 - - [31/Aug/2026:10:07:56 +0300] "GET /spenden/ HTTP/1.1" 404 59106 "-" "Mozilla/5.0 (Windows NT 10.0; Win64; x64) AppleWebKit/537.36 (KHTML, like Gecko) Chrome/128.0.0.0 Safari/537.36"
45.76.145.200 - - [31/Aug/2026:10:07:57 +0300] "GET /donar/ HTTP/1.1" 404 59106 "-" "Mozilla/5.0 (Windows NT 10.0; Win64; x64) AppleWebKit/537.36 (KHTML, like Gecko) Chrome/128.0.0.0 Safari/537.36"
45.76.145.200 - - [31/Aug/2026:10:07:58 +0300] "GET /faire-un-don/ HTTP/1.1" 404 59106 "-" "Mozilla/5.0 (Windows NT 10.0; Win64; x64) AppleWebKit/537.36 (KHTML, like Gecko) Chrome/128.0.0.0 Safari/537.36"
45.76.145.200 - - [31/Aug/2026:10:07:59 +0300] "GET /donor-wall/ HTTP/1.1" 404 59106 "-" "Mozilla/5.0 (Windows NT 10.0; Win64; x64) AppleWebKit/537.36 (KHTML, like Gecko) Chrome/128.0.0.0 Safari/537.36"
45.76.145.200 - - [31/Aug/2026:10:08:00 +0300] "GET /our-donors/ HTTP/1.1" 404 59106 "-" "Mozilla/5.0 (Windows NT 10.0; Win64; x64) AppleWebKit/537.36 (KHTML, like Gecko) Chrome/128.0.0.0 Safari/537.36"
45.76.145.200 - - [31/Aug/2026:10:08:01 +0300] "GET /givers/ HTTP/1.1" 404 59106 "-" "Mozilla/5.0 (Windows NT 10.0; Win64; x64) AppleWebKit/537.36 (KHTML, like Gecko) Chrome/128.0.0.0 Safari/537.36"
45.76.145.200 - - [31/Aug/2026:10:08:02 +0300] "GET /campaign/ HTTP/1.1" 404 59106 "-" "Mozilla/5.0 (Windows NT 10.0; Win64; x64) AppleWebKit/537.36 (KHTML, like Gecko) Chrome/128.0.0.0 Safari/537.36"
45.76.145.200 - - [31/Aug/2026:10:08:04 +0300] "GET /fundraise/ HTTP/1.1" 404 59106 "-" "Mozilla/5.0 (Windows NT 10.0; Win64; x64) AppleWebKit/537.36 (KHTML, like Gecko) Chrome/128.0.0.0 Safari/537.36"
45.76.145.200 - - [31/Aug/2026:10:08:05 +0300] "GET /pledge/ HTTP/1.1" 404 59106 "-" "Mozilla/5.0 (Windows NT 10.0; Win64; x64) AppleWebKit/537.36 (KHTML, like Gecko) Chrome/128.0.0.0 Safari/537.36"
45.76.145.200 - - [31/Aug/2026:10:08:06 +0300] "GET /gift/ HTTP/1.1" 404 59106 "-" "Mozilla/5.0 (Windows NT 10.0; Win64; x64) AppleWebKit/537.36 (KHTML, like Gecko) Chrome/128.0.0.0 Safari/537.36"
45.76.145.200 - - [31/Aug/2026:10:08:07 +0300] "GET /charity/ HTTP/1.1" 404 59106 "-" "Mozilla/5.0 (Windows NT 10.0; Win64; x64) AppleWebKit/537.36 (KHTML, like Gecko) Chrome/128.0.0.0 Safari/537.36"
45.76.145.200 - - [31/Aug/2026:10:08:08 +0300] "GET /fund/ HTTP/1.1" 404 59106 "-" "Mozilla/5.0 (Windows NT 10.0; Win64; x64) AppleWebKit/537.36 (KHTML, like Gecko) Chrome/128.0.0.0 Safari/537.36"
45.76.145.200 - - [31/Aug/2026:10:08:09 +0300] "GET /giving/ HTTP/1.1" 404 59106 "-" "Mozilla/5.0 (Windows NT 10.0; Win64; x64) AppleWebKit/537.36 (KHTML, like Gecko) Chrome/128.0.0.0 Safari/537.36"
83.99.206.88 - - [31/Aug/2026:10:08:09 +0300] "GET /events/list/?tribe-bar-date=2026-08-12&eventDisplay=past HTTP/1.1" 200 125693 "-" "Mozilla/5.0 (X11; Linux x86_64) AppleWebKit/537.36 (KHTML, like Gecko; GeedoShopProductFinder) Chrome/142.0.0.0 Safari/537.36"
45.76.145.200 - - [31/Aug/2026:10:08:09 +0300] "GET /support-our-work/ HTTP/1.1" 404 59106 "-" "Mozilla/5.0 (Windows NT 10.0; Win64; x64) AppleWebKit/537.36 (KHTML, like Gecko) Chrome/128.0.0.0 Safari/537.36"
45.76.145.200 - - [31/Aug/2026:10:08:10 +0300] "GET /get-involved/ HTTP/1.1" 404 59106 "-" "Mozilla/5.0 (Windows NT 10.0; Win64; x64) AppleWebKit/537.36 (KHTML, like Gecko) Chrome/128.0.0.0 Safari/537.36"
45.76.145.200 - - [31/Aug/2026:10:08:11 +0300] "GET /take-action/ HTTP/1.1" 404 59106 "-" "Mozilla/5.0 (Windows NT 10.0; Win64; x64) AppleWebKit/537.36 (KHTML, like Gecko) Chrome/128.0.0.0 Safari/537.36"
45.76.145.200 - - [31/Aug/2026:10:08:12 +0300] "GET /wp-json/wp/v2/give_forms?per_page=15 HTTP/1.1" 200 15838 "-" "Mozilla/5.0 (Windows NT 10.0; Win64; x64) AppleWebKit/537.36 (KHTML, like Gecko) Chrome/128.0.0.0 Safari/537.36"
45.76.145.200 - - [31/Aug/2026:10:08:13 +0300] "GET /donations/clean-water-for-people/ HTTP/1.1" 200 77202 "-" "Mozilla/5.0 (Windows NT 10.0; Win64; x64) AppleWebKit/537.36 (KHTML, like Gecko) Chrome/128.0.0.0 Safari/537.36"
45.76.145.200 - - [31/Aug/2026:10:08:14 +0300] "POST /wp-admin/admin-ajax.php HTTP/1.1" 200 5785 "-" "Mozilla/5.0 (Windows NT 10.0; Win64; x64) AppleWebKit/537.36 (KHTML, like Gecko) Chrome/128.0.0.0 Safari/537.36"
45.76.145.200 - - [31/Aug/2026:10:08:15 +0300] "GET /donations/clean-water-for-people/ HTTP/1.1" 200 77202 "-" "Mozilla/5.0 (Windows NT 10.0; Win64; x64) AppleWebKit/537.36 (KHTML, like Gecko) Chrome/128.0.0.0 Safari/537.36"
45.76.145.200 - - [31/Aug/2026:10:08:17 +0300] "POST / HTTP/1.1" 200 6066 "-" "Mozilla/5.0 (Windows NT 10.0; Win64; x64) AppleWebKit/537.36 (KHTML, like Gecko) Chrome/128.0.0.0 Safari/537.36"
45.76.145.200 - - [31/Aug/2026:10:08:18 +0300] "GET /wp-admin/profile.php HTTP/1.1" 302 5544 "-" "Mozilla/5.0 (Windows NT 10.0; Win64; x64) AppleWebKit/537.36 (KHTML, like Gecko) Chrome/128.0.0.0 Safari/537.36"
45.76.145.200 - - [31/Aug/2026:10:08:18 +0300] "GET /my-account/ HTTP/1.1" 200 70077 "-" "Mozilla/5.0 (Windows NT 10.0; Win64; x64) AppleWebKit/537.36 (KHTML, like Gecko) Chrome/128.0.0.0 Safari/537.36"
45.76.145.200 - - [31/Aug/2026:10:08:20 +0300] "GET /wp-admin/profile.php HTTP/1.1" 302 5544 "-" "Mozilla/5.0 (Windows NT 10.0; Win64; x64) AppleWebKit/537.36 (KHTML, like Gecko) Chrome/128.0.0.0 Safari/537.36"
45.76.145.200 - - [31/Aug/2026:10:08:21 +0300] "GET /my-account/ HTTP/1.1" 200 70070 "-" "Mozilla/5.0 (Windows NT 10.0; Win64; x64) AppleWebKit/537.36 (KHTML, like Gecko) Chrome/128.0.0.0 Safari/537.36"
45.76.145.200 - - [31/Aug/2026:10:08:22 +0300] "GET /wp-admin/profile.php HTTP/1.1" 302 5544 "-" "Mozilla/5.0 (Windows NT 10.0; Win64; x64) AppleWebKit/537.36 (KHTML, like Gecko) Chrome/128.0.0.0 Safari/537.36"
89.39.7.190 - - [31/Aug/2026:10:08:23 +0300] "POST /wp-cron.php?doing_wp_cron=1788160103.4309799671173095703125 HTTP/1.1" 200 5455 "-" "WordPress/6.9.7; https://ajutam.ro"
45.76.145.200 - - [31/Aug/2026:10:08:23 +0300] "GET /my-account/ HTTP/1.1" 200 70077 "-" "Mozilla/5.0 (Windows NT 10.0; Win64; x64) AppleWebKit/537.36 (KHTML, like Gecko) Chrome/128.0.0.0 Safari/537.36"
45.76.145.200 - - [31/Aug/2026:10:08:24 +0300] "GET /wp-admin/profile.php HTTP/1.1" 302 5544 "-" "Mozilla/5.0 (Windows NT 10.0; Win64; x64) AppleWebKit/537.36 (KHTML, like Gecko) Chrome/128.0.0.0 Safari/537.36"
45.76.145.200 - - [31/Aug/2026:10:08:24 +0300] "GET /my-account/ HTTP/1.1" 200 70070 "-" "Mozilla/5.0 (Windows NT 10.0; Win64; x64) AppleWebKit/537.36 (KHTML, like Gecko) Chrome/128.0.0.0 Safari/537.36"
45.76.145.200 - - [31/Aug/2026:10:08:25 +0300] "GET /wp-admin/profile.php HTTP/1.1" 302 5544 "-" "Mozilla/5.0 (Windows NT 10.0; Win64; x64) AppleWebKit/537.36 (KHTML, like Gecko) Chrome/128.0.0.0 Safari/537.36"
45.76.145.200 - - [31/Aug/2026:10:08:26 +0300] "GET /my-account/ HTTP/1.1" 200 70070 "-" "Mozilla/5.0 (Windows NT 10.0; Win64; x64) AppleWebKit/537.36 (KHTML, like Gecko) Chrome/128.0.0.0 Safari/537.36"
45.76.145.200 - - [31/Aug/2026:10:08:27 +0300] "GET /wp-admin/profile.php HTTP/1.1" 302 5544 "-" "Mozilla/5.0 (Windows NT 10.0; Win64; x64) AppleWebKit/537.36 (KHTML, like Gecko) Chrome/128.0.0.0 Safari/537.36"
45.76.145.200 - - [31/Aug/2026:10:08:27 +0300] "GET /my-account/ HTTP/1.1" 200 70077 "-" "Mozilla/5.0 (Windows NT 10.0; Win64; x64) AppleWebKit/537.36 (KHTML, like Gecko) Chrome/128.0.0.0 Safari/537.36"
83.99.206.88 - - [31/Aug/2026:10:08:30 +0300] "GET /events/list/?tribe-bar-date=2025-08-19 HTTP/1.1" 200 97665 "-" "Mozilla/5.0 (X11; Linux x86_64) AppleWebKit/537.36 (KHTML, like Gecko; GeedoShopProductFinder) Chrome/142.0.0.0 Safari/537.36"
83.99.206.104 - - [31/Aug/2026:10:08:49 +0300] "GET /events/2027-10-31/ HTTP/1.1" 200 95026 "-" "Mozilla/5.0 (X11; Linux x86_64) AppleWebKit/537.36 (KHTML, like Gecko; GeedoShopProductFinder) Chrome/142.0.0.0 Safari/537.36"
207.154.219.81 - - [31/Aug/2026:10:08:50 +0300] "POST /wp-login.php HTTP/1.1" 403 6220 "-" "Mozilla/5.0"
52.167.144.20 - - [31/Aug/2026:10:09:04 +0300] "GET /wp-sitemap.xml HTTP/1.1" 200 6751 "-" "Mozilla/5.0 AppleWebKit/537.36 (KHTML, like Gecko; compatible; bingbot/2.0; +http://www.bing.com/bingbot.htm) Chrome/116.0.1938.76 Safari/537.36"
83.99.206.74 - - [31/Aug/2026:10:09:09 +0300] "GET /events/list/?tribe-bar-date=2025-11-27&eventDisplay=past HTTP/1.1" 200 125729 "-" "Mozilla/5.0 (X11; Linux x86_64) AppleWebKit/537.36 (KHTML, like Gecko; GeedoShopProductFinder) Chrome/142.0.0.0 Safari/537.36"
89.39.7.190 - - [31/Aug/2026:10:09:30 +0300] "POST /wp-cron.php?doing_wp_cron=1788160169.9705760478973388671875 HTTP/1.1" 200 5455 "-" "WordPress/6.9.7; https://ajutam.ro"
83.99.206.88 - - [31/Aug/2026:10:09:29 +0300] "GET /events/2025-08-18/ HTTP/1.1" 200 95015 "-" "Mozilla/5.0 (X11; Linux x86_64) AppleWebKit/537.36 (KHTML, like Gecko; GeedoShopProductFinder) Chrome/142.0.0.0 Safari/537.36"
83.99.206.88 - - [31/Aug/2026:10:09:49 +0300] "GET /events/list/?tribe-bar-date=2027-03-21&eventDisplay=past HTTP/1.1" 200 125734 "-" "Mozilla/5.0 (X11; Linux x86_64) AppleWebKit/537.36 (KHTML, like Gecko; GeedoShopProductFinder) Chrome/142.0.0.0 Safari/537.36"
89.39.7.190 - - [31/Aug/2026:10:11:56 +0300] "POST /wp-cron.php?doing_wp_cron=1788160316.8133890628814697265625 HTTP/1.1" 200 5455 "-" "WordPress/6.9.7; https://ajutam.ro"
83.99.206.114 - - [31/Aug/2026:10:11:56 +0300] "GET /events/2026-01-19/ HTTP/1.1" 200 95017 "-" "Mozilla/5.0 (X11; Linux x86_64) AppleWebKit/537.36 (KHTML, like Gecko; GeedoShopProductFinder) Chrome/142.0.0.0 Safari/537.36"
185.191.171.8 - - [31/Aug/2026:10:12:10 +0300] "GET /events/2026-06-24/ HTTP/1.1" 200 95001 "-" "Mozilla/5.0 (compatible; SemrushBot/7~bl; +http://www.semrush.com/bot.html)"
83.99.206.10 - - [31/Aug/2026:10:12:17 +0300] "GET /events/list/?tribe-bar-date=2025-08-21 HTTP/1.1" 200 97665 "-" "Mozilla/5.0 (X11; Linux x86_64) AppleWebKit/537.36 (KHTML, like Gecko; GeedoShopProductFinder) Chrome/142.0.0.0 Safari/537.36"
89.39.7.190 - - [31/Aug/2026:10:12:38 +0300] "POST /wp-cron.php?doing_wp_cron=1788160358.7626869678497314453125 HTTP/1.1" 200 5455 "-" "WordPress/6.9.7; https://ajutam.ro"
83.99.206.10 - - [31/Aug/2026:10:12:38 +0300] "GET /events/list/?tribe-bar-date=2025-07-01&eventDisplay=past HTTP/1.1" 200 125724 "-" "Mozilla/5.0 (X11; Linux x86_64) AppleWebKit/537.36 (KHTML, like Gecko; GeedoShopProductFinder) Chrome/142.0.0.0 Safari/537.36"
83.99.206.10 - - [31/Aug/2026:10:12:56 +0300] "GET /events/list/?tribe-bar-date=2026-07-14&eventDisplay=past HTTP/1.1" 200 125721 "-" "Mozilla/5.0 (X11; Linux x86_64) AppleWebKit/537.36 (KHTML, like Gecko; GeedoShopProductFinder) Chrome/142.0.0.0 Safari/537.36"
83.99.206.10 - - [31/Aug/2026:10:13:16 +0300] "GET /events/2026-04-11/ HTTP/1.1" 200 95006 "-" "Mozilla/5.0 (X11; Linux x86_64) AppleWebKit/537.36 (KHTML, like Gecko; GeedoShopProductFinder) Chrome/142.0.0.0 Safari/537.36"
89.39.7.190 - - [31/Aug/2026:10:13:37 +0300] "POST /wp-cron.php?doing_wp_cron=1788160416.9584419727325439453125 HTTP/1.1" 200 5455 "-" "WordPress/6.9.7; https://ajutam.ro"
83.99.206.79 - - [31/Aug/2026:10:13:36 +0300] "GET /events/2027-02-05/ HTTP/1.1" 200 95022 "-" "Mozilla/5.0 (X11; Linux x86_64) AppleWebKit/537.36 (KHTML, like Gecko; GeedoShopProductFinder) Chrome/142.0.0.0 Safari/537.36"
138.197.193.77 - - [31/Aug/2026:10:14:45 +0300] "POST /wp-login.php HTTP/1.1" 403 6220 "-" "Mozilla/5.0"
89.39.7.190 - - [31/Aug/2026:10:15:42 +0300] "POST /wp-cron.php?doing_wp_cron=1788160542.6662089824676513671875 HTTP/1.1" 200 5455 "-" "WordPress/6.9.7; https://ajutam.ro"
83.99.206.31 - - [31/Aug/2026:10:15:42 +0300] "GET /events/2027-08-27/ HTTP/1.1" 200 95008 "-" "Mozilla/5.0 (X11; Linux x86_64) AppleWebKit/537.36 (KHTML, like Gecko; GeedoShopProductFinder) Chrome/142.0.0.0 Safari/537.36"
83.99.206.31 - - [31/Aug/2026:10:16:02 +0300] "GET /events/list/?tribe-bar-date=2027-01-25&eventDisplay=past HTTP/1.1" 200 125668 "-" "Mozilla/5.0 (X11; Linux x86_64) AppleWebKit/537.36 (KHTML, like Gecko; GeedoShopProductFinder) Chrome/142.0.0.0 Safari/537.36"
83.99.206.31 - - [31/Aug/2026:10:16:21 +0300] "GET /events/list/?tribe-bar-date=2025-08-19&eventDisplay=past HTTP/1.1" 200 125729 "-" "Mozilla/5.0 (X11; Linux x86_64) AppleWebKit/537.36 (KHTML, like Gecko; GeedoShopProductFinder) Chrome/142.0.0.0 Safari/537.36"
207.154.219.81 - - [31/Aug/2026:10:16:29 +0300] "POST /wp-login.php HTTP/1.1" 403 6220 "-" "Mozilla/5.0"
89.39.7.190 - - [31/Aug/2026:10:16:41 +0300] "POST /wp-cron.php?doing_wp_cron=1788160601.6351819038391113281250 HTTP/1.1" 200 5455 "-" "WordPress/6.9.7; https://ajutam.ro"
83.99.206.31 - - [31/Aug/2026:10:16:41 +0300] "GET /events/2026-03-18/ HTTP/1.1" 200 95020 "-" "Mozilla/5.0 (X11; Linux x86_64) AppleWebKit/537.36 (KHTML, like Gecko; GeedoShopProductFinder) Chrome/142.0.0.0 Safari/537.36"
83.99.206.31 - - [31/Aug/2026:10:17:02 +0300] "GET /events/list/?tribe-bar-date=2026-11-22 HTTP/1.1" 200 97655 "-" "Mozilla/5.0 (X11; Linux x86_64) AppleWebKit/537.36 (KHTML, like Gecko; GeedoShopProductFinder) Chrome/142.0.0.0 Safari/537.36"
83.99.206.161 - - [31/Aug/2026:10:17:22 +0300] "GET /events/list/?tribe-bar-date=2027-02-08&eventDisplay=past HTTP/1.1" 200 125727 "-" "Mozilla/5.0 (X11; Linux x86_64) AppleWebKit/537.36 (KHTML, like Gecko; GeedoShopProductFinder) Chrome/142.0.0.0 Safari/537.36"
89.39.7.190 - - [31/Aug/2026:10:18:48 +0300] "POST /wp-cron.php?doing_wp_cron=1788160727.9505400657653808593750 HTTP/1.1" 200 5455 "-" "WordPress/6.9.7; https://ajutam.ro"
112.86.225.57 - - [31/Aug/2026:10:18:47 +0300] "GET / HTTP/1.1" 200 102549 "-" "Sogou web spider/4.0(+http://www.sogou.com/docs/help/webmasters.htm#07)"
89.39.7.190 - - [31/Aug/2026:10:19:31 +0300] "POST /wp-cron.php?doing_wp_cron=1788160771.6441988945007324218750 HTTP/1.1" 200 5455 "-" "WordPress/6.9.7; https://ajutam.ro"
83.99.206.229 - - [31/Aug/2026:10:19:31 +0300] "GET /events/list/?tribe-bar-date=2026-04-12 HTTP/1.1" 200 97639 "-" "Mozilla/5.0 (X11; Linux x86_64) AppleWebKit/537.36 (KHTML, like Gecko; GeedoShopProductFinder) Chrome/142.0.0.0 Safari/537.36"
83.99.206.229 - - [31/Aug/2026:10:19:51 +0300] "GET /events/2027-04-18/ HTTP/1.1" 200 95020 "-" "Mozilla/5.0 (X11; Linux x86_64) AppleWebKit/537.36 (KHTML, like Gecko; GeedoShopProductFinder) Chrome/142.0.0.0 Safari/537.36"
216.172.172.240 - - [31/Aug/2026:10:19:59 +0300] "GET /wp-login.php HTTP/1.1" 200 12404 "-" "Mozilla/5.0 (Windows NT 10.0; Win64; x64) AppleWebKit/537.36 (KHTML, like Gecko) Chrome/151.0.0.0 Safari/537.36"
216.172.172.240 - - [31/Aug/2026:10:20:00 +0300] "POST /wp-login.php HTTP/1.1" 403 6220 "https://ajutam.ro/wp-login.php" "Mozilla/5.0 (Windows NT 10.0; Win64; x64) AppleWebKit/537.36 (KHTML, like Gecko) Chrome/151.0.0.0 Safari/537.36"
83.99.206.229 - - [31/Aug/2026:10:20:11 +0300] "GET /events/2027-09-30/ HTTP/1.1" 200 95028 "-" "Mozilla/5.0 (X11; Linux x86_64) AppleWebKit/537.36 (KHTML, like Gecko; GeedoShopProductFinder) Chrome/142.0.0.0 Safari/537.36"
89.39.7.190 - - [31/Aug/2026:10:20:31 +0300] "POST /wp-cron.php?doing_wp_cron=1788160831.7537510395050048828125 HTTP/1.1" 200 5455 "-" "WordPress/6.9.7; https://ajutam.ro"
83.99.206.202 - - [31/Aug/2026:10:20:30 +0300] "GET /events/list/?tribe-bar-date=2025-08-24&eventDisplay=past HTTP/1.1" 200 125711 "-" "Mozilla/5.0 (X11; Linux x86_64) AppleWebKit/537.36 (KHTML, like Gecko; GeedoShopProductFinder) Chrome/142.0.0.0 Safari/537.36"
83.99.206.229 - - [31/Aug/2026:10:20:51 +0300] "GET /events/list/?tribe-bar-date=2026-01-19 HTTP/1.1" 200 97647 "-" "Mozilla/5.0 (X11; Linux x86_64) AppleWebKit/537.36 (KHTML, like Gecko; GeedoShopProductFinder) Chrome/142.0.0.0 Safari/537.36"
83.99.206.114 - - [31/Aug/2026:10:21:10 +0300] "GET /events/2026-11-21/ HTTP/1.1" 200 95014 "-" "Mozilla/5.0 (X11; Linux x86_64) AppleWebKit/537.36 (KHTML, like Gecko; GeedoShopProductFinder) Chrome/142.0.0.0 Safari/537.36"
89.39.7.190 - - [31/Aug/2026:10:23:16 +0300] "POST /wp-cron.php?doing_wp_cron=1788160996.9114151000976562500000 HTTP/1.1" 200 5455 "-" "WordPress/6.9.7; https://ajutam.ro"
83.99.206.0 - - [31/Aug/2026:10:23:16 +0300] "GET /events/list/?tribe-bar-date=2025-10-24 HTTP/1.1" 200 97675 "-" "Mozilla/5.0 (X11; Linux x86_64) AppleWebKit/537.36 (KHTML, like Gecko; GeedoShopProductFinder) Chrome/142.0.0.0 Safari/537.36"
89.39.7.190 - - [31/Aug/2026:10:23:37 +0300] "POST /wp-cron.php?doing_wp_cron=1788161016.9325199127197265625000 HTTP/1.1" 200 5455 "-" "WordPress/6.9.7; https://ajutam.ro"
83.99.206.125 - - [31/Aug/2026:10:23:36 +0300] "GET /events/list/?tribe-bar-date=2027-12-01&eventDisplay=past HTTP/1.1" 200 125773 "-" "Mozilla/5.0 (X11; Linux x86_64) AppleWebKit/537.36 (KHTML, like Gecko; GeedoShopProductFinder) Chrome/142.0.0.0 Safari/537.36"
138.197.193.77 - - [31/Aug/2026:10:23:43 +0300] "POST /wp-login.php HTTP/1.1" 403 6220 "-" "Mozilla/5.0"
83.99.206.130 - - [31/Aug/2026:10:23:56 +0300] "GET /events/list/?tribe-bar-date=2025-10-27&eventDisplay=past HTTP/1.1" 200 125764 "-" "Mozilla/5.0 (X11; Linux x86_64) AppleWebKit/537.36 (KHTML, like Gecko; GeedoShopProductFinder) Chrome/142.0.0.0 Safari/537.36"
207.154.219.81 - - [31/Aug/2026:10:24:11 +0300] "POST /wp-login.php HTTP/1.1" 403 6220 "-" "Mozilla/5.0"
83.99.206.125 - - [31/Aug/2026:10:24:17 +0300] "GET /events/list/?tribe-bar-date=2026-01-31&eventDisplay=past HTTP/1.1" 200 125704 "-" "Mozilla/5.0 (X11; Linux x86_64) AppleWebKit/537.36 (KHTML, like Gecko; GeedoShopProductFinder) Chrome/142.0.0.0 Safari/537.36"
83.99.206.125 - - [31/Aug/2026:10:24:37 +0300] "GET /events/list/?tribe-bar-date=2026-01-21&eventDisplay=past HTTP/1.1" 200 125727 "-" "Mozilla/5.0 (X11; Linux x86_64) AppleWebKit/537.36 (KHTML, like Gecko; GeedoShopProductFinder) Chrome/142.0.0.0 Safari/537.36"
89.39.7.190 - - [31/Aug/2026:10:24:38 +0300] "POST /wp-cron.php?doing_wp_cron=1788161078.3154079914093017578125 HTTP/1.1" 200 5455 "-" "WordPress/6.9.7; https://ajutam.ro"
83.99.206.125 - - [31/Aug/2026:10:24:56 +0300] "GET /events/list/?tribe-bar-date=2027-02-07 HTTP/1.1" 200 97656 "-" "Mozilla/5.0 (X11; Linux x86_64) AppleWebKit/537.36 (KHTML, like Gecko; GeedoShopProductFinder) Chrome/142.0.0.0 Safari/537.36"