83.99.206.116 - - [31/Aug/2026:05:03:28 +0300] "GET /events/list/?tribe-bar-date=2026-10-23 HTTP/1.1" 200 97658 "-" "Mozilla/5.0 (X11; Linux x86_64) AppleWebKit/537.36 (KHTML, like Gecko; GeedoShopProductFinder) Chrome/142.0.0.0 Safari/537.36"
79.137.67.90 - - [31/Aug/2026:05:03:29 +0300] "GET /events/list/?tribe-bar-date=2048-11-30&eventDisplay=past HTTP/1.1" 200 125744 "-" "Mozilla/5.0 (compatible; MJ12bot/v1.4.8; http://mj12bot.com/)"
79.137.67.90 - - [31/Aug/2026:05:03:32 +0300] "GET /events/list/?tribe-bar-date=2048-12-31&eventDisplay=past HTTP/1.1" 200 125726 "-" "Mozilla/5.0 (compatible; MJ12bot/v1.4.8; http://mj12bot.com/)"
79.137.67.90 - - [31/Aug/2026:05:03:36 +0300] "GET /events/list/?tribe-bar-date=2049-01-01&eventDisplay=past HTTP/1.1" 200 125725 "-" "Mozilla/5.0 (compatible; MJ12bot/v1.4.8; http://mj12bot.com/)"
79.137.67.90 - - [31/Aug/2026:05:03:40 +0300] "GET /events/list/?tribe-bar-date=2049-03-01&eventDisplay=past HTTP/1.1" 200 125694 "-" "Mozilla/5.0 (compatible; MJ12bot/v1.4.8; http://mj12bot.com/)"
84.32.97.213 - - [31/Aug/2026:05:03:49 +0300] "GET /about-us-style-2 HTTP/1.1" 301 5450 "-" "Mozilla/5.0 (Macintosh; Intel Mac OS X 10_15_7) AppleWebKit/537.36 (KHTML, like Gecko) Chrome/124.0.0.0 Safari/537.36"
83.99.206.116 - - [31/Aug/2026:05:03:49 +0300] "GET /events/list/?tribe-bar-date=2025-08-31&eventDisplay=past HTTP/1.1" 200 125737 "-" "Mozilla/5.0 (X11; Linux x86_64) AppleWebKit/537.36 (KHTML, like Gecko; GeedoShopProductFinder) Chrome/142.0.0.0 Safari/537.36"
84.32.97.213 - - [31/Aug/2026:05:03:49 +0300] "GET /about-us-style-2/ HTTP/1.1" 200 81929 "-" "Mozilla/5.0 (Macintosh; Intel Mac OS X 10_15_7) AppleWebKit/537.36 (KHTML, like Gecko) Chrome/124.0.0.0 Safari/537.36"
84.32.97.213 - - [31/Aug/2026:05:03:52 +0300] "GET /contacts HTTP/1.1" 301 5442 "-" "Mozilla/5.0 (Macintosh; Intel Mac OS X 10_15_7) AppleWebKit/537.36 (KHTML, like Gecko) Chrome/124.0.0.0 Safari/537.36"
84.32.97.213 - - [31/Aug/2026:05:03:52 +0300] "GET /contacts/ HTTP/1.1" 200 70428 "-" "Mozilla/5.0 (Macintosh; Intel Mac OS X 10_15_7) AppleWebKit/537.36 (KHTML, like Gecko) Chrome/124.0.0.0 Safari/537.36"
84.32.97.213 - - [31/Aug/2026:05:03:54 +0300] "GET /privacy-policy HTTP/1.1" 301 5448 "-" "Mozilla/5.0 (Macintosh; Intel Mac OS X 10_15_7) AppleWebKit/537.36 (KHTML, like Gecko) Chrome/124.0.0.0 Safari/537.36"
84.32.97.213 - - [31/Aug/2026:05:03:54 +0300] "GET /privacy-policy/ HTTP/1.1" 200 92397 "-" "Mozilla/5.0 (Macintosh; Intel Mac OS X 10_15_7) AppleWebKit/537.36 (KHTML, like Gecko) Chrome/124.0.0.0 Safari/537.36"
89.39.7.190 - - [31/Aug/2026:05:05:48 +0300] "POST /wp-cron.php?doing_wp_cron=1788141947.9374709129333496093750 HTTP/1.1" 200 5455 "-" "WordPress/6.9.7; https://ajutam.ro"
83.99.206.116 - - [31/Aug/2026:05:05:47 +0300] "GET /events/list/?tribe-bar-date=2025-08-30&eventDisplay=past HTTP/1.1" 200 125725 "-" "Mozilla/5.0 (X11; Linux x86_64) AppleWebKit/537.36 (KHTML, like Gecko; GeedoShopProductFinder) Chrome/142.0.0.0 Safari/537.36"
83.99.206.116 - - [31/Aug/2026:05:06:06 +0300] "GET /events/list/?tribe-bar-date=2026-08-20&eventDisplay=past HTTP/1.1" 200 125694 "-" "Mozilla/5.0 (X11; Linux x86_64) AppleWebKit/537.36 (KHTML, like Gecko; GeedoShopProductFinder) Chrome/142.0.0.0 Safari/537.36"
89.39.7.190 - - [31/Aug/2026:05:06:23 +0300] "POST /wp-cron.php?doing_wp_cron=1788141983.1682550907135009765625 HTTP/1.1" 200 5455 "-" "WordPress/6.9.7; https://ajutam.ro"
83.99.206.116 - - [31/Aug/2026:05:06:26 +0300] "GET /events/list/?tribe-bar-date=2026-01-28 HTTP/1.1" 200 97647 "-" "Mozilla/5.0 (X11; Linux x86_64) AppleWebKit/537.36 (KHTML, like Gecko; GeedoShopProductFinder) Chrome/142.0.0.0 Safari/537.36"
89.39.7.190 - - [31/Aug/2026:05:06:31 +0300] "HEAD / HTTP/1.1" 200 5703 "-" "-"
83.99.206.116 - - [31/Aug/2026:05:06:46 +0300] "GET /events/list/?tribe-bar-date=2027-04-28&eventDisplay=past HTTP/1.1" 200 125698 "-" "Mozilla/5.0 (X11; Linux x86_64) AppleWebKit/537.36 (KHTML, like Gecko; GeedoShopProductFinder) Chrome/142.0.0.0 Safari/537.36"
47.79.201.21 - - [31/Aug/2026:05:06:53 +0300] "GET /events/2026-08-26/?ical=1 HTTP/1.1" 200 5362 "https://www.google.com/" "Mozilla/5.0 (Windows NT 10.0; Win64; x64) AppleWebKit/537.36 (KHTML, like Gecko) Chrome/132.0.0.0 Safari/537.36"
83.99.206.116 - - [31/Aug/2026:05:07:06 +0300] "GET /events/2027-05-30/ HTTP/1.1" 200 95016 "-" "Mozilla/5.0 (X11; Linux x86_64) AppleWebKit/537.36 (KHTML, like Gecko; GeedoShopProductFinder) Chrome/142.0.0.0 Safari/537.36"
89.39.7.190 - - [31/Aug/2026:05:07:27 +0300] "POST /wp-cron.php?doing_wp_cron=1788142046.8845920562744140625000 HTTP/1.1" 200 5455 "-" "WordPress/6.9.7; https://ajutam.ro"
83.99.206.116 - - [31/Aug/2026:05:07:26 +0300] "GET /events/2025-09-29/ HTTP/1.1" 200 95028 "-" "Mozilla/5.0 (X11; Linux x86_64) AppleWebKit/537.36 (KHTML, like Gecko; GeedoShopProductFinder) Chrome/142.0.0.0 Safari/537.36"
47.79.207.26 - - [31/Aug/2026:05:08:54 +0300] "GET /events/list/?ical=1&tribe-bar-date=2026-01-01 HTTP/1.1" 200 5362 "https://www.google.com/" "Mozilla/5.0 (Linux; Android 10; K) AppleWebKit/537.36 (KHTML, like Gecko) Chrome/132.0.0.0 Mobile Safari/537.36"
89.39.7.190 - - [31/Aug/2026:05:08:55 +0300] "POST /wp-cron.php?doing_wp_cron=1788142135.2642281055450439453125 HTTP/1.1" 200 5455 "-" "WordPress/6.9.7; https://ajutam.ro"
185.191.171.12 - - [31/Aug/2026:05:09:14 +0300] "GET /robots.txt HTTP/1.1" 200 5675 "-" "Mozilla/5.0 (compatible; SemrushBot/7~bl; +http://www.semrush.com/bot.html)"
85.208.96.198 - - [31/Aug/2026:05:09:15 +0300] "GET /events/2022-02-09/ HTTP/1.1" 200 95669 "-" "Mozilla/5.0 (compatible; SemrushBot/7~bl; +http://www.semrush.com/bot.html)"
89.39.7.190 - - [31/Aug/2026:05:09:26 +0300] "POST /wp-cron.php?doing_wp_cron=1788142166.3273808956146240234375 HTTP/1.1" 200 5455 "-" "WordPress/6.9.7; https://ajutam.ro"
83.99.206.116 - - [31/Aug/2026:05:09:25 +0300] "GET /events/2026-06-13/ HTTP/1.1" 200 95006 "-" "Mozilla/5.0 (X11; Linux x86_64) AppleWebKit/537.36 (KHTML, like Gecko; GeedoShopProductFinder) Chrome/142.0.0.0 Safari/537.36"
83.99.206.247 - - [31/Aug/2026:05:09:46 +0300] "GET /events/2026-07-20/ HTTP/1.1" 200 95006 "-" "Mozilla/5.0 (X11; Linux x86_64) AppleWebKit/537.36 (KHTML, like Gecko; GeedoShopProductFinder) Chrome/142.0.0.0 Safari/537.36"
83.99.206.116 - - [31/Aug/2026:05:10:06 +0300] "GET /events/list/?tribe-bar-date=2026-02-27&eventDisplay=past HTTP/1.1" 200 125714 "-" "Mozilla/5.0 (X11; Linux x86_64) AppleWebKit/537.36 (KHTML, like Gecko; GeedoShopProductFinder) Chrome/142.0.0.0 Safari/537.36"
89.39.7.190 - - [31/Aug/2026:05:10:26 +0300] "POST /wp-cron.php?doing_wp_cron=1788142226.8390769958496093750000 HTTP/1.1" 200 5455 "-" "WordPress/6.9.7; https://ajutam.ro"
83.99.206.234 - - [31/Aug/2026:05:10:25 +0300] "GET /events/2025-09-28/ HTTP/1.1" 200 95028 "-" "Mozilla/5.0 (X11; Linux x86_64) AppleWebKit/537.36 (KHTML, like Gecko; GeedoShopProductFinder) Chrome/142.0.0.0 Safari/537.36"
83.99.206.116 - - [31/Aug/2026:05:10:46 +0300] "GET /events/list/?tribe-bar-date=2026-08-17 HTTP/1.1" 200 97648 "-" "Mozilla/5.0 (X11; Linux x86_64) AppleWebKit/537.36 (KHTML, like Gecko; GeedoShopProductFinder) Chrome/142.0.0.0 Safari/537.36"
83.99.206.226 - - [31/Aug/2026:05:11:05 +0300] "GET /events/list/?tribe-bar-date=2026-12-21 HTTP/1.1" 200 97662 "-" "Mozilla/5.0 (X11; Linux x86_64) AppleWebKit/537.36 (KHTML, like Gecko; GeedoShopProductFinder) Chrome/142.0.0.0 Safari/537.36"
89.39.7.190 - - [31/Aug/2026:05:13:04 +0300] "POST /wp-cron.php?doing_wp_cron=1788142384.6547880172729492187500 HTTP/1.1" 200 5455 "-" "WordPress/6.9.7; https://ajutam.ro"
83.99.206.31 - - [31/Aug/2026:05:13:03 +0300] "GET /events/list/?tribe-bar-date=2026-08-16 HTTP/1.1" 200 97641 "-" "Mozilla/5.0 (X11; Linux x86_64) AppleWebKit/537.36 (KHTML, like Gecko; GeedoShopProductFinder) Chrome/142.0.0.0 Safari/537.36"
89.39.7.190 - - [31/Aug/2026:05:13:25 +0300] "POST /wp-cron.php?doing_wp_cron=1788142404.9503359794616699218750 HTTP/1.1" 200 5455 "-" "WordPress/6.9.7; https://ajutam.ro"
83.99.206.31 - - [31/Aug/2026:05:13:24 +0300] "GET /events/list/?tribe-bar-date=2026-10-23&eventDisplay=past HTTP/1.1" 200 125718 "-" "Mozilla/5.0 (X11; Linux x86_64) AppleWebKit/537.36 (KHTML, like Gecko; GeedoShopProductFinder) Chrome/142.0.0.0 Safari/537.36"
83.99.206.31 - - [31/Aug/2026:05:13:43 +0300] "GET /events/2026-01-25/ HTTP/1.1" 200 95024 "-" "Mozilla/5.0 (X11; Linux x86_64) AppleWebKit/537.36 (KHTML, like Gecko; GeedoShopProductFinder) Chrome/142.0.0.0 Safari/537.36"
83.99.206.31 - - [31/Aug/2026:05:14:04 +0300] "GET /events/list/?tribe-bar-date=2027-06-29 HTTP/1.1" 200 97664 "-" "Mozilla/5.0 (X11; Linux x86_64) AppleWebKit/537.36 (KHTML, like Gecko; GeedoShopProductFinder) Chrome/142.0.0.0 Safari/537.36"
89.39.7.190 - - [31/Aug/2026:05:14:24 +0300] "POST /wp-cron.php?doing_wp_cron=1788142464.6665060520172119140625 HTTP/1.1" 200 5455 "-" "WordPress/6.9.7; https://ajutam.ro"
83.99.206.86 - - [31/Aug/2026:05:14:23 +0300] "GET /events/list/?tribe-bar-date=2026-08-17&eventDisplay=past HTTP/1.1" 200 125728 "-" "Mozilla/5.0 (X11; Linux x86_64) AppleWebKit/537.36 (KHTML, like Gecko; GeedoShopProductFinder) Chrome/142.0.0.0 Safari/537.36"
207.154.219.81 - - [31/Aug/2026:05:14:33 +0300] "GET /wp-json/batch/v1 HTTP/1.1" 404 5813 "-" "Mozilla/5.0 (X11; Linux x86_64) AppleWebKit/537.36 (KHTML, like Gecko) Chrome/126.0.0.0 Safari/537.36"
207.154.219.81 - - [31/Aug/2026:05:14:34 +0300] "GET /?rest_route=/batch/v1 HTTP/1.1" 404 5813 "-" "Mozilla/5.0 (X11; Linux x86_64) AppleWebKit/537.36 (KHTML, like Gecko) Chrome/126.0.0.0 Safari/537.36"
207.154.219.81 - - [31/Aug/2026:05:14:34 +0300] "GET /wp-json/batch/v1 HTTP/1.1" 404 5813 "-" "Mozilla/5.0 (X11; Linux x86_64) AppleWebKit/537.36 (KHTML, like Gecko) Chrome/126.0.0.0 Safari/537.36"
83.99.206.31 - - [31/Aug/2026:05:14:44 +0300] "GET /events/2026-05-22/ HTTP/1.1" 200 95016 "-" "Mozilla/5.0 (X11; Linux x86_64) AppleWebKit/537.36 (KHTML, like Gecko; GeedoShopProductFinder) Chrome/142.0.0.0 Safari/537.36"
89.39.7.190 - - [31/Aug/2026:05:16:10 +0300] "POST /wp-cron.php?doing_wp_cron=1788142570.4379780292510986328125 HTTP/1.1" 200 5455 "-" "WordPress/6.9.7; https://ajutam.ro"
5.35.71.219 - - [31/Aug/2026:05:16:09 +0300] "GET /american-humane-association/ HTTP/1.1" 200 72380 "https://ajutam.ro/american-humane-association/" "Mozilla/5.0 (Windows NT 10.0; Win64; x64) AppleWebKit/537.36 (KHTML, like Gecko) Chrome/131.0.0.0 Safari/537.36"
5.35.71.219 - - [31/Aug/2026:05:16:10 +0300] "POST /wp-comments-post.php HTTP/1.1" 302 6019 "https://ajutam.ro/american-humane-association/" "Mozilla/5.0 (Windows NT 10.0; Win64; x64) AppleWebKit/537.36 (KHTML, like Gecko) Chrome/131.0.0.0 Safari/537.36"
5.35.71.219 - - [31/Aug/2026:05:16:11 +0300] "GET /american-humane-association/ HTTP/1.1" 200 81925 "https://ajutam.ro/american-humane-association/#comment-15403" "Mozilla/5.0 (Windows NT 10.0; Win64; x64) AppleWebKit/537.36 (KHTML, like Gecko) Chrome/131.0.0.0 Safari/537.36"
89.39.7.190 - - [31/Aug/2026:05:16:43 +0300] "POST /wp-cron.php?doing_wp_cron=1788142603.8987610340118408203125 HTTP/1.1" 200 5455 "-" "WordPress/6.9.7; https://ajutam.ro"
83.99.206.125 - - [31/Aug/2026:05:16:43 +0300] "GET /events/list/?tribe-bar-date=2027-07-01 HTTP/1.1" 200 97654 "-" "Mozilla/5.0 (X11; Linux x86_64) AppleWebKit/537.36 (KHTML, like Gecko; GeedoShopProductFinder) Chrome/142.0.0.0 Safari/537.36"
83.99.206.125 - - [31/Aug/2026:05:17:03 +0300] "GET /events/list/?tribe-bar-date=2027-02-17&eventDisplay=past HTTP/1.1" 200 125732 "-" "Mozilla/5.0 (X11; Linux x86_64) AppleWebKit/537.36 (KHTML, like Gecko; GeedoShopProductFinder) Chrome/142.0.0.0 Safari/537.36"
89.39.7.190 - - [31/Aug/2026:05:17:24 +0300] "POST /wp-cron.php?doing_wp_cron=1788142643.9267621040344238281250 HTTP/1.1" 200 5455 "-" "WordPress/6.9.7; https://ajutam.ro"
83.99.206.125 - - [31/Aug/2026:05:17:23 +0300] "GET /events/list/?tribe-bar-date=2025-10-31&eventDisplay=past HTTP/1.1" 200 125746 "-" "Mozilla/5.0 (X11; Linux x86_64) AppleWebKit/537.36 (KHTML, like Gecko; GeedoShopProductFinder) Chrome/142.0.0.0 Safari/537.36"
66.249.79.199 - - [31/Aug/2026:05:17:27 +0300] "GET /events/list/?tribe-bar-date=2022-01-11 HTTP/1.1" 200 122256 "-" "Mozilla/5.0 (Linux; Android 6.0.1; Nexus 5X Build/MMB29P) AppleWebKit/537.36 (KHTML, like Gecko) Chrome/151.0.7922.173 Mobile Safari/537.36 (compatible; Googlebot/2.1; +http://www.google.com/bot.html)"
83.99.206.125 - - [31/Aug/2026:05:17:43 +0300] "GET /events/list/?tribe-bar-date=2026-07-20 HTTP/1.1" 200 97633 "-" "Mozilla/5.0 (X11; Linux x86_64) AppleWebKit/537.36 (KHTML, like Gecko; GeedoShopProductFinder) Chrome/142.0.0.0 Safari/537.36"
83.99.206.125 - - [31/Aug/2026:05:18:04 +0300] "GET /events/list/?tribe-bar-date=2026-04-22&eventDisplay=past HTTP/1.1" 200 125686 "-" "Mozilla/5.0 (X11; Linux x86_64) AppleWebKit/537.36 (KHTML, like Gecko; GeedoShopProductFinder) Chrome/142.0.0.0 Safari/537.36"
89.39.7.190 - - [31/Aug/2026:05:18:23 +0300] "POST /wp-cron.php?doing_wp_cron=1788142703.8556630611419677734375 HTTP/1.1" 200 5455 "-" "WordPress/6.9.7; https://ajutam.ro"
83.99.206.125 - - [31/Aug/2026:05:18:23 +0300] "GET /events/list/?tribe-bar-date=2027-04-29&eventDisplay=past HTTP/1.1" 200 125740 "-" "Mozilla/5.0 (X11; Linux x86_64) AppleWebKit/537.36 (KHTML, like Gecko; GeedoShopProductFinder) Chrome/142.0.0.0 Safari/537.36"
89.39.7.190 - - [31/Aug/2026:05:19:59 +0300] "POST /wp-cron.php?doing_wp_cron=1788142799.1448450088500976562500 HTTP/1.1" 200 5455 "-" "WordPress/6.9.7; https://ajutam.ro"
23.94.77.36 - - [31/Aug/2026:05:19:58 +0300] "GET /american-humane-association/ HTTP/1.1" 200 72380 "http://ajutam.ro/american-humane-association/" "Mozilla/5.0 (Macintosh; Intel Mac OS X 10_15_7) AppleWebKit/537.36 (KHTML, like Gecko) Chrome/136.0.0.0 Safari/537.36"
198.46.222.204 - - [31/Aug/2026:05:20:01 +0300] "GET /wp-content/plugins/contact-form-7/includes/css/styles.css?ver=5.5.6 HTTP/1.1" 200 5452 "https://ajutam.ro/american-humane-association/" "Mozilla/5.0 (Windows NT 10.0; Win64; x64) AppleWebKit/537.36 (KHTML, like Gecko) Chrome/149.0.0.0 Safari/537.36"
198.46.222.204 - - [31/Aug/2026:05:20:03 +0300] "GET /wp-content/plugins/essential-grid/public/assets/css/settings.css?ver=3.0.14 HTTP/1.1" 200 5459 "https://ajutam.ro/american-humane-association/" "Mozilla/5.0 (Windows NT 10.0; Win64; x64) AppleWebKit/537.36 (KHTML, like Gecko) Chrome/149.0.0.0 Safari/537.36"
198.46.222.204 - - [31/Aug/2026:05:20:05 +0300] "GET /wp-content/plugins/essential-grid/public/assets/font/fontello/css/fontello.css?ver=3.0.14 HTTP/1.1" 200 5473 "https://ajutam.ro/american-humane-association/" "Mozilla/5.0 (Windows NT 10.0; Win64; x64) AppleWebKit/537.36 (KHTML, like Gecko) Chrome/149.0.0.0 Safari/537.36"
198.46.222.204 - - [31/Aug/2026:05:20:07 +0300] "GET /wp-content/plugins/woocommerce/assets/css/woocommerce-layout.css?ver=6.2.1 HTTP/1.1" 200 5459 "https://ajutam.ro/american-humane-association/" "Mozilla/5.0 (Windows NT 10.0; Win64; x64) AppleWebKit/537.36 (KHTML, like Gecko) Chrome/149.0.0.0 Safari/537.36"
198.46.222.204 - - [31/Aug/2026:05:20:09 +0300] "GET /wp-content/plugins/woocommerce/assets/css/woocommerce-smallscreen.css?ver=6.2.1 HTTP/1.1" 200 5464 "https://ajutam.ro/american-humane-association/" "Mozilla/5.0 (Windows NT 10.0; Win64; x64) AppleWebKit/537.36 (KHTML, like Gecko) Chrome/149.0.0.0 Safari/537.36"
198.46.222.204 - - [31/Aug/2026:05:20:11 +0300] "GET /wp-content/plugins/woocommerce/assets/css/woocommerce.css?ver=6.2.1 HTTP/1.1" 200 5452 "https://ajutam.ro/american-humane-association/" "Mozilla/5.0 (Windows NT 10.0; Win64; x64) AppleWebKit/537.36 (KHTML, like Gecko) Chrome/149.0.0.0 Safari/537.36"
198.46.222.204 - - [31/Aug/2026:05:20:13 +0300] "GET /wp-content/plugins/give/assets/dist/css/give.css?ver=2.19.1 HTTP/1.1" 200 5443 "https://ajutam.ro/american-humane-association/" "Mozilla/5.0 (Windows NT 10.0; Win64; x64) AppleWebKit/537.36 (KHTML, like Gecko) Chrome/149.0.0.0 Safari/537.36"
198.46.222.204 - - [31/Aug/2026:05:20:15 +0300] "GET /wp-content/plugins/give/assets/dist/css/give-donation-summary.css?ver=2.19.1 HTTP/1.1" 200 5460 "https://ajutam.ro/american-humane-association/" "Mozilla/5.0 (Windows NT 10.0; Win64; x64) AppleWebKit/537.36 (KHTML, like Gecko) Chrome/149.0.0.0 Safari/537.36"
198.46.222.204 - - [31/Aug/2026:05:20:17 +0300] "GET /wp-content/themes/charity-is-hope/style.css?ver=6.9.7 HTTP/1.1" 200 5438 "https://ajutam.ro/american-humane-association/" "Mozilla/5.0 (Windows NT 10.0; Win64; x64) AppleWebKit/537.36 (KHTML, like Gecko) Chrome/149.0.0.0 Safari/537.36"
198.46.222.204 - - [31/Aug/2026:05:20:19 +0300] "GET /wp-content/themes/charity-is-hope/css/font-face/WCManoNegraBta/stylesheet.css HTTP/1.1" 200 5977 "https://ajutam.ro/american-humane-association/" "Mozilla/5.0 (Windows NT 10.0; Win64; x64) AppleWebKit/537.36 (KHTML, like Gecko) Chrome/149.0.0.0 Safari/537.36"
83.99.206.195 - - [31/Aug/2026:05:20:20 +0300] "GET /events/list/?tribe-bar-date=2026-02-23 HTTP/1.1" 200 97656 "-" "Mozilla/5.0 (X11; Linux x86_64) AppleWebKit/537.36 (KHTML, like Gecko; GeedoShopProductFinder) Chrome/142.0.0.0 Safari/537.36"
198.46.222.204 - - [31/Aug/2026:05:20:23 +0300] "GET /wp-content/themes/charity-is-hope/css/fontello/css/fontello.css HTTP/1.1" 200 5458 "https://ajutam.ro/american-humane-association/" "Mozilla/5.0 (Windows NT 10.0; Win64; x64) AppleWebKit/537.36 (KHTML, like Gecko) Chrome/149.0.0.0 Safari/537.36"
198.46.222.204 - - [31/Aug/2026:05:20:25 +0300] "GET /wp-content/themes/charity-is-hope-child/style.css HTTP/1.1" 200 6199 "https://ajutam.ro/american-humane-association/" "Mozilla/5.0 (Windows NT 10.0; Win64; x64) AppleWebKit/537.36 (KHTML, like Gecko) Chrome/149.0.0.0 Safari/537.36"
198.46.222.204 - - [31/Aug/2026:05:20:27 +0300] "GET /wp-content/themes/charity-is-hope/fw/css/core.animation.css HTTP/1.1" 200 5454 "https://ajutam.ro/american-humane-association/" "Mozilla/5.0 (Windows NT 10.0; Win64; x64) AppleWebKit/537.36 (KHTML, like Gecko) Chrome/149.0.0.0 Safari/537.36"
198.46.222.204 - - [31/Aug/2026:05:20:29 +0300] "GET /wp-content/plugins/trx_utils/shortcodes/theme.shortcodes.css HTTP/1.1" 200 5455 "https://ajutam.ro/american-humane-association/" "Mozilla/5.0 (Windows NT 10.0; Win64; x64) AppleWebKit/537.36 (KHTML, like Gecko) Chrome/149.0.0.0 Safari/537.36"
198.46.222.204 - - [31/Aug/2026:05:20:31 +0300] "GET /wp-content/themes/charity-is-hope/css/theme.css HTTP/1.1" 200 5442 "https://ajutam.ro/american-humane-association/" "Mozilla/5.0 (Windows NT 10.0; Win64; x64) AppleWebKit/537.36 (KHTML, like Gecko) Chrome/149.0.0.0 Safari/537.36"
198.46.222.204 - - [31/Aug/2026:05:20:33 +0300] "GET /wp-content/themes/charity-is-hope/css/plugin.tribe-events.css HTTP/1.1" 200 5456 "https://ajutam.ro/american-humane-association/" "Mozilla/5.0 (Windows NT 10.0; Win64; x64) AppleWebKit/537.36 (KHTML, like Gecko) Chrome/149.0.0.0 Safari/537.36"
198.46.222.204 - - [31/Aug/2026:05:20:35 +0300] "GET /wp-content/themes/charity-is-hope/css/plugin.give.css HTTP/1.1" 200 5448 "https://ajutam.ro/american-humane-association/" "Mozilla/5.0 (Windows NT 10.0; Win64; x64) AppleWebKit/537.36 (KHTML, like Gecko) Chrome/149.0.0.0 Safari/537.36"
198.46.222.204 - - [31/Aug/2026:05:20:37 +0300] "GET /wp-content/themes/charity-is-hope/css/responsive.css HTTP/1.1" 200 5447 "https://ajutam.ro/american-humane-association/" "Mozilla/5.0 (Windows NT 10.0; Win64; x64) AppleWebKit/537.36 (KHTML, like Gecko) Chrome/149.0.0.0 Safari/537.36"
198.46.222.204 - - [31/Aug/2026:05:20:39 +0300] "GET /wp-includes/js/mediaelement/mediaelementplayer-legacy.min.css?ver=4.2.17 HTTP/1.1" 200 5456 "https://ajutam.ro/american-humane-association/" "Mozilla/5.0 (Windows NT 10.0; Win64; x64) AppleWebKit/537.36 (KHTML, like Gecko) Chrome/149.0.0.0 Safari/537.36"
89.39.7.190 - - [31/Aug/2026:05:20:41 +0300] "POST /wp-cron.php?doing_wp_cron=1788142840.9700460433959960937500 HTTP/1.1" 200 5455 "-" "WordPress/6.9.7; https://ajutam.ro"
83.99.206.105 - - [31/Aug/2026:05:20:40 +0300] "GET /events/list/?tribe-bar-date=2027-07-01&eventDisplay=past HTTP/1.1" 200 125742 "-" "Mozilla/5.0 (X11; Linux x86_64) AppleWebKit/537.36 (KHTML, like Gecko; GeedoShopProductFinder) Chrome/142.0.0.0 Safari/537.36"
198.46.222.204 - - [31/Aug/2026:05:20:41 +0300] "GET /wp-includes/js/mediaelement/wp-mediaelement.min.css?ver=6.9.7 HTTP/1.1" 200 5446 "https://ajutam.ro/american-humane-association/" "Mozilla/5.0 (Windows NT 10.0; Win64; x64) AppleWebKit/537.36 (KHTML, like Gecko) Chrome/149.0.0.0 Safari/537.36"
198.46.222.204 - - [31/Aug/2026:05:20:43 +0300] "GET /wp-content/themes/charity-is-hope/fw/js/core.messages/core.messages.css HTTP/1.1" 200 5466 "https://ajutam.ro/american-humane-association/" "Mozilla/5.0 (Windows NT 10.0; Win64; x64) AppleWebKit/537.36 (KHTML, like Gecko) Chrome/149.0.0.0 Safari/537.36"
198.46.222.204 - - [31/Aug/2026:05:20:45 +0300] "GET /wp-content/themes/charity-is-hope/fw/js/swiper/swiper.css HTTP/1.1" 200 5452 "https://ajutam.ro/american-humane-association/" "Mozilla/5.0 (Windows NT 10.0; Win64; x64) AppleWebKit/537.36 (KHTML, like Gecko) Chrome/149.0.0.0 Safari/537.36"
198.46.222.204 - - [31/Aug/2026:05:20:47 +0300] "GET /wp-content/plugins/revslider/public/assets/css/rs6.css?ver=6.5.15 HTTP/1.1" 200 5449 "https://ajutam.ro/american-humane-association/" "Mozilla/5.0 (Windows NT 10.0; Win64; x64) AppleWebKit/537.36 (KHTML, like Gecko) Chrome/149.0.0.0 Safari/537.36"
23.94.77.36 - - [31/Aug/2026:05:20:48 +0300] "POST /wp-comments-post.php HTTP/1.1" 302 6014 "https://ajutam.ro/american-humane-association/" "Mozilla/5.0 (Macintosh; Intel Mac OS X 10_15_7) AppleWebKit/537.36 (KHTML, like Gecko) Chrome/136.0.0.0 Safari/537.36"
23.94.77.36 - - [31/Aug/2026:05:20:50 +0300] "GET /american-humane-association/?unapproved=15404&moderation-hash=d571f9b219f1174026b1e0f391702476 HTTP/1.1" 200 74349 "https://ajutam.ro/wp-comments-post.php" "Mozilla/5.0 (Macintosh; Intel Mac OS X 10_15_7) AppleWebKit/537.36 (KHTML, like Gecko) Chrome/136.0.0.0 Safari/537.36"
23.94.77.36 - - [31/Aug/2026:05:20:55 +0300] "GET /american-humane-association/ HTTP/1.1" 403 6220 "http://ajutam.ro/american-humane-association/" "Mozilla/5.0 (compatible; Googlebot/2.1; +http://www.google.com/bot.html)"
191.101.110.76 - - [31/Aug/2026:05:20:57 +0300] "GET /american-humane-association/ HTTP/1.1" 403 6220 "-" "Mozilla/5.0 (compatible; Googlebot/2.1; +http://www.google.com/bot.html)"
172.245.60.137 - - [31/Aug/2026:05:20:59 +0300] "GET /american-humane-association/ HTTP/1.1" 403 6220 "-" "Mozilla/5.0 (compatible; Googlebot/2.1; +http://www.google.com/bot.html)"
83.99.206.230 - - [31/Aug/2026:05:21:00 +0300] "GET /events/2026-09-22/ HTTP/1.1" 200 95028 "-" "Mozilla/5.0 (X11; Linux x86_64) AppleWebKit/537.36 (KHTML, like Gecko; GeedoShopProductFinder) Chrome/142.0.0.0 Safari/537.36"
172.245.60.182 - - [31/Aug/2026:05:21:01 +0300] "GET /american-humane-association/ HTTP/1.1" 403 6220 "-" "Mozilla/5.0 (compatible; Googlebot/2.1; +http://www.google.com/bot.html)"
83.99.206.216 - - [31/Aug/2026:05:21:21 +0300] "GET /events/2026-06-12/ HTTP/1.1" 200 95006 "-" "Mozilla/5.0 (X11; Linux x86_64) AppleWebKit/537.36 (KHTML, like Gecko; GeedoShopProductFinder) Chrome/142.0.0.0 Safari/537.36"
89.39.7.190 - - [31/Aug/2026:05:21:41 +0300] "POST /wp-cron.php?doing_wp_cron=1788142901.1213839054107666015625 HTTP/1.1" 200 5455 "-" "WordPress/6.9.7; https://ajutam.ro"
83.99.206.195 - - [31/Aug/2026:05:21:40 +0300] "GET /events/2027-03-25/ HTTP/1.1" 200 95020 "-" "Mozilla/5.0 (X11; Linux x86_64) AppleWebKit/537.36 (KHTML, like Gecko; GeedoShopProductFinder) Chrome/142.0.0.0 Safari/537.36"
83.99.206.195 - - [31/Aug/2026:05:22:00 +0300] "GET /events/list/?tribe-bar-date=2026-01-28&eventDisplay=past HTTP/1.1" 200 125718 "-" "Mozilla/5.0 (X11; Linux x86_64) AppleWebKit/537.36 (KHTML, like Gecko; GeedoShopProductFinder) Chrome/142.0.0.0 Safari/537.36"
23.94.77.36 - - [31/Aug/2026:05:23:15 +0300] "GET /american-humane-association/ HTTP/1.1" 403 6220 "http://ajutam.ro/american-humane-association/" "Mozilla/5.0 (compatible; Googlebot/2.1; +http://www.google.com/bot.html)"
198.46.222.253 - - [31/Aug/2026:05:23:17 +0300] "GET /american-humane-association/ HTTP/1.1" 403 6220 "-" "Mozilla/5.0 (compatible; Googlebot/2.1; +http://www.google.com/bot.html)"
191.101.110.188 - - [31/Aug/2026:05:23:19 +0300] "GET /american-humane-association/ HTTP/1.1" 403 6220 "-" "Mozilla/5.0 (compatible; Googlebot/2.1; +http://www.google.com/bot.html)"
191.101.110.60 - - [31/Aug/2026:05:23:22 +0300] "GET /american-humane-association/ HTTP/1.1" 403 6220 "-" "Mozilla/5.0 (compatible; Googlebot/2.1; +http://www.google.com/bot.html)"
89.39.7.190 - - [31/Aug/2026:05:24:00 +0300] "POST /wp-cron.php?doing_wp_cron=1788143040.9297590255737304687500 HTTP/1.1" 200 5455 "-" "WordPress/6.9.7; https://ajutam.ro"
83.99.206.149 - - [31/Aug/2026:05:23:59 +0300] "GET /events/list/?tribe-bar-date=2026-02-23&eventDisplay=past HTTP/1.1" 200 125704 "-" "Mozilla/5.0 (X11; Linux x86_64) AppleWebKit/537.36 (KHTML, like Gecko; GeedoShopProductFinder) Chrome/142.0.0.0 Safari/537.36"
83.99.206.143 - - [31/Aug/2026:05:24:19 +0300] "GET /events/list/?tribe-bar-date=2025-09-29 HTTP/1.1" 200 97677 "-" "Mozilla/5.0 (X11; Linux x86_64) AppleWebKit/537.36 (KHTML, like Gecko; GeedoShopProductFinder) Chrome/142.0.0.0 Safari/537.36"
89.39.7.190 - - [31/Aug/2026:05:24:27 +0300] "POST /wp-cron.php?doing_wp_cron=1788143067.0321791172027587890625 HTTP/1.1" 200 5455 "-" "WordPress/6.9.7; https://ajutam.ro"
74.7.241.182 - - [31/Aug/2026:05:24:26 +0300] "GET /robots.txt HTTP/1.1" 200 5675 "-" "Mozilla/5.0 (Macintosh; Intel Mac OS X 10_15_7) AppleWebKit/537.36 (KHTML, like Gecko) Chrome/131.0.0.0 Safari/537.36; compatible; OAI-SearchBot/1.4; robots.txt; +https://openai.com/searchbot"
83.99.206.12 - - [31/Aug/2026:05:24:38 +0300] "GET /events/list/?tribe-bar-date=2026-06-13 HTTP/1.1" 200 97633 "-" "Mozilla/5.0 (X11; Linux x86_64) AppleWebKit/537.36 (KHTML, like Gecko; GeedoShopProductFinder) Chrome/142.0.0.0 Safari/537.36"
83.99.206.143 - - [31/Aug/2026:05:24:57 +0300] "GET /events/list/?tribe-bar-date=2026-09-22 HTTP/1.1" 200 97653 "-" "Mozilla/5.0 (X11; Linux x86_64) AppleWebKit/537.36 (KHTML, like Gecko; GeedoShopProductFinder) Chrome/142.0.0.0 Safari/537.36"
83.99.206.143 - - [31/Aug/2026:05:25:17 +0300] "GET /events/list/?tribe-bar-date=2026-03-25&eventDisplay=past HTTP/1.1" 200 125679 "-" "Mozilla/5.0 (X11; Linux x86_64) AppleWebKit/537.36 (KHTML, like Gecko; GeedoShopProductFinder) Chrome/142.0.0.0 Safari/537.36"
89.39.7.190 - - [31/Aug/2026:05:25:38 +0300] "POST /wp-cron.php?doing_wp_cron=1788143138.9041249752044677734375 HTTP/1.1" 200 5455 "-" "WordPress/6.9.7; https://ajutam.ro"
83.99.206.143 - - [31/Aug/2026:05:25:38 +0300] "GET /events/list/?tribe-bar-date=2025-08-28 HTTP/1.1" 200 97672 "-" "Mozilla/5.0 (X11; Linux x86_64) AppleWebKit/537.36 (KHTML, like Gecko; GeedoShopProductFinder) Chrome/142.0.0.0 Safari/537.36"
89.39.7.190 - - [31/Aug/2026:05:27:37 +0300] "POST /wp-cron.php?doing_wp_cron=1788143257.1776909828186035156250 HTTP/1.1" 200 5455 "-" "WordPress/6.9.7; https://ajutam.ro"
83.99.206.118 - - [31/Aug/2026:05:27:36 +0300] "GET /events/list/?tribe-bar-date=2026-01-25 HTTP/1.1" 200 97645 "-" "Mozilla/5.0 (X11; Linux x86_64) AppleWebKit/537.36 (KHTML, like Gecko; GeedoShopProductFinder) Chrome/142.0.0.0 Safari/537.36"
83.99.206.194 - - [31/Aug/2026:05:27:56 +0300] "GET /events/2026-08-15/ HTTP/1.1" 200 95015 "-" "Mozilla/5.0 (X11; Linux x86_64) AppleWebKit/537.36 (KHTML, like Gecko; GeedoShopProductFinder) Chrome/142.0.0.0 Safari/537.36"
83.99.206.118 - - [31/Aug/2026:05:28:16 +0300] "GET /events/list/?tribe-bar-date=2025-09-01 HTTP/1.1" 200 97667 "-" "Mozilla/5.0 (X11; Linux x86_64) AppleWebKit/537.36 (KHTML, like Gecko; GeedoShopProductFinder) Chrome/142.0.0.0 Safari/537.36"
89.39.7.190 - - [31/Aug/2026:05:28:37 +0300] "POST /wp-cron.php?doing_wp_cron=1788143317.1806941032409667968750 HTTP/1.1" 200 5455 "-" "WordPress/6.9.7; https://ajutam.ro"
83.99.206.118 - - [31/Aug/2026:05:28:36 +0300] "GET /events/2027-02-16/ HTTP/1.1" 200 95014 "-" "Mozilla/5.0 (X11; Linux x86_64) AppleWebKit/537.36 (KHTML, like Gecko; GeedoShopProductFinder) Chrome/142.0.0.0 Safari/537.36"
83.99.206.118 - - [31/Aug/2026:05:28:56 +0300] "GET /events/list/?tribe-bar-date=2026-03-27&eventDisplay=past HTTP/1.1" 200 125718 "-" "Mozilla/5.0 (X11; Linux x86_64) AppleWebKit/537.36 (KHTML, like Gecko; GeedoShopProductFinder) Chrome/142.0.0.0 Safari/537.36"
83.99.206.17 - - [31/Aug/2026:05:29:16 +0300] "GET /events/list/?tribe-bar-date=2027-06-30 HTTP/1.1" 200 97664 "-" "Mozilla/5.0 (X11; Linux x86_64) AppleWebKit/537.36 (KHTML, like Gecko; GeedoShopProductFinder) Chrome/142.0.0.0 Safari/537.36"
112.86.225.214 - - [31/Aug/2026:05:29:18 +0300] "GET /events/list/?tribe-bar-date=2026-08-01 HTTP/1.1" 200 97623 "-" "Sogou web spider/4.0(+http://www.sogou.com/docs/help/webmasters.htm#07)"
89.39.7.190 - - [31/Aug/2026:05:30:01 +0300] "POST /wp-cron.php?doing_wp_cron=1788143400.9664878845214843750000 HTTP/1.1" 200 5455 "-" "WordPress/6.9.7; https://ajutam.ro"
112.86.225.214 - - [31/Aug/2026:05:30:00 +0300] "GET /events/list/?tribe-bar-date=2026-08-01 HTTP/1.1" 200 97621 "-" "Sogou web spider/4.0(+http://www.sogou.com/docs/help/webmasters.htm#07)"
89.39.7.190 - - [31/Aug/2026:05:30:28 +0300] "POST /wp-cron.php?doing_wp_cron=1788143428.7654199600219726562500 HTTP/1.1" 200 5455 "-" "WordPress/6.9.7; https://ajutam.ro"
112.86.225.214 - - [31/Aug/2026:05:30:28 +0300] "GET /events/list/?tribe-bar-date=2026-08-01 HTTP/1.1" 200 97621 "-" "Sogou web spider/4.0(+http://www.sogou.com/docs/help/webmasters.htm#07)"
83.99.206.110 - - [31/Aug/2026:05:31:14 +0300] "GET /events/month/2027-08/ HTTP/1.1" 200 211707 "-" "Mozilla/5.0 (X11; Linux x86_64) AppleWebKit/537.36 (KHTML, like Gecko; GeedoShopProductFinder) Chrome/142.0.0.0 Safari/537.36"
112.86.225.214 - - [31/Aug/2026:05:31:18 +0300] "GET /events/list/?tribe-bar-date=2026-08-01 HTTP/1.1" 200 97621 "-" "Sogou web spider/4.0(+http://www.sogou.com/docs/help/webmasters.htm#07)"
89.39.7.190 - - [31/Aug/2026:05:31:35 +0300] "POST /wp-cron.php?doing_wp_cron=1788143495.1076591014862060546875 HTTP/1.1" 200 5455 "-" "WordPress/6.9.7; https://ajutam.ro"
83.99.206.45 - - [31/Aug/2026:05:31:34 +0300] "GET /events/list/?tribe-bar-date=2025-10-30 HTTP/1.1" 200 97675 "-" "Mozilla/5.0 (X11; Linux x86_64) AppleWebKit/537.36 (KHTML, like Gecko; GeedoShopProductFinder) Chrome/142.0.0.0 Safari/537.36"
112.86.225.214 - - [31/Aug/2026:05:31:39 +0300] "GET /events/list/?tribe-bar-date=2026-08-01 HTTP/1.1" 200 97623 "-" "Sogou web spider/4.0(+http://www.sogou.com/docs/help/webmasters.htm#07)"
83.99.206.45 - - [31/Aug/2026:05:31:54 +0300] "GET /events/list/?tribe-bar-date=2026-01-26 HTTP/1.1" 200 97638 "-" "Mozilla/5.0 (X11; Linux x86_64) AppleWebKit/537.36 (KHTML, like Gecko; GeedoShopProductFinder) Chrome/142.0.0.0 Safari/537.36"
83.99.206.178 - - [31/Aug/2026:05:32:14 +0300] "GET /events/list/?tribe-bar-date=2025-08-29 HTTP/1.1" 200 97665 "-" "Mozilla/5.0 (X11; Linux x86_64) AppleWebKit/537.36 (KHTML, like Gecko; GeedoShopProductFinder) Chrome/142.0.0.0 Safari/537.36"
89.39.7.190 - - [31/Aug/2026:05:32:35 +0300] "POST /wp-cron.php?doing_wp_cron=1788143555.0318219661712646484375 HTTP/1.1" 200 5455 "-" "WordPress/6.9.7; https://ajutam.ro"
83.99.206.45 - - [31/Aug/2026:05:32:34 +0300] "GET /events/list/?tribe-bar-date=2026-06-13&eventDisplay=past HTTP/1.1" 200 125735 "-" "Mozilla/5.0 (X11; Linux x86_64) AppleWebKit/537.36 (KHTML, like Gecko; GeedoShopProductFinder) Chrome/142.0.0.0 Safari/537.36"
83.99.206.45 - - [31/Aug/2026:05:32:54 +0300] "GET /events/list/?tribe-bar-date=2025-12-01&eventDisplay=past HTTP/1.1" 200 125751 "-" "Mozilla/5.0 (X11; Linux x86_64) AppleWebKit/537.36 (KHTML, like Gecko; GeedoShopProductFinder) Chrome/142.0.0.0 Safari/537.36"
89.39.7.190 - - [31/Aug/2026:05:34:50 +0300] "POST /wp-cron.php?doing_wp_cron=1788143690.0152380466461181640625 HTTP/1.1" 200 5455 "-" "WordPress/6.9.7; https://ajutam.ro"
83.99.206.118 - - [31/Aug/2026:05:34:49 +0300] "GET /events/list/?tribe-bar-date=2026-03-24&eventDisplay=past HTTP/1.1" 200 125709 "-" "Mozilla/5.0 (X11; Linux x86_64) AppleWebKit/537.36 (KHTML, like Gecko; GeedoShopProductFinder) Chrome/142.0.0.0 Safari/537.36"
83.99.206.118 - - [31/Aug/2026:05:35:09 +0300] "GET /events/month/2027-09/ HTTP/1.1" 200 193195 "-" "Mozilla/5.0 (X11; Linux x86_64) AppleWebKit/537.36 (KHTML, like Gecko; GeedoShopProductFinder) Chrome/142.0.0.0 Safari/537.36"
89.39.7.190 - - [31/Aug/2026:05:35:29 +0300] "POST /wp-cron.php?doing_wp_cron=1788143729.6990621089935302734375 HTTP/1.1" 200 5455 "-" "WordPress/6.9.7; https://ajutam.ro"
83.99.206.118 - - [31/Aug/2026:05:35:29 +0300] "GET /events/list/?tribe-bar-date=2027-08-01 HTTP/1.1" 200 97662 "-" "Mozilla/5.0 (X11; Linux x86_64) AppleWebKit/537.36 (KHTML, like Gecko; GeedoShopProductFinder) Chrome/142.0.0.0 Safari/537.36"
83.99.206.118 - - [31/Aug/2026:05:35:50 +0300] "GET /events/2026-08-14/ HTTP/1.1" 200 95022 "-" "Mozilla/5.0 (X11; Linux x86_64) AppleWebKit/537.36 (KHTML, like Gecko; GeedoShopProductFinder) Chrome/142.0.0.0 Safari/537.36"
83.99.206.118 - - [31/Aug/2026:05:36:09 +0300] "GET /events/2026-01-24/ HTTP/1.1" 200 95024 "-" "Mozilla/5.0 (X11; Linux x86_64) AppleWebKit/537.36 (KHTML, like Gecko; GeedoShopProductFinder) Chrome/142.0.0.0 Safari/537.36"
207.154.219.81 - - [31/Aug/2026:05:36:15 +0300] "POST /wp-login.php HTTP/1.1" 403 6220 "-" "Mozilla/5.0"
89.39.7.190 - - [31/Aug/2026:05:36:30 +0300] "POST /wp-cron.php?doing_wp_cron=1788143790.1078879833221435546875 HTTP/1.1" 200 5455 "-" "WordPress/6.9.7; https://ajutam.ro"
83.99.206.118 - - [31/Aug/2026:05:36:29 +0300] "GET /events/2025-10-29/ HTTP/1.1" 200 95014 "-" "Mozilla/5.0 (X11; Linux x86_64) AppleWebKit/537.36 (KHTML, like Gecko; GeedoShopProductFinder) Chrome/142.0.0.0 Safari/537.36"
89.39.7.190 - - [31/Aug/2026:05:38:31 +0300] "POST /wp-cron.php?doing_wp_cron=1788143911.6617019176483154296875 HTTP/1.1" 200 5455 "-" "WordPress/6.9.7; https://ajutam.ro"
83.99.206.100 - - [31/Aug/2026:05:38:31 +0300] "GET /events/2027-09-01/ HTTP/1.1" 200 95024 "-" "Mozilla/5.0 (X11; Linux x86_64) AppleWebKit/537.36 (KHTML, like Gecko; GeedoShopProductFinder) Chrome/142.0.0.0 Safari/537.36"
207.154.219.81 - - [31/Aug/2026:05:38:38 +0300] "POST /wp-login.php HTTP/1.1" 403 6220 "-" "Mozilla/5.0"
83.99.206.193 - - [31/Aug/2026:05:38:50 +0300] "GET /events/list/?tribe-bar-date=2025-08-28&eventDisplay=past HTTP/1.1" 200 125764 "-" "Mozilla/5.0 (X11; Linux x86_64) AppleWebKit/537.36 (KHTML, like Gecko; GeedoShopProductFinder) Chrome/142.0.0.0 Safari/537.36"
83.99.206.45 - - [31/Aug/2026:05:39:11 +0300] "GET /events/list/?tribe-bar-date=2025-09-30 HTTP/1.1" 200 97677 "-" "Mozilla/5.0 (X11; Linux x86_64) AppleWebKit/537.36 (KHTML, like Gecko; GeedoShopProductFinder) Chrome/142.0.0.0 Safari/537.36"
89.39.7.190 - - [31/Aug/2026:05:39:31 +0300] "POST /wp-cron.php?doing_wp_cron=1788143971.5349969863891601562500 HTTP/1.1" 200 5455 "-" "WordPress/6.9.7; https://ajutam.ro"
83.99.206.45 - - [31/Aug/2026:05:39:30 +0300] "GET /events/list/?tribe-bar-date=2027-05-01&eventDisplay=past HTTP/1.1" 200 125702 "-" "Mozilla/5.0 (X11; Linux x86_64) AppleWebKit/537.36 (KHTML, like Gecko; GeedoShopProductFinder) Chrome/142.0.0.0 Safari/537.36"
85.208.96.201 - - [31/Aug/2026:05:39:36 +0300] "GET /events/2024-10-02/ HTTP/1.1" 200 95012 "-" "Mozilla/5.0 (compatible; SemrushBot/7~bl; +http://www.semrush.com/bot.html)"
83.99.206.45 - - [31/Aug/2026:05:39:50 +0300] "GET /events/2026-03-23/ HTTP/1.1" 200 95020 "-" "Mozilla/5.0 (X11; Linux x86_64) AppleWebKit/537.36 (KHTML, like Gecko; GeedoShopProductFinder) Chrome/142.0.0.0 Safari/537.36"
83.99.206.45 - - [31/Aug/2026:05:40:10 +0300] "GET /events/list/?tribe-bar-date=2026-08-15 HTTP/1.1" 200 97648 "-" "Mozilla/5.0 (X11; Linux x86_64) AppleWebKit/537.36 (KHTML, like Gecko; GeedoShopProductFinder) Chrome/142.0.0.0 Safari/537.36"
207.154.219.81 - - [31/Aug/2026:05:41:44 +0300] "POST /wp-login.php HTTP/1.1" 403 6220 "-" "Mozilla/5.0"
89.39.7.190 - - [31/Aug/2026:05:42:07 +0300] "POST /wp-cron.php?doing_wp_cron=1788144127.6402308940887451171875 HTTP/1.1" 200 5455 "-" "WordPress/6.9.7; https://ajutam.ro"
160.236.186.245 - - [31/Aug/2026:05:42:07 +0300] "GET /wp-login.php HTTP/1.1" 200 12404 "-" "160.236.186.245"
83.99.206.195 - - [31/Aug/2026:05:42:09 +0300] "GET /events/list/?tribe-bar-date=2026-08-14 HTTP/1.1" 200 97641 "-" "Mozilla/5.0 (X11; Linux x86_64) AppleWebKit/537.36 (KHTML, like Gecko; GeedoShopProductFinder) Chrome/142.0.0.0 Safari/537.36"
160.236.186.245 - - [31/Aug/2026:05:42:09 +0300] "POST /wp-login.php HTTP/1.1" 200 12868 "https://ajutam.ro/wp-login.php" "160.236.186.245"
89.39.7.190 - - [31/Aug/2026:05:42:30 +0300] "POST /wp-cron.php?doing_wp_cron=1788144150.4714341163635253906250 HTTP/1.1" 200 5455 "-" "WordPress/6.9.7; https://ajutam.ro"
83.99.206.195 - - [31/Aug/2026:05:42:29 +0300] "GET /events/2025-11-29/ HTTP/1.1" 200 95028 "-" "Mozilla/5.0 (X11; Linux x86_64) AppleWebKit/537.36 (KHTML, like Gecko; GeedoShopProductFinder) Chrome/142.0.0.0 Safari/537.36"
83.99.206.131 - - [31/Aug/2026:05:42:49 +0300] "GET /events/list/?tribe-bar-date=2026-09-24 HTTP/1.1" 200 97655 "-" "Mozilla/5.0 (X11; Linux x86_64) AppleWebKit/537.36 (KHTML, like Gecko; GeedoShopProductFinder) Chrome/142.0.0.0 Safari/537.36"
83.99.206.195 - - [31/Aug/2026:05:43:10 +0300] "GET /events/2027-06-28/ HTTP/1.1" 200 95018 "-" "Mozilla/5.0 (X11; Linux x86_64) AppleWebKit/537.36 (KHTML, like Gecko; GeedoShopProductFinder) Chrome/142.0.0.0 Safari/537.36"
89.39.7.190 - - [31/Aug/2026:05:43:30 +0300] "POST /wp-cron.php?doing_wp_cron=1788144210.7721951007843017578125 HTTP/1.1" 200 5455 "-" "WordPress/6.9.7; https://ajutam.ro"
83.99.206.167 - - [31/Aug/2026:05:43:29 +0300] "GET /events/list/?tribe-bar-date=2027-06-29&eventDisplay=past HTTP/1.1" 200 125746 "-" "Mozilla/5.0 (X11; Linux x86_64) AppleWebKit/537.36 (KHTML, like Gecko; GeedoShopProductFinder) Chrome/142.0.0.0 Safari/537.36"
89.39.7.190 - - [31/Aug/2026:05:43:50 +0300] "POST /wp-cron.php?doing_wp_cron=1788144230.5771698951721191406250 HTTP/1.1" 200 5455 "-" "WordPress/6.9.7; https://ajutam.ro"
83.99.206.195 - - [31/Aug/2026:05:43:50 +0300] "GET /events/2027-08-01/ HTTP/1.1" 200 95006 "-" "Mozilla/5.0 (X11; Linux x86_64) AppleWebKit/537.36 (KHTML, like Gecko; GeedoShopProductFinder) Chrome/142.0.0.0 Safari/537.36"
89.39.7.190 - - [31/Aug/2026:05:44:29 +0300] "POST /wp-cron.php?doing_wp_cron=1788144269.7551140785217285156250 HTTP/1.1" 200 5455 "-" "WordPress/6.9.7; https://ajutam.ro"
138.197.193.77 - - [31/Aug/2026:05:44:29 +0300] "GET /wp-login.php HTTP/1.1" 200 12404 "-" "Mozilla/5.0"
138.197.193.77 - - [31/Aug/2026:05:44:30 +0300] "GET /?author=1 HTTP/1.1" 301 5446 "-" "Mozilla/5.0"
138.197.193.77 - - [31/Aug/2026:05:44:30 +0300] "GET /?author=2 HTTP/1.1" 404 59096 "-" "Mozilla/5.0"
89.39.7.190 - - [31/Aug/2026:05:45:49 +0300] "POST /wp-cron.php?doing_wp_cron=1788144348.9838910102844238281250 HTTP/1.1" 200 5455 "-" "WordPress/6.9.7; https://ajutam.ro"
83.99.206.56 - - [31/Aug/2026:05:45:48 +0300] "GET /events/2026-09-21/ HTTP/1.1" 200 95021 "-" "Mozilla/5.0 (X11; Linux x86_64) AppleWebKit/537.36 (KHTML, like Gecko; GeedoShopProductFinder) Chrome/142.0.0.0 Safari/537.36"
83.99.206.56 - - [31/Aug/2026:05:46:08 +0300] "GET /events/list/?tribe-bar-date=2026-01-26&eventDisplay=past HTTP/1.1" 200 125718 "-" "Mozilla/5.0 (X11; Linux x86_64) AppleWebKit/537.36 (KHTML, like Gecko; GeedoShopProductFinder) Chrome/142.0.0.0 Safari/537.36"
89.39.7.190 - - [31/Aug/2026:05:46:29 +0300] "POST /wp-cron.php?doing_wp_cron=1788144389.6437520980834960937500 HTTP/1.1" 200 5455 "-" "WordPress/6.9.7; https://ajutam.ro"
83.99.206.56 - - [31/Aug/2026:05:46:29 +0300] "GET /events/2025-11-28/ HTTP/1.1" 200 95021 "-" "Mozilla/5.0 (X11; Linux x86_64) AppleWebKit/537.36 (KHTML, like Gecko; GeedoShopProductFinder) Chrome/142.0.0.0 Safari/537.36"
83.99.206.56 - - [31/Aug/2026:05:46:48 +0300] "GET /events/2027-05-29/ HTTP/1.1" 200 95002 "-" "Mozilla/5.0 (X11; Linux x86_64) AppleWebKit/537.36 (KHTML, like Gecko; GeedoShopProductFinder) Chrome/142.0.0.0 Safari/537.36"
83.99.206.56 - - [31/Aug/2026:05:47:08 +0300] "GET /events/list/?tribe-bar-date=2025-11-29 HTTP/1.1" 200 97679 "-" "Mozilla/5.0 (X11; Linux x86_64) AppleWebKit/537.36 (KHTML, like Gecko; GeedoShopProductFinder) Chrome/142.0.0.0 Safari/537.36"
89.39.7.190 - - [31/Aug/2026:05:47:29 +0300] "POST /wp-cron.php?doing_wp_cron=1788144449.0981509685516357421875 HTTP/1.1" 200 5455 "-" "WordPress/6.9.7; https://ajutam.ro"
83.99.206.56 - - [31/Aug/2026:05:47:28 +0300] "GET /events/list/?tribe-bar-date=2025-10-29 HTTP/1.1" 200 97682 "-" "Mozilla/5.0 (X11; Linux x86_64) AppleWebKit/537.36 (KHTML, like Gecko; GeedoShopProductFinder) Chrome/142.0.0.0 Safari/537.36"
207.154.219.81 - - [31/Aug/2026:05:47:47 +0300] "POST /wp-login.php HTTP/1.1" 403 6220 "-" "Mozilla/5.0"
89.39.7.190 - - [31/Aug/2026:05:49:27 +0300] "POST /wp-cron.php?doing_wp_cron=1788144567.0739629268646240234375 HTTP/1.1" 200 5455 "-" "WordPress/6.9.7; https://ajutam.ro"
83.99.206.125 - - [31/Aug/2026:05:49:26 +0300] "GET /events/list/?tribe-bar-date=2025-10-29&eventDisplay=past HTTP/1.1" 200 125727 "-" "Mozilla/5.0 (X11; Linux x86_64) AppleWebKit/537.36 (KHTML, like Gecko; GeedoShopProductFinder) Chrome/142.0.0.0 Safari/537.36"
83.99.206.125 - - [31/Aug/2026:05:49:46 +0300] "GET /events/list/?tribe-bar-date=2026-05-23 HTTP/1.1" 200 97631 "-" "Mozilla/5.0 (X11; Linux x86_64) AppleWebKit/537.36 (KHTML, like Gecko; GeedoShopProductFinder) Chrome/142.0.0.0 Safari/537.36"
83.99.206.125 - - [31/Aug/2026:05:50:06 +0300] "GET /events/list/?tribe-bar-date=2027-03-26 HTTP/1.1" 200 97661 "-" "Mozilla/5.0 (X11; Linux x86_64) AppleWebKit/537.36 (KHTML, like Gecko; GeedoShopProductFinder) Chrome/142.0.0.0 Safari/537.36"
89.39.7.190 - - [31/Aug/2026:05:50:27 +0300] "POST /wp-cron.php?doing_wp_cron=1788144627.6247539520263671875000 HTTP/1.1" 200 5455 "-" "WordPress/6.9.7; https://ajutam.ro"
83.99.206.125 - - [31/Aug/2026:05:50:27 +0300] "GET /events/list/?tribe-bar-date=2026-01-30 HTTP/1.1" 200 97647 "-" "Mozilla/5.0 (X11; Linux x86_64) AppleWebKit/537.36 (KHTML, like Gecko; GeedoShopProductFinder) Chrome/142.0.0.0 Safari/537.36"
83.99.206.125 - - [31/Aug/2026:05:50:47 +0300] "GET /events/list/?tribe-bar-date=2025-11-28 HTTP/1.1" 200 97686 "-" "Mozilla/5.0 (X11; Linux x86_64) AppleWebKit/537.36 (KHTML, like Gecko; GeedoShopProductFinder) Chrome/142.0.0.0 Safari/537.36"
83.99.206.125 - - [31/Aug/2026:05:51:06 +0300] "GET /events/list/?tribe-bar-date=2026-09-23&eventDisplay=past HTTP/1.1" 200 125709 "-" "Mozilla/5.0 (X11; Linux x86_64) AppleWebKit/537.36 (KHTML, like Gecko; GeedoShopProductFinder) Chrome/142.0.0.0 Safari/537.36"
89.39.7.190 - - [31/Aug/2026:05:53:20 +0300] "POST /wp-cron.php?doing_wp_cron=1788144799.9459459781646728515625 HTTP/1.1" 200 5455 "-" "WordPress/6.9.7; https://ajutam.ro"
83.99.206.20 - - [31/Aug/2026:05:53:19 +0300] "GET /events/list/?tribe-bar-date=2025-09-01&eventDisplay=past HTTP/1.1" 200 125743 "-" "Mozilla/5.0 (X11; Linux x86_64) AppleWebKit/537.36 (KHTML, like Gecko; GeedoShopProductFinder) Chrome/142.0.0.0 Safari/537.36"
89.39.7.190 - - [31/Aug/2026:05:53:40 +0300] "POST /wp-cron.php?doing_wp_cron=1788144820.8628869056701660156250 HTTP/1.1" 200 5455 "-" "WordPress/6.9.7; https://ajutam.ro"
83.99.206.20 - - [31/Aug/2026:05:53:40 +0300] "GET /events/list/?tribe-bar-date=2027-05-30 HTTP/1.1" 200 97655 "-" "Mozilla/5.0 (X11; Linux x86_64) AppleWebKit/537.36 (KHTML, like Gecko; GeedoShopProductFinder) Chrome/142.0.0.0 Safari/537.36"
207.154.219.81 - - [31/Aug/2026:05:53:41 +0300] "POST /wp-login.php HTTP/1.1" 403 6220 "-" "Mozilla/5.0"
20.84.23.214 - - [31/Aug/2026:05:53:52 +0300] "GET /wp-login.php HTTP/1.1" 200 12404 "-" "20.84.23.214"
20.84.23.214 - - [31/Aug/2026:05:53:53 +0300] "POST /wp-login.php HTTP/1.1" 200 12868 "https://ajutam.ro/wp-login.php" "20.84.23.214"
83.99.206.115 - - [31/Aug/2026:05:53:59 +0300] "GET /events/list/?tribe-bar-date=2027-09-01 HTTP/1.1" 200 97667 "-" "Mozilla/5.0 (X11; Linux x86_64) AppleWebKit/537.36 (KHTML, like Gecko; GeedoShopProductFinder) Chrome/142.0.0.0 Safari/537.36"
185.191.171.5 - - [31/Aug/2026:05:54:15 +0300] "GET /events/2026-04-27/ HTTP/1.1" 200 94998 "-" "Mozilla/5.0 (compatible; SemrushBot/7~bl; +http://www.semrush.com/bot.html)"
83.99.206.98 - - [31/Aug/2026:05:54:20 +0300] "GET /events/list/?tribe-bar-date=2026-12-21&eventDisplay=past HTTP/1.1" 200 125716 "-" "Mozilla/5.0 (X11; Linux x86_64) AppleWebKit/537.36 (KHTML, like Gecko; GeedoShopProductFinder) Chrome/142.0.0.0 Safari/537.36"
89.39.7.190 - - [31/Aug/2026:05:54:39 +0300] "POST /wp-cron.php?doing_wp_cron=1788144879.1812019348144531250000 HTTP/1.1" 200 5455 "-" "WordPress/6.9.7; https://ajutam.ro"
83.99.206.20 - - [31/Aug/2026:05:54:38 +0300] "GET /events/2026-02-21/ HTTP/1.1" 200 95026 "-" "Mozilla/5.0 (X11; Linux x86_64) AppleWebKit/537.36 (KHTML, like Gecko; GeedoShopProductFinder) Chrome/142.0.0.0 Safari/537.36"
83.99.206.20 - - [31/Aug/2026:05:54:58 +0300] "GET /events/list/?tribe-bar-date=2027-05-29 HTTP/1.1" 200 97653 "-" "Mozilla/5.0 (X11; Linux x86_64) AppleWebKit/537.36 (KHTML, like Gecko; GeedoShopProductFinder) Chrome/142.0.0.0 Safari/537.36"
89.39.7.190 - - [31/Aug/2026:05:57:23 +0300] "POST /wp-cron.php?doing_wp_cron=1788145043.0710508823394775390625 HTTP/1.1" 200 5455 "-" "WordPress/6.9.7; https://ajutam.ro"
83.99.206.20 - - [31/Aug/2026:05:57:22 +0300] "GET /events/2026-04-18/ HTTP/1.1" 200 95020 "-" "Mozilla/5.0 (X11; Linux x86_64) AppleWebKit/537.36 (KHTML, like Gecko; GeedoShopProductFinder) Chrome/142.0.0.0 Safari/537.36"
83.99.206.189 - - [31/Aug/2026:05:57:43 +0300] "GET /events/2027-02-15/ HTTP/1.1" 200 95026 "-" "Mozilla/5.0 (X11; Linux x86_64) AppleWebKit/537.36 (KHTML, like Gecko; GeedoShopProductFinder) Chrome/142.0.0.0 Safari/537.36"
83.99.206.126 - - [31/Aug/2026:05:58:01 +0300] "GET /events/2026-02-20/ HTTP/1.1" 200 95012 "-" "Mozilla/5.0 (X11; Linux x86_64) AppleWebKit/537.36 (KHTML, like Gecko; GeedoShopProductFinder) Chrome/142.0.0.0 Safari/537.36"
89.39.7.190 - - [31/Aug/2026:05:58:23 +0300] "POST /wp-cron.php?doing_wp_cron=1788145103.4682929515838623046875 HTTP/1.1" 200 5455 "-" "WordPress/6.9.7; https://ajutam.ro"
83.99.206.20 - - [31/Aug/2026:05:58:22 +0300] "GET /events/list/?tribe-bar-date=2025-11-28&eventDisplay=past HTTP/1.1" 200 125741 "-" "Mozilla/5.0 (X11; Linux x86_64) AppleWebKit/537.36 (KHTML, like Gecko; GeedoShopProductFinder) Chrome/142.0.0.0 Safari/537.36"
83.99.206.20 - - [31/Aug/2026:05:58:43 +0300] "GET /events/list/?tribe-bar-date=2027-08-01&eventDisplay=past HTTP/1.1" 200 125749 "-" "Mozilla/5.0 (X11; Linux x86_64) AppleWebKit/537.36 (KHTML, like Gecko; GeedoShopProductFinder) Chrome/142.0.0.0 Safari/537.36"
83.99.206.20 - - [31/Aug/2026:05:59:03 +0300] "GET /events/list/?tribe-bar-date=2026-02-21 HTTP/1.1" 200 97656 "-" "Mozilla/5.0 (X11; Linux x86_64) AppleWebKit/537.36 (KHTML, like Gecko; GeedoShopProductFinder) Chrome/142.0.0.0 Safari/537.36"
207.154.219.81 - - [31/Aug/2026:05:59:45 +0300] "POST /wp-login.php HTTP/1.1" 403 6220 "-" "Mozilla/5.0"
89.39.7.190 - - [31/Aug/2026:06:01:06 +0300] "POST /wp-cron.php?doing_wp_cron=1788145266.5803670883178710937500 HTTP/1.1" 200 5455 "-" "WordPress/6.9.7; https://ajutam.ro"
83.99.206.104 - - [31/Aug/2026:06:01:05 +0300] "GET /events/list/?tribe-bar-date=2027-01-28 HTTP/1.1" 200 97669 "-" "Mozilla/5.0 (X11; Linux x86_64) AppleWebKit/537.36 (KHTML, like Gecko; GeedoShopProductFinder) Chrome/142.0.0.0 Safari/537.36"
89.39.7.190 - - [31/Aug/2026:06:01:25 +0300] "POST /wp-cron.php?doing_wp_cron=1788145285.7764990329742431640625 HTTP/1.1" 200 5455 "-" "WordPress/6.9.7; https://ajutam.ro"
83.99.206.250 - - [31/Aug/2026:06:01:25 +0300] "GET /events/2025-08-27/ HTTP/1.1" 200 95015 "-" "Mozilla/5.0 (X11; Linux x86_64) AppleWebKit/537.36 (KHTML, like Gecko; GeedoShopProductFinder) Chrome/142.0.0.0 Safari/537.36"
83.99.206.207 - - [31/Aug/2026:06:01:45 +0300] "GET /events/2027-06-27/ HTTP/1.1" 200 95006 "-" "Mozilla/5.0 (X11; Linux x86_64) AppleWebKit/537.36 (KHTML, like Gecko; GeedoShopProductFinder) Chrome/142.0.0.0 Safari/537.36"
83.99.206.56 - - [31/Aug/2026:06:02:05 +0300] "GET /events/list/?tribe-bar-date=2025-11-29&eventDisplay=past HTTP/1.1" 200 125742 "-" "Mozilla/5.0 (X11; Linux x86_64) AppleWebKit/537.36 (KHTML, like Gecko; GeedoShopProductFinder) Chrome/142.0.0.0 Safari/537.36"
89.39.7.190 - - [31/Aug/2026:06:02:25 +0300] "POST /wp-cron.php?doing_wp_cron=1788145345.7809851169586181640625 HTTP/1.1" 200 5455 "-" "WordPress/6.9.7; https://ajutam.ro"
83.99.206.128 - - [31/Aug/2026:06:02:25 +0300] "GET /events/list/?tribe-bar-date=2026-03-23 HTTP/1.1" 200 97639 "-" "Mozilla/5.0 (X11; Linux x86_64) AppleWebKit/537.36 (KHTML, like Gecko; GeedoShopProductFinder) Chrome/142.0.0.0 Safari/537.36"
40.77.167.14 - - [31/Aug/2026:06:02:40 +0300] "GET /wp-sitemap-posts-tribe_events-1.xml HTTP/1.1" 200 6184 "-" "Mozilla/5.0 AppleWebKit/537.36 (KHTML, like Gecko; compatible; bingbot/2.0; +http://www.bing.com/bingbot.htm) Chrome/116.0.1938.76 Safari/537.36"
83.99.206.56 - - [31/Aug/2026:06:02:45 +0300] "GET /events/list/?tribe-bar-date=2025-09-30&eventDisplay=past HTTP/1.1" 200 125742 "-" "Mozilla/5.0 (X11; Linux x86_64) AppleWebKit/537.36 (KHTML, like Gecko; GeedoShopProductFinder) Chrome/142.0.0.0 Safari/537.36"
89.39.7.190 - - [31/Aug/2026:06:03:41 +0300] "POST /wp-cron.php?doing_wp_cron=1788145421.9315869808197021484375 HTTP/1.1" 200 5455 "-" "WordPress/6.9.7; https://ajutam.ro"
83.99.206.244 - - [31/Aug/2026:06:03:41 +0300] "GET /events/2026-01-23/ HTTP/1.1" 200 95024 "-" "Mozilla/5.0 (X11; Linux x86_64) AppleWebKit/537.36 (KHTML, like Gecko; GeedoShopProductFinder) Chrome/142.0.0.0 Safari/537.36"
