83.99.206.195 - - [31/Aug/2026:04:34:52 +0300] "GET /events/2025-08-31/ HTTP/1.1" 200 95022 "-" "Mozilla/5.0 (X11; Linux x86_64) AppleWebKit/537.36 (KHTML, like Gecko; GeedoShopProductFinder) Chrome/142.0.0.0 Safari/537.36"
89.39.7.190 - - [31/Aug/2026:04:36:48 +0300] "POST /wp-cron.php?doing_wp_cron=1788140208.4773700237274169921875 HTTP/1.1" 200 5455 "-" "WordPress/6.9.7; https://ajutam.ro"
83.99.206.118 - - [31/Aug/2026:04:36:47 +0300] "GET /events/2026-04-20/ HTTP/1.1" 200 95013 "-" "Mozilla/5.0 (X11; Linux x86_64) AppleWebKit/537.36 (KHTML, like Gecko; GeedoShopProductFinder) Chrome/142.0.0.0 Safari/537.36"
83.99.206.105 - - [31/Aug/2026:04:37:07 +0300] "GET /events/list/?tribe-bar-date=2026-07-21&eventDisplay=past HTTP/1.1" 200 125726 "-" "Mozilla/5.0 (X11; Linux x86_64) AppleWebKit/537.36 (KHTML, like Gecko; GeedoShopProductFinder) Chrome/142.0.0.0 Safari/537.36"
89.39.7.190 - - [31/Aug/2026:04:37:28 +0300] "POST /wp-cron.php?doing_wp_cron=1788140248.5716989040374755859375 HTTP/1.1" 200 5455 "-" "WordPress/6.9.7; https://ajutam.ro"
83.99.206.118 - - [31/Aug/2026:04:37:27 +0300] "GET /events/list/?tribe-bar-date=2026-06-15&eventDisplay=past HTTP/1.1" 200 125680 "-" "Mozilla/5.0 (X11; Linux x86_64) AppleWebKit/537.36 (KHTML, like Gecko; GeedoShopProductFinder) Chrome/142.0.0.0 Safari/537.36"
83.99.206.118 - - [31/Aug/2026:04:37:47 +0300] "GET /events/list/?tribe-bar-date=2026-04-23 HTTP/1.1" 200 97639 "-" "Mozilla/5.0 (X11; Linux x86_64) AppleWebKit/537.36 (KHTML, like Gecko; GeedoShopProductFinder) Chrome/142.0.0.0 Safari/537.36"
83.99.206.118 - - [31/Aug/2026:04:38:07 +0300] "GET /events/2025-08-30/ HTTP/1.1" 200 95022 "-" "Mozilla/5.0 (X11; Linux x86_64) AppleWebKit/537.36 (KHTML, like Gecko; GeedoShopProductFinder) Chrome/142.0.0.0 Safari/537.36"
89.39.7.190 - - [31/Aug/2026:04:38:28 +0300] "POST /wp-cron.php?doing_wp_cron=1788140308.0152170658111572265625 HTTP/1.1" 200 5455 "-" "WordPress/6.9.7; https://ajutam.ro"
83.99.206.118 - - [31/Aug/2026:04:38:27 +0300] "GET /events/list/?tribe-bar-date=2025-12-29 HTTP/1.1" 200 97679 "-" "Mozilla/5.0 (X11; Linux x86_64) AppleWebKit/537.36 (KHTML, like Gecko; GeedoShopProductFinder) Chrome/142.0.0.0 Safari/537.36"
143.14.151.50 - - [31/Aug/2026:04:38:57 +0300] "GET /wp-content/uploads/2016/09/product-4.jpg HTTP/1.1" 200 5437 "https://ajutam.ro/" "Mozilla/5.0 (Windows NT 10.0; Win64; x64) AppleWebKit/537.36 (KHTML, like Gecko) Chrome/108.0.0.0 Safari/537.36"
89.39.7.190 - - [31/Aug/2026:04:40:24 +0300] "POST /wp-cron.php?doing_wp_cron=1788140424.1783039569854736328125 HTTP/1.1" 200 5455 "-" "WordPress/6.9.7; https://ajutam.ro"
83.99.206.70 - - [31/Aug/2026:04:40:23 +0300] "GET /events/2026-04-19/ HTTP/1.1" 200 95020 "-" "Mozilla/5.0 (X11; Linux x86_64) AppleWebKit/537.36 (KHTML, like Gecko; GeedoShopProductFinder) Chrome/142.0.0.0 Safari/537.36"
83.99.206.221 - - [31/Aug/2026:04:40:43 +0300] "GET /events/2025-09-30/ HTTP/1.1" 200 95028 "-" "Mozilla/5.0 (X11; Linux x86_64) AppleWebKit/537.36 (KHTML, like Gecko; GeedoShopProductFinder) Chrome/142.0.0.0 Safari/537.36"
83.99.206.221 - - [31/Aug/2026:04:41:03 +0300] "GET /events/list/?tribe-bar-date=2026-03-25 HTTP/1.1" 200 97637 "-" "Mozilla/5.0 (X11; Linux x86_64) AppleWebKit/537.36 (KHTML, like Gecko; GeedoShopProductFinder) Chrome/142.0.0.0 Safari/537.36"
89.39.7.190 - - [31/Aug/2026:04:41:23 +0300] "POST /wp-cron.php?doing_wp_cron=1788140483.7311670780181884765625 HTTP/1.1" 200 5455 "-" "WordPress/6.9.7; https://ajutam.ro"
83.99.206.221 - - [31/Aug/2026:04:41:23 +0300] "GET /events/2025-08-29/ HTTP/1.1" 200 95022 "-" "Mozilla/5.0 (X11; Linux x86_64) AppleWebKit/537.36 (KHTML, like Gecko; GeedoShopProductFinder) Chrome/142.0.0.0 Safari/537.36"
83.99.206.221 - - [31/Aug/2026:04:41:44 +0300] "GET /events/list/?tribe-bar-date=2026-09-25 HTTP/1.1" 200 97655 "-" "Mozilla/5.0 (X11; Linux x86_64) AppleWebKit/537.36 (KHTML, like Gecko; GeedoShopProductFinder) Chrome/142.0.0.0 Safari/537.36"
83.99.206.221 - - [31/Aug/2026:04:42:03 +0300] "GET /events/list/?tribe-bar-date=2026-04-20 HTTP/1.1" 200 97637 "-" "Mozilla/5.0 (X11; Linux x86_64) AppleWebKit/537.36 (KHTML, like Gecko; GeedoShopProductFinder) Chrome/142.0.0.0 Safari/537.36"
89.39.7.190 - - [31/Aug/2026:04:44:03 +0300] "POST /wp-cron.php?doing_wp_cron=1788140643.6835498809814453125000 HTTP/1.1" 200 5455 "-" "WordPress/6.9.7; https://ajutam.ro"
83.99.206.125 - - [31/Aug/2026:04:44:02 +0300] "GET /events/list/?tribe-bar-date=2026-10-24&eventDisplay=past HTTP/1.1" 200 125743 "-" "Mozilla/5.0 (X11; Linux x86_64) AppleWebKit/537.36 (KHTML, like Gecko; GeedoShopProductFinder) Chrome/142.0.0.0 Safari/537.36"
83.99.206.125 - - [31/Aug/2026:04:44:23 +0300] "GET /events/2026-03-24/ HTTP/1.1" 200 95020 "-" "Mozilla/5.0 (X11; Linux x86_64) AppleWebKit/537.36 (KHTML, like Gecko; GeedoShopProductFinder) Chrome/142.0.0.0 Safari/537.36"
89.39.7.190 - - [31/Aug/2026:04:44:23 +0300] "POST /wp-cron.php?doing_wp_cron=1788140663.6700720787048339843750 HTTP/1.1" 200 5455 "-" "WordPress/6.9.7; https://ajutam.ro"
103.255.134.61 - - [31/Aug/2026:04:44:25 +0300] "GET /wp-login.php HTTP/1.1" 200 12404 "-" "103.255.134.61"
103.255.134.61 - - [31/Aug/2026:04:44:26 +0300] "POST /wp-login.php HTTP/1.1" 200 12868 "https://ajutam.ro/wp-login.php" "103.255.134.61"
83.99.206.125 - - [31/Aug/2026:04:44:43 +0300] "GET /events/list/?tribe-bar-date=2025-08-30 HTTP/1.1" 200 97665 "-" "Mozilla/5.0 (X11; Linux x86_64) AppleWebKit/537.36 (KHTML, like Gecko; GeedoShopProductFinder) Chrome/142.0.0.0 Safari/537.36"
83.99.206.125 - - [31/Aug/2026:04:45:02 +0300] "GET /events/2026-08-16/ HTTP/1.1" 200 95015 "-" "Mozilla/5.0 (X11; Linux x86_64) AppleWebKit/537.36 (KHTML, like Gecko; GeedoShopProductFinder) Chrome/142.0.0.0 Safari/537.36"
3.94.157.25 - - [31/Aug/2026:04:45:22 +0300] "GET /tag/voluteers/feed/ HTTP/1.1" 200 9566 "-" "Mozilla/5.0 AppleWebKit/537.36 (KHTML, like Gecko; compatible; Amazonbot/0.1; +https://developer.amazon.com/support/amazonbot) Chrome/119.0.6045.214 Safari/537.36"
89.39.7.190 - - [31/Aug/2026:04:45:23 +0300] "POST /wp-cron.php?doing_wp_cron=1788140723.5033740997314453125000 HTTP/1.1" 200 5455 "-" "WordPress/6.9.7; https://ajutam.ro"
83.99.206.125 - - [31/Aug/2026:04:45:23 +0300] "GET /events/list/?tribe-bar-date=2026-01-27 HTTP/1.1" 200 97645 "-" "Mozilla/5.0 (X11; Linux x86_64) AppleWebKit/537.36 (KHTML, like Gecko; GeedoShopProductFinder) Chrome/142.0.0.0 Safari/537.36"
83.99.206.125 - - [31/Aug/2026:04:45:42 +0300] "GET /events/list/?tribe-bar-date=2026-09-25&eventDisplay=past HTTP/1.1" 200 125701 "-" "Mozilla/5.0 (X11; Linux x86_64) AppleWebKit/537.36 (KHTML, like Gecko; GeedoShopProductFinder) Chrome/142.0.0.0 Safari/537.36"
85.208.96.209 - - [31/Aug/2026:04:45:47 +0300] "GET /events/2022-12-20/ HTTP/1.1" 200 95018 "-" "Mozilla/5.0 (compatible; SemrushBot/7~bl; +http://www.semrush.com/bot.html)"
47.128.114.181 - - [31/Aug/2026:04:46:00 +0300] "GET / HTTP/1.1" 200 102592 "-" "Mozilla/5.0 (Linux; Android 5.0) AppleWebKit/537.36 (KHTML, like Gecko) Mobile Safari/537.36 (compatible; Bytespider; spider-feedback@bytedance.com)"
47.128.114.181 - - [31/Aug/2026:04:46:01 +0300] "GET /wp-content/plugins/essential-grid/public/assets/css/settings.css?ver=3.0.14 HTTP/1.1" 200 5459 "https://ajutam.ro/" "Mozilla/5.0 (Linux; Android 5.0) AppleWebKit/537.36 (KHTML, like Gecko) Mobile Safari/537.36 (compatible; Bytespider; spider-feedback@bytedance.com)"
47.128.114.181 - - [31/Aug/2026:04:46:02 +0300] "GET /wp-content/plugins/contact-form-7/includes/css/styles.css?ver=5.5.6 HTTP/1.1" 200 5452 "https://ajutam.ro/" "Mozilla/5.0 (Linux; Android 5.0) AppleWebKit/537.36 (KHTML, like Gecko) Mobile Safari/537.36 (compatible; Bytespider; spider-feedback@bytedance.com)"
47.128.114.181 - - [31/Aug/2026:04:46:02 +0300] "GET /wp-content/plugins/woocommerce/assets/css/woocommerce-smallscreen.css?ver=6.2.1 HTTP/1.1" 200 5464 "https://ajutam.ro/" "Mozilla/5.0 (Linux; Android 5.0) AppleWebKit/537.36 (KHTML, like Gecko) Mobile Safari/537.36 (compatible; Bytespider; spider-feedback@bytedance.com)"
47.128.114.181 - - [31/Aug/2026:04:46:02 +0300] "GET /wp-content/plugins/woocommerce/assets/css/woocommerce-layout.css?ver=6.2.1 HTTP/1.1" 200 5459 "https://ajutam.ro/" "Mozilla/5.0 (Linux; Android 5.0) AppleWebKit/537.36 (KHTML, like Gecko) Mobile Safari/537.36 (compatible; Bytespider; spider-feedback@bytedance.com)"
47.128.114.181 - - [31/Aug/2026:04:46:02 +0300] "GET /wp-content/plugins/essential-grid/public/assets/font/fontello/css/fontello.css?ver=3.0.14 HTTP/1.1" 200 5473 "https://ajutam.ro/" "Mozilla/5.0 (Linux; Android 5.0) AppleWebKit/537.36 (KHTML, like Gecko) Mobile Safari/537.36 (compatible; Bytespider; spider-feedback@bytedance.com)"
47.128.114.181 - - [31/Aug/2026:04:46:02 +0300] "GET /wp-content/plugins/woocommerce/assets/css/woocommerce.css?ver=6.2.1 HTTP/1.1" 200 5452 "https://ajutam.ro/" "Mozilla/5.0 (Linux; Android 5.0) AppleWebKit/537.36 (KHTML, like Gecko) Mobile Safari/537.36 (compatible; Bytespider; spider-feedback@bytedance.com)"
47.128.114.181 - - [31/Aug/2026:04:46:02 +0300] "GET /wp-content/plugins/give/assets/dist/css/give-donation-summary.css?ver=2.19.1 HTTP/1.1" 200 5460 "https://ajutam.ro/" "Mozilla/5.0 (Linux; Android 5.0) AppleWebKit/537.36 (KHTML, like Gecko) Mobile Safari/537.36 (compatible; Bytespider; spider-feedback@bytedance.com)"
47.128.114.181 - - [31/Aug/2026:04:46:02 +0300] "GET /wp-content/plugins/give/assets/dist/css/give.css?ver=2.19.1 HTTP/1.1" 200 5443 "https://ajutam.ro/" "Mozilla/5.0 (Linux; Android 5.0) AppleWebKit/537.36 (KHTML, like Gecko) Mobile Safari/537.36 (compatible; Bytespider; spider-feedback@bytedance.com)"
47.128.114.181 - - [31/Aug/2026:04:46:02 +0300] "GET /wp-content/themes/charity-is-hope/css/font-face/WCManoNegraBta/stylesheet.css HTTP/1.1" 200 5977 "https://ajutam.ro/" "Mozilla/5.0 (Linux; Android 5.0) AppleWebKit/537.36 (KHTML, like Gecko) Mobile Safari/537.36 (compatible; Bytespider; spider-feedback@bytedance.com)"
47.128.114.181 - - [31/Aug/2026:04:46:02 +0300] "GET /wp-content/themes/charity-is-hope/style.css?ver=6.9.7 HTTP/1.1" 200 5438 "https://ajutam.ro/" "Mozilla/5.0 (Linux; Android 5.0) AppleWebKit/537.36 (KHTML, like Gecko) Mobile Safari/537.36 (compatible; Bytespider; spider-feedback@bytedance.com)"
47.128.114.181 - - [31/Aug/2026:04:46:02 +0300] "GET /wp-content/themes/charity-is-hope/css/fontello/css/fontello.css HTTP/1.1" 200 5458 "https://ajutam.ro/" "Mozilla/5.0 (Linux; Android 5.0) AppleWebKit/537.36 (KHTML, like Gecko) Mobile Safari/537.36 (compatible; Bytespider; spider-feedback@bytedance.com)"
47.128.114.181 - - [31/Aug/2026:04:46:03 +0300] "GET /wp-content/themes/charity-is-hope/fw/css/core.animation.css HTTP/1.1" 200 5454 "https://ajutam.ro/" "Mozilla/5.0 (Linux; Android 5.0) AppleWebKit/537.36 (KHTML, like Gecko) Mobile Safari/537.36 (compatible; Bytespider; spider-feedback@bytedance.com)"
47.128.114.181 - - [31/Aug/2026:04:46:03 +0300] "GET /wp-content/themes/charity-is-hope-child/style.css HTTP/1.1" 200 6199 "https://ajutam.ro/" "Mozilla/5.0 (Linux; Android 5.0) AppleWebKit/537.36 (KHTML, like Gecko) Mobile Safari/537.36 (compatible; Bytespider; spider-feedback@bytedance.com)"
47.128.114.181 - - [31/Aug/2026:04:46:03 +0300] "GET /wp-content/themes/charity-is-hope/css/theme.css HTTP/1.1" 200 5442 "https://ajutam.ro/" "Mozilla/5.0 (Linux; Android 5.0) AppleWebKit/537.36 (KHTML, like Gecko) Mobile Safari/537.36 (compatible; Bytespider; spider-feedback@bytedance.com)"
47.128.114.181 - - [31/Aug/2026:04:46:03 +0300] "GET /wp-content/plugins/trx_utils/shortcodes/theme.shortcodes.css HTTP/1.1" 200 5455 "https://ajutam.ro/" "Mozilla/5.0 (Linux; Android 5.0) AppleWebKit/537.36 (KHTML, like Gecko) Mobile Safari/537.36 (compatible; Bytespider; spider-feedback@bytedance.com)"
47.128.114.181 - - [31/Aug/2026:04:46:03 +0300] "GET /wp-content/themes/charity-is-hope/css/plugin.give.css HTTP/1.1" 200 5448 "https://ajutam.ro/" "Mozilla/5.0 (Linux; Android 5.0) AppleWebKit/537.36 (KHTML, like Gecko) Mobile Safari/537.36 (compatible; Bytespider; spider-feedback@bytedance.com)"
47.128.114.181 - - [31/Aug/2026:04:46:03 +0300] "GET /wp-content/themes/charity-is-hope/css/plugin.tribe-events.css HTTP/1.1" 200 5456 "https://ajutam.ro/" "Mozilla/5.0 (Linux; Android 5.0) AppleWebKit/537.36 (KHTML, like Gecko) Mobile Safari/537.36 (compatible; Bytespider; spider-feedback@bytedance.com)"
47.128.114.181 - - [31/Aug/2026:04:46:03 +0300] "GET /wp-includes/js/mediaelement/mediaelementplayer-legacy.min.css?ver=4.2.17 HTTP/1.1" 200 5456 "https://ajutam.ro/" "Mozilla/5.0 (Linux; Android 5.0) AppleWebKit/537.36 (KHTML, like Gecko) Mobile Safari/537.36 (compatible; Bytespider; spider-feedback@bytedance.com)"
47.128.114.181 - - [31/Aug/2026:04:46:03 +0300] "GET /wp-content/themes/charity-is-hope/css/responsive.css HTTP/1.1" 200 5447 "https://ajutam.ro/" "Mozilla/5.0 (Linux; Android 5.0) AppleWebKit/537.36 (KHTML, like Gecko) Mobile Safari/537.36 (compatible; Bytespider; spider-feedback@bytedance.com)"
47.128.114.181 - - [31/Aug/2026:04:46:03 +0300] "GET /wp-includes/js/mediaelement/wp-mediaelement.min.css?ver=6.9.7 HTTP/1.1" 200 5446 "https://ajutam.ro/" "Mozilla/5.0 (Linux; Android 5.0) AppleWebKit/537.36 (KHTML, like Gecko) Mobile Safari/537.36 (compatible; Bytespider; spider-feedback@bytedance.com)"
47.128.114.181 - - [31/Aug/2026:04:46:03 +0300] "GET /wp-content/themes/charity-is-hope/fw/js/core.messages/core.messages.css HTTP/1.1" 200 5466 "https://ajutam.ro/" "Mozilla/5.0 (Linux; Android 5.0) AppleWebKit/537.36 (KHTML, like Gecko) Mobile Safari/537.36 (compatible; Bytespider; spider-feedback@bytedance.com)"
47.128.114.181 - - [31/Aug/2026:04:46:03 +0300] "GET /wp-content/plugins/js_composer/assets/css/js_composer.min.css?ver=6.8.0 HTTP/1.1" 200 5456 "https://ajutam.ro/" "Mozilla/5.0 (Linux; Android 5.0) AppleWebKit/537.36 (KHTML, like Gecko) Mobile Safari/537.36 (compatible; Bytespider; spider-feedback@bytedance.com)"
47.128.114.181 - - [31/Aug/2026:04:46:03 +0300] "GET /wp-content/plugins/revslider/public/assets/css/rs6.css?ver=6.5.15 HTTP/1.1" 200 5449 "https://ajutam.ro/" "Mozilla/5.0 (Linux; Android 5.0) AppleWebKit/537.36 (KHTML, like Gecko) Mobile Safari/537.36 (compatible; Bytespider; spider-feedback@bytedance.com)"
47.128.114.181 - - [31/Aug/2026:04:46:03 +0300] "GET /wp-content/themes/charity-is-hope/fw/js/swiper/swiper.css HTTP/1.1" 200 5452 "https://ajutam.ro/" "Mozilla/5.0 (Linux; Android 5.0) AppleWebKit/537.36 (KHTML, like Gecko) Mobile Safari/537.36 (compatible; Bytespider; spider-feedback@bytedance.com)"
47.128.114.181 - - [31/Aug/2026:04:46:04 +0300] "GET /wp-content/uploads/2022/02/logo_ajutam.png HTTP/1.1" 200 5438 "https://ajutam.ro/" "Mozilla/5.0 (Linux; Android 5.0) AppleWebKit/537.36 (KHTML, like Gecko) Mobile Safari/537.36 (compatible; Bytespider; spider-feedback@bytedance.com)"
47.128.114.181 - - [31/Aug/2026:04:46:04 +0300] "GET /wp-content/plugins/revslider/public/assets/assets/dummy.png HTTP/1.1" 206 5550 "https://ajutam.ro/" "Mozilla/5.0 (Linux; Android 5.0) AppleWebKit/537.36 (KHTML, like Gecko) Mobile Safari/537.36 (compatible; Bytespider; spider-feedback@bytedance.com)"
47.128.114.181 - - [31/Aug/2026:04:46:04 +0300] "GET /wp-content/uploads/2022/02/mission_2.png HTTP/1.1" 200 5436 "https://ajutam.ro/" "Mozilla/5.0 (Linux; Android 5.0) AppleWebKit/537.36 (KHTML, like Gecko) Mobile Safari/537.36 (compatible; Bytespider; spider-feedback@bytedance.com)"
47.128.114.181 - - [31/Aug/2026:04:46:04 +0300] "GET /wp-content/uploads/2022/02/mission_1.png HTTP/1.1" 200 5436 "https://ajutam.ro/" "Mozilla/5.0 (Linux; Android 5.0) AppleWebKit/537.36 (KHTML, like Gecko) Mobile Safari/537.36 (compatible; Bytespider; spider-feedback@bytedance.com)"
47.128.114.181 - - [31/Aug/2026:04:46:04 +0300] "GET /wp-content/uploads/2022/02/mission_3.png HTTP/1.1" 200 5436 "https://ajutam.ro/" "Mozilla/5.0 (Linux; Android 5.0) AppleWebKit/537.36 (KHTML, like Gecko) Mobile Safari/537.36 (compatible; Bytespider; spider-feedback@bytedance.com)"
47.128.114.181 - - [31/Aug/2026:04:46:04 +0300] "GET /wp-content/uploads/2016/09/partner-2.png HTTP/1.1" 200 5436 "https://ajutam.ro/" "Mozilla/5.0 (Linux; Android 5.0) AppleWebKit/537.36 (KHTML, like Gecko) Mobile Safari/537.36 (compatible; Bytespider; spider-feedback@bytedance.com)"
47.128.114.181 - - [31/Aug/2026:04:46:04 +0300] "GET /wp-content/uploads/2016/09/logo-footer.png HTTP/1.1" 200 5438 "https://ajutam.ro/" "Mozilla/5.0 (Linux; Android 5.0) AppleWebKit/537.36 (KHTML, like Gecko) Mobile Safari/537.36 (compatible; Bytespider; spider-feedback@bytedance.com)"
47.128.114.181 - - [31/Aug/2026:04:46:04 +0300] "GET /wp-content/uploads/2016/09/partner-3.png HTTP/1.1" 200 5436 "https://ajutam.ro/" "Mozilla/5.0 (Linux; Android 5.0) AppleWebKit/537.36 (KHTML, like Gecko) Mobile Safari/537.36 (compatible; Bytespider; spider-feedback@bytedance.com)"
47.128.114.181 - - [31/Aug/2026:04:46:04 +0300] "GET /wp-content/uploads/2016/09/partner-1.png HTTP/1.1" 200 5436 "https://ajutam.ro/" "Mozilla/5.0 (Linux; Android 5.0) AppleWebKit/537.36 (KHTML, like Gecko) Mobile Safari/537.36 (compatible; Bytespider; spider-feedback@bytedance.com)"
47.128.114.181 - - [31/Aug/2026:04:46:04 +0300] "GET /wp-content/uploads/2016/09/partner-4.png HTTP/1.1" 200 5436 "https://ajutam.ro/" "Mozilla/5.0 (Linux; Android 5.0) AppleWebKit/537.36 (KHTML, like Gecko) Mobile Safari/537.36 (compatible; Bytespider; spider-feedback@bytedance.com)"
47.128.114.181 - - [31/Aug/2026:04:46:05 +0300] "GET /wp-content/uploads/2016/09/partner-5.png HTTP/1.1" 200 5436 "https://ajutam.ro/" "Mozilla/5.0 (Linux; Android 5.0) AppleWebKit/537.36 (KHTML, like Gecko) Mobile Safari/537.36 (compatible; Bytespider; spider-feedback@bytedance.com)"
47.128.114.181 - - [31/Aug/2026:04:46:05 +0300] "GET /wp-content/uploads/2016/09/call_bg.png HTTP/1.1" 200 5434 "https://ajutam.ro/" "Mozilla/5.0 (Linux; Android 5.0) AppleWebKit/537.36 (KHTML, like Gecko) Mobile Safari/537.36 (compatible; Bytespider; spider-feedback@bytedance.com)"
47.128.114.181 - - [31/Aug/2026:04:46:05 +0300] "GET /wp-content/uploads/2016/09/image-12-300x200.jpg HTTP/1.1" 200 5444 "https://ajutam.ro/" "Mozilla/5.0 (Linux; Android 5.0) AppleWebKit/537.36 (KHTML, like Gecko) Mobile Safari/537.36 (compatible; Bytespider; spider-feedback@bytedance.com)"
47.128.114.181 - - [31/Aug/2026:04:46:05 +0300] "GET /wp-content/uploads/2016/09/image-14-300x200.jpg HTTP/1.1" 200 5444 "https://ajutam.ro/" "Mozilla/5.0 (Linux; Android 5.0) AppleWebKit/537.36 (KHTML, like Gecko) Mobile Safari/537.36 (compatible; Bytespider; spider-feedback@bytedance.com)"
47.128.114.181 - - [31/Aug/2026:04:46:05 +0300] "GET /wp-content/uploads/2016/09/image-16-300x200.jpg HTTP/1.1" 200 5444 "https://ajutam.ro/" "Mozilla/5.0 (Linux; Android 5.0) AppleWebKit/537.36 (KHTML, like Gecko) Mobile Safari/537.36 (compatible; Bytespider; spider-feedback@bytedance.com)"
89.39.7.190 - - [31/Aug/2026:04:46:33 +0300] "POST /wp-cron.php?doing_wp_cron=1788140792.9313209056854248046875 HTTP/1.1" 200 5455 "-" "WordPress/6.9.7; https://ajutam.ro"
146.103.114.94 - - [31/Aug/2026:04:46:32 +0300] "GET /american-humane-association/ HTTP/1.1" 200 72373 "https://ajutam.ro/american-humane-association/" "Mozilla/5.0 (Windows NT 10.0; Win64; x64) AppleWebKit/537.36 (KHTML, like Gecko) Chrome/131.0.0.0 Safari/537.36 Avast/131.0.0.0"
146.103.114.94 - - [31/Aug/2026:04:46:33 +0300] "POST /wp-comments-post.php HTTP/1.1" 409 8117 "https://ajutam.ro/american-humane-association/" "Mozilla/5.0 (Windows NT 10.0; Win64; x64) AppleWebKit/537.36 (KHTML, like Gecko) Chrome/131.0.0.0 Safari/537.36 Avast/131.0.0.0"
89.39.7.190 - - [31/Aug/2026:04:47:41 +0300] "POST /wp-cron.php?doing_wp_cron=1788140861.0499010086059570312500 HTTP/1.1" 200 5455 "-" "WordPress/6.9.7; https://ajutam.ro"
83.99.206.191 - - [31/Aug/2026:04:47:40 +0300] "GET /events/list/?tribe-bar-date=2025-08-31 HTTP/1.1" 200 97665 "-" "Mozilla/5.0 (X11; Linux x86_64) AppleWebKit/537.36 (KHTML, like Gecko; GeedoShopProductFinder) Chrome/142.0.0.0 Safari/537.36"
83.99.206.229 - - [31/Aug/2026:04:48:00 +0300] "GET /events/list/?tribe-bar-date=2026-05-24&eventDisplay=past HTTP/1.1" 200 125726 "-" "Mozilla/5.0 (X11; Linux x86_64) AppleWebKit/537.36 (KHTML, like Gecko; GeedoShopProductFinder) Chrome/142.0.0.0 Safari/537.36"
89.39.7.190 - - [31/Aug/2026:04:48:22 +0300] "POST /wp-cron.php?doing_wp_cron=1788140901.9605829715728759765625 HTTP/1.1" 200 5455 "-" "WordPress/6.9.7; https://ajutam.ro"
83.99.206.229 - - [31/Aug/2026:04:48:21 +0300] "GET /events/2025-12-28/ HTTP/1.1" 200 95021 "-" "Mozilla/5.0 (X11; Linux x86_64) AppleWebKit/537.36 (KHTML, like Gecko; GeedoShopProductFinder) Chrome/142.0.0.0 Safari/537.36"
89.39.7.190 - - [31/Aug/2026:04:48:40 +0300] "POST /wp-cron.php?doing_wp_cron=1788140920.7405829429626464843750 HTTP/1.1" 200 5455 "-" "WordPress/6.9.7; https://ajutam.ro"
83.99.206.229 - - [31/Aug/2026:04:48:40 +0300] "GET /events/2026-05-23/ HTTP/1.1" 200 95009 "-" "Mozilla/5.0 (X11; Linux x86_64) AppleWebKit/537.36 (KHTML, like Gecko; GeedoShopProductFinder) Chrome/142.0.0.0 Safari/537.36"
83.99.206.229 - - [31/Aug/2026:04:49:01 +0300] "GET /events/2027-04-28/ HTTP/1.1" 200 95013 "-" "Mozilla/5.0 (X11; Linux x86_64) AppleWebKit/537.36 (KHTML, like Gecko; GeedoShopProductFinder) Chrome/142.0.0.0 Safari/537.36"
83.99.206.229 - - [31/Aug/2026:04:49:21 +0300] "GET /events/2025-10-30/ HTTP/1.1" 200 95026 "-" "Mozilla/5.0 (X11; Linux x86_64) AppleWebKit/537.36 (KHTML, like Gecko; GeedoShopProductFinder) Chrome/142.0.0.0 Safari/537.36"
89.39.7.190 - - [31/Aug/2026:04:50:48 +0300] "POST /wp-cron.php?doing_wp_cron=1788141048.0148229598999023437500 HTTP/1.1" 200 5455 "-" "WordPress/6.9.7; https://ajutam.ro"
185.121.232.229 - - [31/Aug/2026:04:50:47 +0300] "GET /american-humane-association/ HTTP/1.1" 200 72380 "https://ajutam.ro/american-humane-association/" "Mozilla/5.0 (Windows NT 10.0; Win64; x64) AppleWebKit/537.36 (KHTML, like Gecko) Chrome/129.0.0.0 Safari/537.36"
185.121.232.229 - - [31/Aug/2026:04:50:48 +0300] "POST /wp-comments-post.php HTTP/1.1" 302 6050 "https://ajutam.ro/american-humane-association/" "Mozilla/5.0 (Windows NT 10.0; Win64; x64) AppleWebKit/537.36 (KHTML, like Gecko) Chrome/129.0.0.0 Safari/537.36"
185.121.232.229 - - [31/Aug/2026:04:50:48 +0300] "GET /american-humane-association/ HTTP/1.1" 200 77849 "https://ajutam.ro/american-humane-association/#comment-15398" "Mozilla/5.0 (Windows NT 10.0; Win64; x64) AppleWebKit/537.36 (KHTML, like Gecko) Chrome/129.0.0.0 Safari/537.36"
83.99.206.229 - - [31/Aug/2026:04:51:17 +0300] "GET /events/list/?tribe-bar-date=2026-03-26&eventDisplay=past HTTP/1.1" 200 125727 "-" "Mozilla/5.0 (X11; Linux x86_64) AppleWebKit/537.36 (KHTML, like Gecko; GeedoShopProductFinder) Chrome/142.0.0.0 Safari/537.36"
89.39.7.190 - - [31/Aug/2026:04:51:38 +0300] "POST /wp-cron.php?doing_wp_cron=1788141098.2259368896484375000000 HTTP/1.1" 200 5455 "-" "WordPress/6.9.7; https://ajutam.ro"
83.99.206.229 - - [31/Aug/2026:04:51:37 +0300] "GET /events/list/?tribe-bar-date=2025-12-30&eventDisplay=past HTTP/1.1" 200 125750 "-" "Mozilla/5.0 (X11; Linux x86_64) AppleWebKit/537.36 (KHTML, like Gecko; GeedoShopProductFinder) Chrome/142.0.0.0 Safari/537.36"
83.99.206.229 - - [31/Aug/2026:04:51:57 +0300] "GET /events/list/?tribe-bar-date=2027-01-29 HTTP/1.1" 200 97671 "-" "Mozilla/5.0 (X11; Linux x86_64) AppleWebKit/537.36 (KHTML, like Gecko; GeedoShopProductFinder) Chrome/142.0.0.0 Safari/537.36"
83.99.206.229 - - [31/Aug/2026:04:52:17 +0300] "GET /events/2026-10-23/ HTTP/1.1" 200 95026 "-" "Mozilla/5.0 (X11; Linux x86_64) AppleWebKit/537.36 (KHTML, like Gecko; GeedoShopProductFinder) Chrome/142.0.0.0 Safari/537.36"
89.39.7.190 - - [31/Aug/2026:04:52:37 +0300] "POST /wp-cron.php?doing_wp_cron=1788141157.9233698844909667968750 HTTP/1.1" 200 5455 "-" "WordPress/6.9.7; https://ajutam.ro"
83.99.206.229 - - [31/Aug/2026:04:52:37 +0300] "GET /events/list/?tribe-bar-date=2026-11-26 HTTP/1.1" 200 97662 "-" "Mozilla/5.0 (X11; Linux x86_64) AppleWebKit/537.36 (KHTML, like Gecko; GeedoShopProductFinder) Chrome/142.0.0.0 Safari/537.36"
83.99.206.229 - - [31/Aug/2026:04:52:57 +0300] "GET /events/list/?tribe-bar-date=2027-04-28 HTTP/1.1" 200 97661 "-" "Mozilla/5.0 (X11; Linux x86_64) AppleWebKit/537.36 (KHTML, like Gecko; GeedoShopProductFinder) Chrome/142.0.0.0 Safari/537.36"
89.39.7.190 - - [31/Aug/2026:04:54:53 +0300] "POST /wp-cron.php?doing_wp_cron=1788141293.8387210369110107421875 HTTP/1.1" 200 5455 "-" "WordPress/6.9.7; https://ajutam.ro"
212.34.141.234 - - [31/Aug/2026:04:54:53 +0300] "GET /american-humane-association/ HTTP/1.1" 200 72373 "https://ajutam.ro/american-humane-association/" "Mozilla/5.0 (Windows NT 10.0; Win64; x64) AppleWebKit/537.36 (KHTML, like Gecko) Chrome/131.0.0.0 Safari/537.36"
212.34.141.234 - - [31/Aug/2026:04:54:54 +0300] "POST /wp-comments-post.php HTTP/1.1" 302 6052 "https://ajutam.ro/american-humane-association/" "Mozilla/5.0 (Windows NT 10.0; Win64; x64) AppleWebKit/537.36 (KHTML, like Gecko) Chrome/131.0.0.0 Safari/537.36"
212.34.141.234 - - [31/Aug/2026:04:54:54 +0300] "GET /american-humane-association/ HTTP/1.1" 200 74241 "https://ajutam.ro/american-humane-association/#comment-15399" "Mozilla/5.0 (Windows NT 10.0; Win64; x64) AppleWebKit/537.36 (KHTML, like Gecko) Chrome/131.0.0.0 Safari/537.36"
83.99.206.195 - - [31/Aug/2026:04:54:56 +0300] "GET /events/list/?tribe-bar-date=2026-04-20&eventDisplay=past HTTP/1.1" 200 125743 "-" "Mozilla/5.0 (X11; Linux x86_64) AppleWebKit/537.36 (KHTML, like Gecko; GeedoShopProductFinder) Chrome/142.0.0.0 Safari/537.36"
83.99.206.195 - - [31/Aug/2026:04:55:16 +0300] "GET /events/list/?tribe-bar-date=2027-01-29&eventDisplay=past HTTP/1.1" 200 125741 "-" "Mozilla/5.0 (X11; Linux x86_64) AppleWebKit/537.36 (KHTML, like Gecko; GeedoShopProductFinder) Chrome/142.0.0.0 Safari/537.36"
112.86.225.172 - - [31/Aug/2026:04:55:21 +0300] "GET /events/list/?tribe-bar-date=2026-04-30 HTTP/1.1" 200 97627 "-" "Sogou web spider/4.0(+http://www.sogou.com/docs/help/webmasters.htm#07)"
89.39.7.190 - - [31/Aug/2026:04:55:37 +0300] "POST /wp-cron.php?doing_wp_cron=1788141337.0558719635009765625000 HTTP/1.1" 200 5455 "-" "WordPress/6.9.7; https://ajutam.ro"
83.99.206.195 - - [31/Aug/2026:04:55:36 +0300] "GET /events/2026-02-22/ HTTP/1.1" 200 95026 "-" "Mozilla/5.0 (X11; Linux x86_64) AppleWebKit/537.36 (KHTML, like Gecko; GeedoShopProductFinder) Chrome/142.0.0.0 Safari/537.36"
89.39.7.190 - - [31/Aug/2026:04:55:57 +0300] "POST /wp-cron.php?doing_wp_cron=1788141357.0427589416503906250000 HTTP/1.1" 200 5455 "-" "WordPress/6.9.7; https://ajutam.ro"
83.99.206.195 - - [31/Aug/2026:04:55:56 +0300] "GET /events/2025-08-28/ HTTP/1.1" 200 95022 "-" "Mozilla/5.0 (X11; Linux x86_64) AppleWebKit/537.36 (KHTML, like Gecko; GeedoShopProductFinder) Chrome/142.0.0.0 Safari/537.36"
83.99.206.195 - - [31/Aug/2026:04:56:16 +0300] "GET /events/list/?tribe-bar-date=2026-01-27&eventDisplay=past HTTP/1.1" 200 125762 "-" "Mozilla/5.0 (X11; Linux x86_64) AppleWebKit/537.36 (KHTML, like Gecko; GeedoShopProductFinder) Chrome/142.0.0.0 Safari/537.36"
89.39.7.190 - - [31/Aug/2026:04:56:37 +0300] "POST /wp-cron.php?doing_wp_cron=1788141397.3190329074859619140625 HTTP/1.1" 200 5455 "-" "WordPress/6.9.7; https://ajutam.ro"
83.99.206.195 - - [31/Aug/2026:04:56:36 +0300] "GET /events/list/?tribe-bar-date=2025-11-30 HTTP/1.1" 200 97686 "-" "Mozilla/5.0 (X11; Linux x86_64) AppleWebKit/537.36 (KHTML, like Gecko; GeedoShopProductFinder) Chrome/142.0.0.0 Safari/537.36"
89.39.7.190 - - [31/Aug/2026:04:58:19 +0300] "POST /wp-cron.php?doing_wp_cron=1788141499.0224449634552001953125 HTTP/1.1" 200 5455 "-" "WordPress/6.9.7; https://ajutam.ro"
79.137.67.90 - - [31/Aug/2026:04:58:18 +0300] "GET /robots.txt HTTP/1.1" 200 5675 "-" "Mozilla/5.0 (compatible; MJ12bot/v1.4.8; http://mj12bot.com/)"
79.137.67.90 - - [31/Aug/2026:04:58:22 +0300] "GET /events/list/?tribe-bar-date=2045-08-06&eventDisplay=past HTTP/1.1" 200 125718 "-" "Mozilla/5.0 (compatible; MJ12bot/v1.4.8; http://mj12bot.com/)"
79.137.67.90 - - [31/Aug/2026:04:58:26 +0300] "GET /events/list/?tribe-bar-date=2045-09-06&eventDisplay=past HTTP/1.1" 200 125741 "-" "Mozilla/5.0 (compatible; MJ12bot/v1.4.8; http://mj12bot.com/)"
89.39.7.190 - - [31/Aug/2026:04:58:26 +0300] "POST /wp-cron.php?doing_wp_cron=1788141506.9217209815979003906250 HTTP/1.1" 200 5455 "-" "WordPress/6.9.7; https://ajutam.ro"
185.191.171.5 - - [31/Aug/2026:04:58:25 +0300] "GET /events/2026-05-15/ HTTP/1.1" 200 95006 "-" "Mozilla/5.0 (compatible; SemrushBot/7~bl; +http://www.semrush.com/bot.html)"
79.137.67.90 - - [31/Aug/2026:04:58:29 +0300] "GET /events/list/?tribe-bar-date=2045-09-07 HTTP/1.1" 200 97664 "-" "Mozilla/5.0 (compatible; MJ12bot/v1.4.8; http://mj12bot.com/)"
79.137.67.90 - - [31/Aug/2026:04:58:32 +0300] "GET /events/list/?tribe-bar-date=2045-09-07&eventDisplay=past HTTP/1.1" 200 125694 "-" "Mozilla/5.0 (compatible; MJ12bot/v1.4.8; http://mj12bot.com/)"
83.99.206.229 - - [31/Aug/2026:04:58:33 +0300] "GET /events/2027-01-28/ HTTP/1.1" 200 95024 "-" "Mozilla/5.0 (X11; Linux x86_64) AppleWebKit/537.36 (KHTML, like Gecko; GeedoShopProductFinder) Chrome/142.0.0.0 Safari/537.36"
79.137.67.90 - - [31/Aug/2026:04:58:36 +0300] "GET /events/list/?tribe-bar-date=2045-09-08&eventDisplay=past HTTP/1.1" 200 125724 "-" "Mozilla/5.0 (compatible; MJ12bot/v1.4.8; http://mj12bot.com/)"
79.137.67.90 - - [31/Aug/2026:04:58:40 +0300] "GET /events/list/?tribe-bar-date=2045-10-08 HTTP/1.1" 200 97662 "-" "Mozilla/5.0 (compatible; MJ12bot/v1.4.8; http://mj12bot.com/)"
79.137.67.90 - - [31/Aug/2026:04:58:43 +0300] "GET /events/list/?tribe-bar-date=2045-10-08&eventDisplay=past HTTP/1.1" 200 125718 "-" "Mozilla/5.0 (compatible; MJ12bot/v1.4.8; http://mj12bot.com/)"
79.137.67.90 - - [31/Aug/2026:04:58:47 +0300] "GET /events/list/?tribe-bar-date=2045-10-09 HTTP/1.1" 200 97662 "-" "Mozilla/5.0 (compatible; MJ12bot/v1.4.8; http://mj12bot.com/)"
79.137.67.90 - - [31/Aug/2026:04:58:51 +0300] "GET /events/list/?tribe-bar-date=2045-10-09&eventDisplay=past HTTP/1.1" 200 125718 "-" "Mozilla/5.0 (compatible; MJ12bot/v1.4.8; http://mj12bot.com/)"
83.99.206.229 - - [31/Aug/2026:04:58:53 +0300] "GET /events/2026-12-21/ HTTP/1.1" 200 95028 "-" "Mozilla/5.0 (X11; Linux x86_64) AppleWebKit/537.36 (KHTML, like Gecko; GeedoShopProductFinder) Chrome/142.0.0.0 Safari/537.36"
79.137.67.90 - - [31/Aug/2026:04:58:55 +0300] "GET /events/list/?tribe-bar-date=2045-10-10&eventDisplay=past HTTP/1.1" 200 125717 "-" "Mozilla/5.0 (compatible; MJ12bot/v1.4.8; http://mj12bot.com/)"
79.137.67.90 - - [31/Aug/2026:04:58:59 +0300] "GET /events/list/?tribe-bar-date=2045-11-08 HTTP/1.1" 200 97666 "-" "Mozilla/5.0 (compatible; MJ12bot/v1.4.8; http://mj12bot.com/)"
79.137.67.90 - - [31/Aug/2026:04:59:03 +0300] "GET /events/list/?tribe-bar-date=2045-11-08&eventDisplay=past HTTP/1.1" 200 125741 "-" "Mozilla/5.0 (compatible; MJ12bot/v1.4.8; http://mj12bot.com/)"
79.137.67.90 - - [31/Aug/2026:04:59:07 +0300] "GET /events/list/?tribe-bar-date=2045-11-09 HTTP/1.1" 200 97666 "-" "Mozilla/5.0 (compatible; MJ12bot/v1.4.8; http://mj12bot.com/)"
79.137.67.90 - - [31/Aug/2026:04:59:12 +0300] "GET /events/list/?tribe-bar-date=2045-11-10&eventDisplay=past HTTP/1.1" 200 125694 "-" "Mozilla/5.0 (compatible; MJ12bot/v1.4.8; http://mj12bot.com/)"
83.99.206.229 - - [31/Aug/2026:04:59:14 +0300] "GET /events/list/?tribe-bar-date=2026-04-22 HTTP/1.1" 200 97639 "-" "Mozilla/5.0 (X11; Linux x86_64) AppleWebKit/537.36 (KHTML, like Gecko; GeedoShopProductFinder) Chrome/142.0.0.0 Safari/537.36"
79.137.67.90 - - [31/Aug/2026:04:59:16 +0300] "GET /events/list/?tribe-bar-date=2046-01-03 HTTP/1.1" 200 97656 "-" "Mozilla/5.0 (compatible; MJ12bot/v1.4.8; http://mj12bot.com/)"
79.137.67.90 - - [31/Aug/2026:04:59:20 +0300] "GET /events/list/?tribe-bar-date=2046-01-04&eventDisplay=past HTTP/1.1" 200 125742 "-" "Mozilla/5.0 (compatible; MJ12bot/v1.4.8; http://mj12bot.com/)"
89.39.7.190 - - [31/Aug/2026:04:59:25 +0300] "POST /wp-cron.php?doing_wp_cron=1788141565.0221560001373291015625 HTTP/1.1" 200 5455 "-" "WordPress/6.9.7; https://ajutam.ro"
79.137.67.90 - - [31/Aug/2026:04:59:24 +0300] "GET /events/list/?tribe-bar-date=2046-01-11 HTTP/1.1" 200 97659 "-" "Mozilla/5.0 (compatible; MJ12bot/v1.4.8; http://mj12bot.com/)"
79.137.67.90 - - [31/Aug/2026:04:59:27 +0300] "GET /events/list/?tribe-bar-date=2046-01-12 HTTP/1.1" 200 97659 "-" "Mozilla/5.0 (compatible; MJ12bot/v1.4.8; http://mj12bot.com/)"
79.137.67.90 - - [31/Aug/2026:04:59:31 +0300] "GET /events/list/?tribe-bar-date=2046-02-09 HTTP/1.1" 200 97653 "-" "Mozilla/5.0 (compatible; MJ12bot/v1.4.8; http://mj12bot.com/)"
83.99.206.229 - - [31/Aug/2026:04:59:33 +0300] "GET /events/2026-09-23/ HTTP/1.1" 200 95021 "-" "Mozilla/5.0 (X11; Linux x86_64) AppleWebKit/537.36 (KHTML, like Gecko; GeedoShopProductFinder) Chrome/142.0.0.0 Safari/537.36"
79.137.67.90 - - [31/Aug/2026:04:59:36 +0300] "GET /events/list/?tribe-bar-date=2046-02-11&eventDisplay=past HTTP/1.1" 200 125742 "-" "Mozilla/5.0 (compatible; MJ12bot/v1.4.8; http://mj12bot.com/)"
87.199.194.213 - - [31/Aug/2026:04:59:39 +0300] "GET /american-humane-association/ HTTP/1.1" 200 72373 "https://ajutam.ro/american-humane-association/" "Mozilla/5.0 (Windows NT 10.0; Win64; x64) AppleWebKit/537.36 (KHTML, like Gecko) Chrome/130.0.0.0 Safari/537.36 CCleaner/130.0.0.0"
79.137.67.90 - - [31/Aug/2026:04:59:40 +0300] "GET /events/list/?tribe-bar-date=2046-03-05 HTTP/1.1" 200 97641 "-" "Mozilla/5.0 (compatible; MJ12bot/v1.4.8; http://mj12bot.com/)"
87.199.194.213 - - [31/Aug/2026:04:59:40 +0300] "POST /wp-comments-post.php HTTP/1.1" 302 6057 "https://ajutam.ro/american-humane-association/" "Mozilla/5.0 (Windows NT 10.0; Win64; x64) AppleWebKit/537.36 (KHTML, like Gecko) Chrome/130.0.0.0 Safari/537.36 CCleaner/130.0.0.0"
87.199.194.213 - - [31/Aug/2026:04:59:41 +0300] "GET /american-humane-association/ HTTP/1.1" 200 74919 "https://ajutam.ro/american-humane-association/#comment-15400" "Mozilla/5.0 (Windows NT 10.0; Win64; x64) AppleWebKit/537.36 (KHTML, like Gecko) Chrome/130.0.0.0 Safari/537.36 CCleaner/130.0.0.0"
79.137.67.90 - - [31/Aug/2026:04:59:42 +0300] "GET /events/list/?tribe-bar-date=2046-03-06&eventDisplay=past HTTP/1.1" 200 125729 "-" "Mozilla/5.0 (compatible; MJ12bot/v1.4.8; http://mj12bot.com/)"
79.137.67.90 - - [31/Aug/2026:04:59:45 +0300] "GET /events/list/?tribe-bar-date=2046-03-13 HTTP/1.1" 200 97658 "-" "Mozilla/5.0 (compatible; MJ12bot/v1.4.8; http://mj12bot.com/)"
146.103.110.101 - - [31/Aug/2026:04:59:46 +0300] "GET /american-humane-association/ HTTP/1.1" 200 72373 "https://ajutam.ro/american-humane-association/" "Mozilla/5.0 (Windows NT 10.0; Win64; x64) AppleWebKit/537.36 (KHTML, like Gecko) Chrome/131.0.0.0 Safari/537.36"
146.103.110.101 - - [31/Aug/2026:04:59:47 +0300] "POST /wp-comments-post.php HTTP/1.1" 302 6053 "https://ajutam.ro/american-humane-association/" "Mozilla/5.0 (Windows NT 10.0; Win64; x64) AppleWebKit/537.36 (KHTML, like Gecko) Chrome/131.0.0.0 Safari/537.36"
146.103.110.101 - - [31/Aug/2026:04:59:47 +0300] "GET /american-humane-association/ HTTP/1.1" 200 76214 "https://ajutam.ro/american-humane-association/#comment-15401" "Mozilla/5.0 (Windows NT 10.0; Win64; x64) AppleWebKit/537.36 (KHTML, like Gecko) Chrome/131.0.0.0 Safari/537.36"
79.137.67.90 - - [31/Aug/2026:04:59:49 +0300] "GET /events/list/?tribe-bar-date=2046-03-13&eventDisplay=past HTTP/1.1" 200 125726 "-" "Mozilla/5.0 (compatible; MJ12bot/v1.4.8; http://mj12bot.com/)"
79.137.67.90 - - [31/Aug/2026:04:59:53 +0300] "GET /events/list/?tribe-bar-date=2046-03-14 HTTP/1.1" 200 97658 "-" "Mozilla/5.0 (compatible; MJ12bot/v1.4.8; http://mj12bot.com/)"
83.99.206.229 - - [31/Aug/2026:04:59:53 +0300] "GET /events/list/?tribe-bar-date=2025-11-30&eventDisplay=past HTTP/1.1" 200 125761 "-" "Mozilla/5.0 (X11; Linux x86_64) AppleWebKit/537.36 (KHTML, like Gecko; GeedoShopProductFinder) Chrome/142.0.0.0 Safari/537.36"
79.137.67.90 - - [31/Aug/2026:04:59:56 +0300] "GET /events/list/?tribe-bar-date=2047-04-05&eventDisplay=past HTTP/1.1" 200 125762 "-" "Mozilla/5.0 (compatible; MJ12bot/v1.4.8; http://mj12bot.com/)"
79.137.67.90 - - [31/Aug/2026:05:00:00 +0300] "GET /events/list/?tribe-bar-date=2047-04-07&eventDisplay=past HTTP/1.1" 200 125744 "-" "Mozilla/5.0 (compatible; MJ12bot/v1.4.8; http://mj12bot.com/)"
79.137.67.90 - - [31/Aug/2026:05:00:05 +0300] "GET /events/list/?tribe-bar-date=2047-04-13 HTTP/1.1" 200 97651 "-" "Mozilla/5.0 (compatible; MJ12bot/v1.4.8; http://mj12bot.com/)"
79.137.67.90 - - [31/Aug/2026:05:00:08 +0300] "GET /events/list/?tribe-bar-date=2047-04-14 HTTP/1.1" 200 97651 "-" "Mozilla/5.0 (compatible; MJ12bot/v1.4.8; http://mj12bot.com/)"
79.137.67.90 - - [31/Aug/2026:05:00:12 +0300] "GET /events/list/?tribe-bar-date=2047-04-14&eventDisplay=past HTTP/1.1" 200 125695 "-" "Mozilla/5.0 (compatible; MJ12bot/v1.4.8; http://mj12bot.com/)"
83.99.206.25 - - [31/Aug/2026:05:00:14 +0300] "GET /events/list/?tribe-bar-date=2026-08-18&eventDisplay=past HTTP/1.1" 200 125710 "-" "Mozilla/5.0 (X11; Linux x86_64) AppleWebKit/537.36 (KHTML, like Gecko; GeedoShopProductFinder) Chrome/142.0.0.0 Safari/537.36"
79.137.67.90 - - [31/Aug/2026:05:00:16 +0300] "GET /events/list/?tribe-bar-date=2047-04-15&eventDisplay=past HTTP/1.1" 200 125702 "-" "Mozilla/5.0 (compatible; MJ12bot/v1.4.8; http://mj12bot.com/)"
79.137.67.90 - - [31/Aug/2026:05:00:20 +0300] "GET /events/list/?tribe-bar-date=2047-04-22 HTTP/1.1" 200 97651 "-" "Mozilla/5.0 (compatible; MJ12bot/v1.4.8; http://mj12bot.com/)"
89.39.7.190 - - [31/Aug/2026:05:00:25 +0300] "POST /wp-cron.php?doing_wp_cron=1788141625.4605159759521484375000 HTTP/1.1" 200 5455 "-" "WordPress/6.9.7; https://ajutam.ro"
79.137.67.90 - - [31/Aug/2026:05:00:24 +0300] "GET /events/list/?tribe-bar-date=2047-04-22&eventDisplay=past HTTP/1.1" 200 125737 "-" "Mozilla/5.0 (compatible; MJ12bot/v1.4.8; http://mj12bot.com/)"
79.137.67.90 - - [31/Aug/2026:05:00:28 +0300] "GET /events/list/?tribe-bar-date=2047-04-23 HTTP/1.1" 200 97658 "-" "Mozilla/5.0 (compatible; MJ12bot/v1.4.8; http://mj12bot.com/)"
79.137.67.90 - - [31/Aug/2026:05:00:32 +0300] "GET /events/list/?tribe-bar-date=2047-04-23&eventDisplay=past HTTP/1.1" 200 125698 "-" "Mozilla/5.0 (compatible; MJ12bot/v1.4.8; http://mj12bot.com/)"
79.137.67.90 - - [31/Aug/2026:05:00:35 +0300] "GET /events/list/?tribe-bar-date=2047-04-24&eventDisplay=past HTTP/1.1" 200 125712 "-" "Mozilla/5.0 (compatible; MJ12bot/v1.4.8; http://mj12bot.com/)"
79.137.67.90 - - [31/Aug/2026:05:00:40 +0300] "GET /events/list/?tribe-bar-date=2047-05-05 HTTP/1.1" 200 97640 "-" "Mozilla/5.0 (compatible; MJ12bot/v1.4.8; http://mj12bot.com/)"
79.137.67.90 - - [31/Aug/2026:05:00:44 +0300] "GET /events/list/?tribe-bar-date=2047-05-06 HTTP/1.1" 200 97633 "-" "Mozilla/5.0 (compatible; MJ12bot/v1.4.8; http://mj12bot.com/)"
79.137.67.90 - - [31/Aug/2026:05:00:48 +0300] "GET /events/list/?tribe-bar-date=2047-05-06&eventDisplay=past HTTP/1.1" 200 125749 "-" "Mozilla/5.0 (compatible; MJ12bot/v1.4.8; http://mj12bot.com/)"
79.137.67.90 - - [31/Aug/2026:05:00:52 +0300] "GET /events/list/?tribe-bar-date=2047-05-07 HTTP/1.1" 200 97633 "-" "Mozilla/5.0 (compatible; MJ12bot/v1.4.8; http://mj12bot.com/)"
79.137.67.90 - - [31/Aug/2026:05:00:56 +0300] "GET /events/list/?tribe-bar-date=2047-05-07&eventDisplay=past HTTP/1.1" 200 125722 "-" "Mozilla/5.0 (compatible; MJ12bot/v1.4.8; http://mj12bot.com/)"
79.137.67.90 - - [31/Aug/2026:05:01:00 +0300] "GET /events/list/?tribe-bar-date=2047-05-08 HTTP/1.1" 200 97633 "-" "Mozilla/5.0 (compatible; MJ12bot/v1.4.8; http://mj12bot.com/)"
79.137.67.90 - - [31/Aug/2026:05:01:04 +0300] "GET /events/list/?tribe-bar-date=2047-05-08&eventDisplay=past HTTP/1.1" 200 125744 "-" "Mozilla/5.0 (compatible; MJ12bot/v1.4.8; http://mj12bot.com/)"
79.137.67.90 - - [31/Aug/2026:05:01:08 +0300] "GET /events/list/?tribe-bar-date=2047-05-09&eventDisplay=past HTTP/1.1" 200 125725 "-" "Mozilla/5.0 (compatible; MJ12bot/v1.4.8; http://mj12bot.com/)"
79.137.67.90 - - [31/Aug/2026:05:01:11 +0300] "GET /events/list/?tribe-bar-date=2047-05-26&eventDisplay=past HTTP/1.1" 200 125762 "-" "Mozilla/5.0 (compatible; MJ12bot/v1.4.8; http://mj12bot.com/)"
79.137.67.90 - - [31/Aug/2026:05:01:15 +0300] "GET /events/list/?tribe-bar-date=2047-06-05 HTTP/1.1" 200 97639 "-" "Mozilla/5.0 (compatible; MJ12bot/v1.4.8; http://mj12bot.com/)"
79.137.67.90 - - [31/Aug/2026:05:01:19 +0300] "GET /events/list/?tribe-bar-date=2047-06-06 HTTP/1.1" 200 97637 "-" "Mozilla/5.0 (compatible; MJ12bot/v1.4.8; http://mj12bot.com/)"
79.137.67.90 - - [31/Aug/2026:05:01:22 +0300] "GET /events/list/?tribe-bar-date=2047-06-06&eventDisplay=past HTTP/1.1" 200 125688 "-" "Mozilla/5.0 (compatible; MJ12bot/v1.4.8; http://mj12bot.com/)"
89.39.7.190 - - [31/Aug/2026:05:01:27 +0300] "POST /wp-cron.php?doing_wp_cron=1788141687.2745430469512939453125 HTTP/1.1" 200 5455 "-" "WordPress/6.9.7; https://ajutam.ro"
79.137.67.90 - - [31/Aug/2026:05:01:26 +0300] "GET /events/list/?tribe-bar-date=2047-06-07 HTTP/1.1" 200 97637 "-" "Mozilla/5.0 (compatible; MJ12bot/v1.4.8; http://mj12bot.com/)"
79.137.67.90 - - [31/Aug/2026:05:01:30 +0300] "GET /events/list/?tribe-bar-date=2047-06-26&eventDisplay=past HTTP/1.1" 200 125721 "-" "Mozilla/5.0 (compatible; MJ12bot/v1.4.8; http://mj12bot.com/)"
79.137.67.90 - - [31/Aug/2026:05:01:33 +0300] "GET /events/list/?tribe-bar-date=2047-07-07 HTTP/1.1" 200 97637 "-" "Mozilla/5.0 (compatible; MJ12bot/v1.4.8; http://mj12bot.com/)"
79.137.67.90 - - [31/Aug/2026:05:01:37 +0300] "GET /events/list/?tribe-bar-date=2047-07-08 HTTP/1.1" 200 97639 "-" "Mozilla/5.0 (compatible; MJ12bot/v1.4.8; http://mj12bot.com/)"
79.137.67.90 - - [31/Aug/2026:05:01:40 +0300] "GET /events/list/?tribe-bar-date=2047-07-08&eventDisplay=past HTTP/1.1" 200 125742 "-" "Mozilla/5.0 (compatible; MJ12bot/v1.4.8; http://mj12bot.com/)"
79.137.67.90 - - [31/Aug/2026:05:01:44 +0300] "GET /events/list/?tribe-bar-date=2047-07-09 HTTP/1.1" 200 97639 "-" "Mozilla/5.0 (compatible; MJ12bot/v1.4.8; http://mj12bot.com/)"
79.137.67.90 - - [31/Aug/2026:05:01:48 +0300] "GET /events/list/?tribe-bar-date=2047-07-09&eventDisplay=past HTTP/1.1" 200 125716 "-" "Mozilla/5.0 (compatible; MJ12bot/v1.4.8; http://mj12bot.com/)"
79.137.67.90 - - [31/Aug/2026:05:01:51 +0300] "GET /events/list/?tribe-bar-date=2047-07-10 HTTP/1.1" 200 97654 "-" "Mozilla/5.0 (compatible; MJ12bot/v1.4.8; http://mj12bot.com/)"
79.137.67.90 - - [31/Aug/2026:05:01:56 +0300] "GET /events/list/?tribe-bar-date=2047-07-10&eventDisplay=past HTTP/1.1" 200 125728 "-" "Mozilla/5.0 (compatible; MJ12bot/v1.4.8; http://mj12bot.com/)"
79.137.67.90 - - [31/Aug/2026:05:01:59 +0300] "GET /events/list/?tribe-bar-date=2047-08-19&eventDisplay=past HTTP/1.1" 200 125713 "-" "Mozilla/5.0 (compatible; MJ12bot/v1.4.8; http://mj12bot.com/)"
79.137.67.90 - - [31/Aug/2026:05:02:02 +0300] "GET /events/list/?tribe-bar-date=2047-08-20&eventDisplay=past HTTP/1.1" 200 125711 "-" "Mozilla/5.0 (compatible; MJ12bot/v1.4.8; http://mj12bot.com/)"
79.137.67.90 - - [31/Aug/2026:05:02:06 +0300] "GET /events/list/?tribe-bar-date=2047-09-08 HTTP/1.1" 200 97657 "-" "Mozilla/5.0 (compatible; MJ12bot/v1.4.8; http://mj12bot.com/)"
185.191.171.5 - - [31/Aug/2026:05:02:08 +0300] "GET /events/2022-10-01/ HTTP/1.1" 200 95012 "-" "Mozilla/5.0 (compatible; SemrushBot/7~bl; +http://www.semrush.com/bot.html)"
83.99.206.116 - - [31/Aug/2026:05:02:08 +0300] "GET /events/2026-01-26/ HTTP/1.1" 200 95017 "-" "Mozilla/5.0 (X11; Linux x86_64) AppleWebKit/537.36 (KHTML, like Gecko; GeedoShopProductFinder) Chrome/142.0.0.0 Safari/537.36"
79.137.67.90 - - [31/Aug/2026:05:02:09 +0300] "GET /events/list/?tribe-bar-date=2047-09-09 HTTP/1.1" 200 97664 "-" "Mozilla/5.0 (compatible; MJ12bot/v1.4.8; http://mj12bot.com/)"
79.137.67.90 - - [31/Aug/2026:05:02:12 +0300] "GET /events/list/?tribe-bar-date=2047-09-09&eventDisplay=past HTTP/1.1" 200 125738 "-" "Mozilla/5.0 (compatible; MJ12bot/v1.4.8; http://mj12bot.com/)"
79.137.67.90 - - [31/Aug/2026:05:02:16 +0300] "GET /events/list/?tribe-bar-date=2047-09-10 HTTP/1.1" 200 97674 "-" "Mozilla/5.0 (compatible; MJ12bot/v1.4.8; http://mj12bot.com/)"
79.137.67.90 - - [31/Aug/2026:05:02:18 +0300] "GET /events/list/?tribe-bar-date=2047-09-10&eventDisplay=past HTTP/1.1" 200 125722 "-" "Mozilla/5.0 (compatible; MJ12bot/v1.4.8; http://mj12bot.com/)"
79.137.67.90 - - [31/Aug/2026:05:02:21 +0300] "GET /events/list/?tribe-bar-date=2047-09-11 HTTP/1.1" 200 97667 "-" "Mozilla/5.0 (compatible; MJ12bot/v1.4.8; http://mj12bot.com/)"
89.39.7.190 - - [31/Aug/2026:05:02:26 +0300] "POST /wp-cron.php?doing_wp_cron=1788141746.2102470397949218750000 HTTP/1.1" 200 5455 "-" "WordPress/6.9.7; https://ajutam.ro"
79.137.67.90 - - [31/Aug/2026:05:02:25 +0300] "GET /events/list/?tribe-bar-date=2047-09-11&eventDisplay=past HTTP/1.1" 200 125724 "-" "Mozilla/5.0 (compatible; MJ12bot/v1.4.8; http://mj12bot.com/)"
83.99.206.116 - - [31/Aug/2026:05:02:28 +0300] "GET /events/list/?tribe-bar-date=2026-03-24 HTTP/1.1" 200 97637 "-" "Mozilla/5.0 (X11; Linux x86_64) AppleWebKit/537.36 (KHTML, like Gecko; GeedoShopProductFinder) Chrome/142.0.0.0 Safari/537.36"
79.137.67.90 - - [31/Aug/2026:05:02:28 +0300] "GET /events/list/?tribe-bar-date=2047-09-12&eventDisplay=past HTTP/1.1" 200 125734 "-" "Mozilla/5.0 (compatible; MJ12bot/v1.4.8; http://mj12bot.com/)"
79.137.67.90 - - [31/Aug/2026:05:02:32 +0300] "GET /events/list/?tribe-bar-date=2047-09-18 HTTP/1.1" 200 97674 "-" "Mozilla/5.0 (compatible; MJ12bot/v1.4.8; http://mj12bot.com/)"
79.137.67.90 - - [31/Aug/2026:05:02:36 +0300] "GET /events/list/?tribe-bar-date=2047-09-19 HTTP/1.1" 200 97667 "-" "Mozilla/5.0 (compatible; MJ12bot/v1.4.8; http://mj12bot.com/)"
79.137.67.90 - - [31/Aug/2026:05:02:39 +0300] "GET /events/list/?tribe-bar-date=2047-09-19&eventDisplay=past HTTP/1.1" 200 125703 "-" "Mozilla/5.0 (compatible; MJ12bot/v1.4.8; http://mj12bot.com/)"
79.137.67.90 - - [31/Aug/2026:05:02:43 +0300] "GET /events/list/?tribe-bar-date=2047-09-20&eventDisplay=past HTTP/1.1" 200 125733 "-" "Mozilla/5.0 (compatible; MJ12bot/v1.4.8; http://mj12bot.com/)"
79.137.67.90 - - [31/Aug/2026:05:02:46 +0300] "GET /events/list/?tribe-bar-date=2047-10-10 HTTP/1.1" 200 97665 "-" "Mozilla/5.0 (compatible; MJ12bot/v1.4.8; http://mj12bot.com/)"
83.99.206.116 - - [31/Aug/2026:05:02:48 +0300] "GET /events/2027-03-26/ HTTP/1.1" 200 95013 "-" "Mozilla/5.0 (X11; Linux x86_64) AppleWebKit/537.36 (KHTML, like Gecko; GeedoShopProductFinder) Chrome/142.0.0.0 Safari/537.36"
79.137.67.90 - - [31/Aug/2026:05:02:50 +0300] "GET /events/list/?tribe-bar-date=2047-10-11 HTTP/1.1" 200 97665 "-" "Mozilla/5.0 (compatible; MJ12bot/v1.4.8; http://mj12bot.com/)"
79.137.67.90 - - [31/Aug/2026:05:02:53 +0300] "GET /events/list/?tribe-bar-date=2047-10-11&eventDisplay=past HTTP/1.1" 200 125762 "-" "Mozilla/5.0 (compatible; MJ12bot/v1.4.8; http://mj12bot.com/)"
91.84.114.45 - - [31/Aug/2026:05:02:53 +0300] "GET /american-humane-association/ HTTP/1.1" 200 72380 "https://ajutam.ro/american-humane-association/" "Mozilla/5.0 (Windows NT 10.0; Win64; x64) AppleWebKit/537.36 (KHTML, like Gecko) Chrome/129.0.0.0 Safari/537.36"
91.84.114.45 - - [31/Aug/2026:05:02:54 +0300] "POST /wp-comments-post.php HTTP/1.1" 302 6061 "https://ajutam.ro/american-humane-association/" "Mozilla/5.0 (Windows NT 10.0; Win64; x64) AppleWebKit/537.36 (KHTML, like Gecko) Chrome/129.0.0.0 Safari/537.36"
91.84.114.45 - - [31/Aug/2026:05:02:55 +0300] "GET /american-humane-association/ HTTP/1.1" 200 76135 "https://ajutam.ro/american-humane-association/#comment-15402" "Mozilla/5.0 (Windows NT 10.0; Win64; x64) AppleWebKit/537.36 (KHTML, like Gecko) Chrome/129.0.0.0 Safari/537.36"
79.137.67.90 - - [31/Aug/2026:05:02:56 +0300] "GET /events/list/?tribe-bar-date=2047-10-12 HTTP/1.1" 200 97672 "-" "Mozilla/5.0 (compatible; MJ12bot/v1.4.8; http://mj12bot.com/)"
79.137.67.90 - - [31/Aug/2026:05:02:59 +0300] "GET /events/list/?tribe-bar-date=2047-10-12&eventDisplay=past HTTP/1.1" 200 125706 "-" "Mozilla/5.0 (compatible; MJ12bot/v1.4.8; http://mj12bot.com/)"
79.137.67.90 - - [31/Aug/2026:05:03:03 +0300] "GET /events/list/?tribe-bar-date=2047-10-13 HTTP/1.1" 200 97658 "-" "Mozilla/5.0 (compatible; MJ12bot/v1.4.8; http://mj12bot.com/)"
79.137.67.90 - - [31/Aug/2026:05:03:06 +0300] "GET /events/list/?tribe-bar-date=2047-10-13&eventDisplay=past HTTP/1.1" 200 125685 "-" "Mozilla/5.0 (compatible; MJ12bot/v1.4.8; http://mj12bot.com/)"
83.99.206.45 - - [31/Aug/2026:05:03:08 +0300] "GET /events/list/?tribe-bar-date=2026-09-23 HTTP/1.1" 200 97653 "-" "Mozilla/5.0 (X11; Linux x86_64) AppleWebKit/537.36 (KHTML, like Gecko; GeedoShopProductFinder) Chrome/142.0.0.0 Safari/537.36"
79.137.67.90 - - [31/Aug/2026:05:03:09 +0300] "GET /events/list/?tribe-bar-date=2047-10-14&eventDisplay=past HTTP/1.1" 200 125724 "-" "Mozilla/5.0 (compatible; MJ12bot/v1.4.8; http://mj12bot.com/)"
79.137.67.90 - - [31/Aug/2026:05:03:14 +0300] "GET /events/list/?tribe-bar-date=2047-10-20 HTTP/1.1" 200 97672 "-" "Mozilla/5.0 (compatible; MJ12bot/v1.4.8; http://mj12bot.com/)"
79.137.67.90 - - [31/Aug/2026:05:03:17 +0300] "GET /events/list/?tribe-bar-date=2047-10-21 HTTP/1.1" 200 97665 "-" "Mozilla/5.0 (compatible; MJ12bot/v1.4.8; http://mj12bot.com/)"
79.137.67.90 - - [31/Aug/2026:05:03:20 +0300] "GET /events/list/?tribe-bar-date=2047-10-21&eventDisplay=past HTTP/1.1" 200 125710 "-" "Mozilla/5.0 (compatible; MJ12bot/v1.4.8; http://mj12bot.com/)"
89.39.7.190 - - [31/Aug/2026:05:03:23 +0300] "POST /wp-cron.php?doing_wp_cron=1788141803.4075191020965576171875 HTTP/1.1" 200 5455 "-" "WordPress/6.9.7; https://ajutam.ro"
79.137.67.90 - - [31/Aug/2026:05:03:22 +0300] "GET /events/list/?tribe-bar-date=2047-11-10 HTTP/1.1" 200 97671 "-" "Mozilla/5.0 (compatible; MJ12bot/v1.4.8; http://mj12bot.com/)"
79.137.67.90 - - [31/Aug/2026:05:03:26 +0300] "GET /events/list/?tribe-bar-date=2048-11-29&eventDisplay=past HTTP/1.1" 200 125732 "-" "Mozilla/5.0 (compatible; MJ12bot/v1.4.8; http://mj12bot.com/)"
