20.151.11.255 - - [31/Aug/2026:06:03:59 +0300] "GET //wp-content/plugins/fix/up.php HTTP/1.1" 301 5574 "-" "Mozilla/5.0 (Windows NT 10.0; Win64; x64) AppleWebKit/537.36 (KHTML, like Gecko) Chrome/85.0.4183.102 Safari/537.36"
20.151.11.255 - - [31/Aug/2026:06:03:59 +0300] "GET /wp-content/plugins/fix/up.php HTTP/1.1" 404 59106 "-" "Mozilla/5.0 (Windows NT 10.0; Win64; x64) AppleWebKit/537.36 (KHTML, like Gecko) Chrome/85.0.4183.102 Safari/537.36"
83.99.206.233 - - [31/Aug/2026:06:04:00 +0300] "GET /events/2025-09-27/ HTTP/1.1" 200 95021 "-" "Mozilla/5.0 (X11; Linux x86_64) AppleWebKit/537.36 (KHTML, like Gecko; GeedoShopProductFinder) Chrome/142.0.0.0 Safari/537.36"
47.79.206.127 - - [31/Aug/2026:06:04:12 +0300] "GET /events/list/?eventDisplay=past&ical=1&tribe-bar-date=2026-06-27 HTTP/1.1" 200 17486 "https://www.google.com/" "Mozilla/5.0 (Linux; arm_64; Android 14; SM-A346E) AppleWebKit/537.36 (KHTML, like Gecko) Chrome/130.0.6723.1012 YaSearchBrowser/24.125.1 BroPP/1.0 YaSearchApp/24.125.1 webOmni SA/3 Mobile Safari/537.36"
83.99.206.244 - - [31/Aug/2026:06:04:15 +0300] "GET /events/list/?tribe-bar-date=2026-08-14&eventDisplay=past HTTP/1.1" 200 125740 "-" "Mozilla/5.0 (X11; Linux x86_64) AppleWebKit/537.36 (KHTML, like Gecko; GeedoShopProductFinder) Chrome/142.0.0.0 Safari/537.36"
89.39.7.190 - - [31/Aug/2026:06:04:38 +0300] "POST /wp-cron.php?doing_wp_cron=1788145477.9109790325164794921875 HTTP/1.1" 200 5455 "-" "WordPress/6.9.7; https://ajutam.ro"
83.99.206.244 - - [31/Aug/2026:06:04:37 +0300] "GET /events/2027-02-14/ HTTP/1.1" 200 95026 "-" "Mozilla/5.0 (X11; Linux x86_64) AppleWebKit/537.36 (KHTML, like Gecko; GeedoShopProductFinder) Chrome/142.0.0.0 Safari/537.36"
83.99.206.244 - - [31/Aug/2026:06:04:57 +0300] "GET /events/2026-12-20/ HTTP/1.1" 200 95028 "-" "Mozilla/5.0 (X11; Linux x86_64) AppleWebKit/537.36 (KHTML, like Gecko; GeedoShopProductFinder) Chrome/142.0.0.0 Safari/537.36"
83.99.206.244 - - [31/Aug/2026:06:05:17 +0300] "GET /events/list/?tribe-bar-date=2025-09-29&eventDisplay=past HTTP/1.1" 200 125746 "-" "Mozilla/5.0 (X11; Linux x86_64) AppleWebKit/537.36 (KHTML, like Gecko; GeedoShopProductFinder) Chrome/142.0.0.0 Safari/537.36"
89.39.7.190 - - [31/Aug/2026:06:05:34 +0300] "POST /wp-cron.php?doing_wp_cron=1788145534.2255630493164062500000 HTTP/1.1" 200 5455 "-" "WordPress/6.9.7; https://ajutam.ro"
91.86.16.6 - - [31/Aug/2026:06:05:33 +0300] "GET /wp-login.php HTTP/1.1" 200 12404 "-" "91.86.16.6"
91.86.16.6 - - [31/Aug/2026:06:05:34 +0300] "POST /wp-login.php HTTP/1.1" 200 12868 "https://ajutam.ro/wp-login.php" "91.86.16.6"
207.154.219.81 - - [31/Aug/2026:06:06:22 +0300] "POST /wp-login.php HTTP/1.1" 403 6220 "-" "Mozilla/5.0"
89.39.7.190 - - [31/Aug/2026:06:07:03 +0300] "POST /wp-cron.php?doing_wp_cron=1788145623.4540300369262695312500 HTTP/1.1" 200 5455 "-" "WordPress/6.9.7; https://ajutam.ro"
85.208.96.196 - - [31/Aug/2026:06:07:02 +0300] "GET /events/2024-08-16/ HTTP/1.1" 200 94998 "-" "Mozilla/5.0 (compatible; SemrushBot/7~bl; +http://www.semrush.com/bot.html)"
83.99.206.125 - - [31/Aug/2026:06:07:10 +0300] "GET /events/list/?tribe-bar-date=2025-10-30&eventDisplay=past HTTP/1.1" 200 125729 "-" "Mozilla/5.0 (X11; Linux x86_64) AppleWebKit/537.36 (KHTML, like Gecko; GeedoShopProductFinder) Chrome/142.0.0.0 Safari/537.36"
89.39.7.190 - - [31/Aug/2026:06:07:28 +0300] "POST /wp-cron.php?doing_wp_cron=1788145648.6539199352264404296875 HTTP/1.1" 200 5455 "-" "WordPress/6.9.7; https://ajutam.ro"
83.99.206.125 - - [31/Aug/2026:06:07:28 +0300] "GET /events/2026-09-20/ HTTP/1.1" 200 95028 "-" "Mozilla/5.0 (X11; Linux x86_64) AppleWebKit/537.36 (KHTML, like Gecko; GeedoShopProductFinder) Chrome/142.0.0.0 Safari/537.36"
83.99.206.125 - - [31/Aug/2026:06:07:49 +0300] "GET /events/2025-09-26/ HTTP/1.1" 200 95021 "-" "Mozilla/5.0 (X11; Linux x86_64) AppleWebKit/537.36 (KHTML, like Gecko; GeedoShopProductFinder) Chrome/142.0.0.0 Safari/537.36"
185.191.171.2 - - [31/Aug/2026:06:08:03 +0300] "GET /events/list/?eventDisplay=past&tribe-bar-date=2026-06-20 HTTP/1.1" 200 125714 "-" "Mozilla/5.0 (compatible; SemrushBot/7~bl; +http://www.semrush.com/bot.html)"
83.99.206.240 - - [31/Aug/2026:06:08:08 +0300] "GET /events/list/?tribe-bar-date=2025-09-27 HTTP/1.1" 200 97670 "-" "Mozilla/5.0 (X11; Linux x86_64) AppleWebKit/537.36 (KHTML, like Gecko; GeedoShopProductFinder) Chrome/142.0.0.0 Safari/537.36"
89.39.7.190 - - [31/Aug/2026:06:08:29 +0300] "POST /wp-cron.php?doing_wp_cron=1788145709.2573709487915039062500 HTTP/1.1" 200 5455 "-" "WordPress/6.9.7; https://ajutam.ro"
83.99.206.125 - - [31/Aug/2026:06:08:28 +0300] "GET /events/list/?tribe-bar-date=2027-02-16 HTTP/1.1" 200 97680 "-" "Mozilla/5.0 (X11; Linux x86_64) AppleWebKit/537.36 (KHTML, like Gecko; GeedoShopProductFinder) Chrome/142.0.0.0 Safari/537.36"
83.99.206.125 - - [31/Aug/2026:06:08:49 +0300] "GET /events/list/?tribe-bar-date=2026-07-20&eventDisplay=past HTTP/1.1" 200 125714 "-" "Mozilla/5.0 (X11; Linux x86_64) AppleWebKit/537.36 (KHTML, like Gecko; GeedoShopProductFinder) Chrome/142.0.0.0 Safari/537.36"
47.79.201.178 - - [31/Aug/2026:06:08:57 +0300] "GET /events/2026-10-28/?ical=1 HTTP/1.1" 200 5362 "https://www.google.com/" "Mozilla/5.0 (Linux; Android 10; K) AppleWebKit/537.36 (KHTML, like Gecko) Chrome/132.0.0.0 Mobile Safari/537.36"
89.39.7.190 - - [31/Aug/2026:06:10:42 +0300] "POST /wp-cron.php?doing_wp_cron=1788145842.5193390846252441406250 HTTP/1.1" 200 5455 "-" "WordPress/6.9.7; https://ajutam.ro"
83.99.206.54 - - [31/Aug/2026:06:10:42 +0300] "GET /events/list/?tribe-bar-date=2027-06-28 HTTP/1.1" 200 97664 "-" "Mozilla/5.0 (X11; Linux x86_64) AppleWebKit/537.36 (KHTML, like Gecko; GeedoShopProductFinder) Chrome/142.0.0.0 Safari/537.36"
83.99.206.54 - - [31/Aug/2026:06:11:02 +0300] "GET /events/2027-04-27/ HTTP/1.1" 200 95013 "-" "Mozilla/5.0 (X11; Linux x86_64) AppleWebKit/537.36 (KHTML, like Gecko; GeedoShopProductFinder) Chrome/142.0.0.0 Safari/537.36"
83.99.206.54 - - [31/Aug/2026:06:11:21 +0300] "GET /events/2027-06-26/ HTTP/1.1" 200 95006 "-" "Mozilla/5.0 (X11; Linux x86_64) AppleWebKit/537.36 (KHTML, like Gecko; GeedoShopProductFinder) Chrome/142.0.0.0 Safari/537.36"
89.39.7.190 - - [31/Aug/2026:06:11:42 +0300] "POST /wp-cron.php?doing_wp_cron=1788145902.4661951065063476562500 HTTP/1.1" 200 5455 "-" "WordPress/6.9.7; https://ajutam.ro"
83.99.206.54 - - [31/Aug/2026:06:11:41 +0300] "GET /events/2027-02-13/ HTTP/1.1" 200 95014 "-" "Mozilla/5.0 (X11; Linux x86_64) AppleWebKit/537.36 (KHTML, like Gecko; GeedoShopProductFinder) Chrome/142.0.0.0 Safari/537.36"
83.99.206.33 - - [31/Aug/2026:06:12:01 +0300] "GET /events/list/?tribe-bar-date=2025-08-27 HTTP/1.1" 200 97665 "-" "Mozilla/5.0 (X11; Linux x86_64) AppleWebKit/537.36 (KHTML, like Gecko; GeedoShopProductFinder) Chrome/142.0.0.0 Safari/537.36"
83.99.206.237 - - [31/Aug/2026:06:12:21 +0300] "GET /events/2026-10-22/ HTTP/1.1" 200 95026 "-" "Mozilla/5.0 (X11; Linux x86_64) AppleWebKit/537.36 (KHTML, like Gecko; GeedoShopProductFinder) Chrome/142.0.0.0 Safari/537.36"
207.154.219.81 - - [31/Aug/2026:06:13:01 +0300] "POST /wp-login.php HTTP/1.1" 403 6220 "-" "Mozilla/5.0"
89.39.7.190 - - [31/Aug/2026:06:13:28 +0300] "POST /wp-cron.php?doing_wp_cron=1788146008.0369141101837158203125 HTTP/1.1" 200 5455 "-" "WordPress/6.9.7; https://ajutam.ro"
216.244.66.248 - - [31/Aug/2026:06:13:27 +0300] "GET /robots.txt HTTP/1.1" 200 5675 "-" "Mozilla/5.0 (compatible; DotBot/1.2; +https://opensiteexplorer.org/dotbot; help@moz.com)"
83.99.206.31 - - [31/Aug/2026:06:14:11 +0300] "GET /events/month/2025-08/ HTTP/1.1" 200 194563 "-" "Mozilla/5.0 (X11; Linux x86_64) AppleWebKit/537.36 (KHTML, like Gecko; GeedoShopProductFinder) Chrome/142.0.0.0 Safari/537.36"
83.99.206.31 - - [31/Aug/2026:06:14:31 +0300] "GET /events/2026-04-17/ HTTP/1.1" 200 95006 "-" "Mozilla/5.0 (X11; Linux x86_64) AppleWebKit/537.36 (KHTML, like Gecko; GeedoShopProductFinder) Chrome/142.0.0.0 Safari/537.36"
89.39.7.190 - - [31/Aug/2026:06:14:31 +0300] "POST /wp-cron.php?doing_wp_cron=1788146071.6464500427246093750000 HTTP/1.1" 200 5455 "-" "WordPress/6.9.7; https://ajutam.ro"
83.99.206.31 - - [31/Aug/2026:06:14:50 +0300] "GET /events/2026-12-19/ HTTP/1.1" 200 95021 "-" "Mozilla/5.0 (X11; Linux x86_64) AppleWebKit/537.36 (KHTML, like Gecko; GeedoShopProductFinder) Chrome/142.0.0.0 Safari/537.36"
83.99.206.31 - - [31/Aug/2026:06:15:10 +0300] "GET /events/2027-06-25/ HTTP/1.1" 200 95018 "-" "Mozilla/5.0 (X11; Linux x86_64) AppleWebKit/537.36 (KHTML, like Gecko; GeedoShopProductFinder) Chrome/142.0.0.0 Safari/537.36"
89.39.7.190 - - [31/Aug/2026:06:15:31 +0300] "POST /wp-cron.php?doing_wp_cron=1788146131.0416829586029052734375 HTTP/1.1" 200 5455 "-" "WordPress/6.9.7; https://ajutam.ro"
83.99.206.31 - - [31/Aug/2026:06:15:30 +0300] "GET /events/list/?tribe-bar-date=2026-10-22 HTTP/1.1" 200 97651 "-" "Mozilla/5.0 (X11; Linux x86_64) AppleWebKit/537.36 (KHTML, like Gecko; GeedoShopProductFinder) Chrome/142.0.0.0 Safari/537.36"
83.99.206.31 - - [31/Aug/2026:06:15:50 +0300] "GET /events/list/?tribe-bar-date=2025-12-28 HTTP/1.1" 200 97679 "-" "Mozilla/5.0 (X11; Linux x86_64) AppleWebKit/537.36 (KHTML, like Gecko; GeedoShopProductFinder) Chrome/142.0.0.0 Safari/537.36"
89.39.7.190 - - [31/Aug/2026:06:16:41 +0300] "POST /wp-cron.php?doing_wp_cron=1788146201.5443398952484130859375 HTTP/1.1" 200 5455 "-" "WordPress/6.9.7; https://ajutam.ro"
216.244.66.248 - - [31/Aug/2026:06:16:40 +0300] "GET /events/month/2038-03/ HTTP/1.1" 200 193164 "-" "Mozilla/5.0 (compatible; DotBot/1.2; +https://opensiteexplorer.org/dotbot; help@moz.com)"
89.39.7.190 - - [31/Aug/2026:06:17:47 +0300] "POST /wp-cron.php?doing_wp_cron=1788146267.4378919601440429687500 HTTP/1.1" 200 5455 "-" "WordPress/6.9.7; https://ajutam.ro"
83.99.206.229 - - [31/Aug/2026:06:17:46 +0300] "GET /events/2027-04-26/ HTTP/1.1" 200 95020 "-" "Mozilla/5.0 (X11; Linux x86_64) AppleWebKit/537.36 (KHTML, like Gecko; GeedoShopProductFinder) Chrome/142.0.0.0 Safari/537.36"
85.208.96.199 - - [31/Aug/2026:06:17:54 +0300] "GET /robots.txt HTTP/1.1" 200 5675 "-" "Mozilla/5.0 (compatible; SemrushBot/7~bl; +http://www.semrush.com/bot.html)"
109.172.91.206 - - [31/Aug/2026:06:17:55 +0300] "GET /american-humane-association/ HTTP/1.1" 200 72366 "https://ajutam.ro/american-humane-association/" "Mozilla/5.0 (Windows NT 10.0; Win64; x64) AppleWebKit/537.36 (KHTML, like Gecko) Chrome/131.0.0.0 Safari/537.36 Avast/131.0.0.0"
185.191.171.8 - - [31/Aug/2026:06:17:55 +0300] "GET /events/2023-09-05/ HTTP/1.1" 200 95014 "-" "Mozilla/5.0 (compatible; SemrushBot/7~bl; +http://www.semrush.com/bot.html)"
109.172.91.206 - - [31/Aug/2026:06:17:56 +0300] "POST /wp-comments-post.php HTTP/1.1" 302 6053 "https://ajutam.ro/american-humane-association/" "Mozilla/5.0 (Windows NT 10.0; Win64; x64) AppleWebKit/537.36 (KHTML, like Gecko) Chrome/131.0.0.0 Safari/537.36 Avast/131.0.0.0"
109.172.91.206 - - [31/Aug/2026:06:17:56 +0300] "GET /american-humane-association/ HTTP/1.1" 200 74435 "https://ajutam.ro/american-humane-association/#comment-15405" "Mozilla/5.0 (Windows NT 10.0; Win64; x64) AppleWebKit/537.36 (KHTML, like Gecko) Chrome/131.0.0.0 Safari/537.36 Avast/131.0.0.0"
83.99.206.229 - - [31/Aug/2026:06:18:06 +0300] "GET /events/2026-08-13/ HTTP/1.1" 200 95022 "-" "Mozilla/5.0 (X11; Linux x86_64) AppleWebKit/537.36 (KHTML, like Gecko; GeedoShopProductFinder) Chrome/142.0.0.0 Safari/537.36"
89.39.7.190 - - [31/Aug/2026:06:18:27 +0300] "POST /wp-cron.php?doing_wp_cron=1788146307.0795059204101562500000 HTTP/1.1" 200 5455 "-" "WordPress/6.9.7; https://ajutam.ro"
83.99.206.229 - - [31/Aug/2026:06:18:26 +0300] "GET /events/list/?tribe-bar-date=2027-03-25 HTTP/1.1" 200 97663 "-" "Mozilla/5.0 (X11; Linux x86_64) AppleWebKit/537.36 (KHTML, like Gecko; GeedoShopProductFinder) Chrome/142.0.0.0 Safari/537.36"
81.171.72.135 - - [31/Aug/2026:06:18:37 +0300] "GET / HTTP/1.1" 200 102573 "-" "Go-http-client/1.1"
81.171.72.135 - - [31/Aug/2026:06:18:37 +0300] "HEAD / HTTP/1.1" 200 5703 "-" "Go-http-client/1.1"
81.171.72.135 - - [31/Aug/2026:06:18:38 +0300] "GET /.ssh/id_rsa HTTP/1.1" 404 59096 "-" "Go-http-client/1.1"
81.171.72.135 - - [31/Aug/2026:06:18:38 +0300] "GET /storage/logs/laravel.log HTTP/1.1" 404 59096 "-" "Go-http-client/1.1"
81.171.72.135 - - [31/Aug/2026:06:18:37 +0300] "POST / HTTP/1.1" 200 13397 "-" "Go-http-client/1.1"
81.171.72.135 - - [31/Aug/2026:06:18:39 +0300] "GET /_vti_pvt/service.pwd HTTP/1.1" 404 59096 "-" "Go-http-client/1.1"
81.171.72.135 - - [31/Aug/2026:06:18:39 +0300] "GET /database_backup.sql HTTP/1.1" 404 59096 "-" "Go-http-client/1.1"
81.171.72.135 - - [31/Aug/2026:06:18:40 +0300] "GET /.git/HEAD HTTP/1.1" 404 59096 "-" "Go-http-client/1.1"
81.171.72.135 - - [31/Aug/2026:06:18:40 +0300] "GET /user_secrets.yml HTTP/1.1" 404 59096 "-" "Go-http-client/1.1"
81.171.72.135 - - [31/Aug/2026:06:18:40 +0300] "GET /.env HTTP/1.1" 404 59096 "-" "Go-http-client/1.1"
81.171.72.135 - - [31/Aug/2026:06:18:40 +0300] "GET /api/.env HTTP/1.1" 404 59096 "-" "Go-http-client/1.1"
81.171.72.135 - - [31/Aug/2026:06:18:40 +0300] "GET /phpinfo.php HTTP/1.1" 404 59096 "-" "Go-http-client/1.1"
81.171.72.135 - - [31/Aug/2026:06:18:41 +0300] "GET /docker-compose.yml HTTP/1.1" 404 59096 "-" "Go-http-client/1.1"
81.171.72.135 - - [31/Aug/2026:06:18:41 +0300] "GET /secrets.json HTTP/1.1" 404 59096 "-" "Go-http-client/1.1"
81.171.72.135 - - [31/Aug/2026:06:18:41 +0300] "GET /.env.production HTTP/1.1" 404 59096 "-" "Go-http-client/1.1"
81.171.72.135 - - [31/Aug/2026:06:18:41 +0300] "GET /server.key HTTP/1.1" 404 59096 "-" "Go-http-client/1.1"
81.171.72.135 - - [31/Aug/2026:06:18:41 +0300] "GET /.vscode/sftp.json HTTP/1.1" 404 59096 "-" "Go-http-client/1.1"
81.171.72.135 - - [31/Aug/2026:06:18:42 +0300] "GET /backup.tar.gz HTTP/1.1" 404 59096 "-" "Go-http-client/1.1"
81.171.72.135 - - [31/Aug/2026:06:18:42 +0300] "GET /actuator/heapdump HTTP/1.1" 404 59096 "-" "Go-http-client/1.1"
81.171.72.135 - - [31/Aug/2026:06:18:42 +0300] "GET /.npmrc HTTP/1.1" 404 59096 "-" "Go-http-client/1.1"
81.171.72.135 - - [31/Aug/2026:06:18:42 +0300] "GET /backup.zip HTTP/1.1" 404 59096 "-" "Go-http-client/1.1"
81.171.72.135 - - [31/Aug/2026:06:18:42 +0300] "GET /.ssh/id_ed25519 HTTP/1.1" 404 59096 "-" "Go-http-client/1.1"
81.171.72.135 - - [31/Aug/2026:06:18:43 +0300] "GET /.bash_history HTTP/1.1" 404 59096 "-" "Go-http-client/1.1"
81.171.72.135 - - [31/Aug/2026:06:18:43 +0300] "GET /config.php HTTP/1.1" 404 59096 "-" "Go-http-client/1.1"
81.171.72.135 - - [31/Aug/2026:06:18:43 +0300] "GET /.svn/wc.db HTTP/1.1" 404 59096 "-" "Go-http-client/1.1"
81.171.72.135 - - [31/Aug/2026:06:18:43 +0300] "GET /backup.sql HTTP/1.1" 404 59096 "-" "Go-http-client/1.1"
81.171.72.135 - - [31/Aug/2026:06:18:44 +0300] "GET /dump.sql HTTP/1.1" 404 59096 "-" "Go-http-client/1.1"
81.171.72.135 - - [31/Aug/2026:06:18:44 +0300] "GET /database.sql HTTP/1.1" 404 59096 "-" "Go-http-client/1.1"
81.171.72.135 - - [31/Aug/2026:06:18:44 +0300] "GET /config.xml HTTP/1.1" 404 59096 "-" "Go-http-client/1.1"
83.99.206.229 - - [31/Aug/2026:06:18:46 +0300] "GET /events/list/?tribe-bar-date=2026-01-24 HTTP/1.1" 200 97647 "-" "Mozilla/5.0 (X11; Linux x86_64) AppleWebKit/537.36 (KHTML, like Gecko; GeedoShopProductFinder) Chrome/142.0.0.0 Safari/537.36"
83.99.206.229 - - [31/Aug/2026:06:19:07 +0300] "GET /events/list/?tribe-bar-date=2025-09-28 HTTP/1.1" 200 97679 "-" "Mozilla/5.0 (X11; Linux x86_64) AppleWebKit/537.36 (KHTML, like Gecko; GeedoShopProductFinder) Chrome/142.0.0.0 Safari/537.36"
89.39.7.190 - - [31/Aug/2026:06:19:27 +0300] "POST /wp-cron.php?doing_wp_cron=1788146367.4570438861846923828125 HTTP/1.1" 200 5455 "-" "WordPress/6.9.7; https://ajutam.ro"
83.99.206.229 - - [31/Aug/2026:06:19:26 +0300] "GET /events/list/?tribe-bar-date=2027-05-31 HTTP/1.1" 200 97653 "-" "Mozilla/5.0 (X11; Linux x86_64) AppleWebKit/537.36 (KHTML, like Gecko; GeedoShopProductFinder) Chrome/142.0.0.0 Safari/537.36"
207.154.219.81 - - [31/Aug/2026:06:19:41 +0300] "POST /wp-login.php HTTP/1.1" 403 6220 "-" "Mozilla/5.0"
89.39.7.190 - - [31/Aug/2026:06:21:25 +0300] "POST /wp-cron.php?doing_wp_cron=1788146485.4690449237823486328125 HTTP/1.1" 200 5455 "-" "WordPress/6.9.7; https://ajutam.ro"
83.99.206.244 - - [31/Aug/2026:06:21:24 +0300] "GET /events/list/?tribe-bar-date=2027-06-01 HTTP/1.1" 200 97647 "-" "Mozilla/5.0 (X11; Linux x86_64) AppleWebKit/537.36 (KHTML, like Gecko; GeedoShopProductFinder) Chrome/142.0.0.0 Safari/537.36"
83.99.206.244 - - [31/Aug/2026:06:21:44 +0300] "GET /events/list/?tribe-bar-date=2027-03-30 HTTP/1.1" 200 97661 "-" "Mozilla/5.0 (X11; Linux x86_64) AppleWebKit/537.36 (KHTML, like Gecko; GeedoShopProductFinder) Chrome/142.0.0.0 Safari/537.36"
83.99.206.244 - - [31/Aug/2026:06:22:05 +0300] "GET /events/2027-08-31/ HTTP/1.1" 200 95015 "-" "Mozilla/5.0 (X11; Linux x86_64) AppleWebKit/537.36 (KHTML, like Gecko; GeedoShopProductFinder) Chrome/142.0.0.0 Safari/537.36"
89.39.7.190 - - [31/Aug/2026:06:22:25 +0300] "POST /wp-cron.php?doing_wp_cron=1788146545.4052040576934814453125 HTTP/1.1" 200 5455 "-" "WordPress/6.9.7; https://ajutam.ro"
83.99.206.128 - - [31/Aug/2026:06:22:24 +0300] "GET /events/2026-05-21/ HTTP/1.1" 200 95016 "-" "Mozilla/5.0 (X11; Linux x86_64) AppleWebKit/537.36 (KHTML, like Gecko; GeedoShopProductFinder) Chrome/142.0.0.0 Safari/537.36"
147.135.252.177 - - [31/Aug/2026:06:22:32 +0300] "GET /robots.txt HTTP/1.1" 200 5675 "-" "Mozilla/5.0 (compatible; MJ12bot/v1.4.8; http://mj12bot.com/)"
147.135.252.177 - - [31/Aug/2026:06:22:34 +0300] "GET /events/2045-08-06/ HTTP/1.1" 200 95001 "-" "Mozilla/5.0 (compatible; MJ12bot/v1.4.8; http://mj12bot.com/)"
147.135.252.177 - - [31/Aug/2026:06:22:36 +0300] "GET /events/2045-09-06/ HTTP/1.1" 200 94993 "-" "Mozilla/5.0 (compatible; MJ12bot/v1.4.8; http://mj12bot.com/)"
147.135.252.177 - - [31/Aug/2026:06:22:38 +0300] "GET /events/2045-10-08/ HTTP/1.1" 200 95005 "-" "Mozilla/5.0 (compatible; MJ12bot/v1.4.8; http://mj12bot.com/)"
147.135.252.177 - - [31/Aug/2026:06:22:40 +0300] "GET /events/2045-11-08/ HTTP/1.1" 200 95014 "-" "Mozilla/5.0 (compatible; MJ12bot/v1.4.8; http://mj12bot.com/)"
147.135.252.177 - - [31/Aug/2026:06:22:42 +0300] "GET /events/2046-01-11/ HTTP/1.1" 200 95007 "-" "Mozilla/5.0 (compatible; MJ12bot/v1.4.8; http://mj12bot.com/)"
83.99.206.244 - - [31/Aug/2026:06:22:44 +0300] "GET /events/list/?tribe-bar-date=2027-03-25&eventDisplay=past HTTP/1.1" 200 125717 "-" "Mozilla/5.0 (X11; Linux x86_64) AppleWebKit/537.36 (KHTML, like Gecko; GeedoShopProductFinder) Chrome/142.0.0.0 Safari/537.36"
147.135.252.177 - - [31/Aug/2026:06:22:45 +0300] "GET /events/2047-04-05/ HTTP/1.1" 200 94999 "-" "Mozilla/5.0 (compatible; MJ12bot/v1.4.8; http://mj12bot.com/)"
147.135.252.177 - - [31/Aug/2026:06:22:47 +0300] "GET /events/2047-04-13/ HTTP/1.1" 200 95010 "-" "Mozilla/5.0 (compatible; MJ12bot/v1.4.8; http://mj12bot.com/)"
147.135.252.177 - - [31/Aug/2026:06:22:48 +0300] "GET /events/2047-04-22/ HTTP/1.1" 200 94998 "-" "Mozilla/5.0 (compatible; MJ12bot/v1.4.8; http://mj12bot.com/)"
147.135.252.177 - - [31/Aug/2026:06:22:50 +0300] "GET /events/2047-05-05/ HTTP/1.1" 200 95002 "-" "Mozilla/5.0 (compatible; MJ12bot/v1.4.8; http://mj12bot.com/)"
147.135.252.177 - - [31/Aug/2026:06:22:52 +0300] "GET /events/2047-05-06/ HTTP/1.1" 200 95002 "-" "Mozilla/5.0 (compatible; MJ12bot/v1.4.8; http://mj12bot.com/)"
147.135.252.177 - - [31/Aug/2026:06:22:54 +0300] "GET /events/2047-05-07/ HTTP/1.1" 200 95002 "-" "Mozilla/5.0 (compatible; MJ12bot/v1.4.8; http://mj12bot.com/)"
147.135.252.177 - - [31/Aug/2026:06:22:57 +0300] "GET /events/2047-06-05/ HTTP/1.1" 200 95004 "-" "Mozilla/5.0 (compatible; MJ12bot/v1.4.8; http://mj12bot.com/)"
147.135.252.177 - - [31/Aug/2026:06:22:59 +0300] "GET /events/2047-06-06/ HTTP/1.1" 200 94997 "-" "Mozilla/5.0 (compatible; MJ12bot/v1.4.8; http://mj12bot.com/)"
147.135.252.177 - - [31/Aug/2026:06:23:01 +0300] "GET /events/2047-06-07/ HTTP/1.1" 200 94997 "-" "Mozilla/5.0 (compatible; MJ12bot/v1.4.8; http://mj12bot.com/)"
147.135.252.177 - - [31/Aug/2026:06:23:03 +0300] "GET /events/2047-07-07/ HTTP/1.1" 200 95004 "-" "Mozilla/5.0 (compatible; MJ12bot/v1.4.8; http://mj12bot.com/)"
83.99.206.73 - - [31/Aug/2026:06:23:04 +0300] "GET /events/2026-06-11/ HTTP/1.1" 200 95018 "-" "Mozilla/5.0 (X11; Linux x86_64) AppleWebKit/537.36 (KHTML, like Gecko; GeedoShopProductFinder) Chrome/142.0.0.0 Safari/537.36"
147.135.252.177 - - [31/Aug/2026:06:23:05 +0300] "GET /events/2047-07-09/ HTTP/1.1" 200 95004 "-" "Mozilla/5.0 (compatible; MJ12bot/v1.4.8; http://mj12bot.com/)"
147.135.252.177 - - [31/Aug/2026:06:23:07 +0300] "GET /events/month/2049-01/ HTTP/1.1" 200 193194 "-" "Mozilla/5.0 (compatible; MJ12bot/v1.4.8; http://mj12bot.com/)"
89.39.7.190 - - [31/Aug/2026:06:24:04 +0300] "POST /wp-cron.php?doing_wp_cron=1788146644.1832311153411865234375 HTTP/1.1" 200 5455 "-" "WordPress/6.9.7; https://ajutam.ro"
104.28.211.186 - - [31/Aug/2026:06:24:03 +0300] "POST /?rest_route=/batch/v1 HTTP/1.1" 207 5717 "-" "Mozilla/5.0"
104.28.211.186 - - [31/Aug/2026:06:24:04 +0300] "POST /?rest_route=/batch/v1 HTTP/1.1" 207 6180 "-" "Mozilla/5.0"
104.28.211.186 - - [31/Aug/2026:06:24:04 +0300] "POST /wp-json/batch/v1 HTTP/1.1" 207 6180 "-" "Mozilla/5.0"
104.28.211.186 - - [31/Aug/2026:06:24:05 +0300] "POST /?rest_route=/batch/v1 HTTP/1.1" 207 6180 "-" "Mozilla/5.0"
104.28.211.186 - - [31/Aug/2026:06:24:05 +0300] "POST /wp-json/batch/v1 HTTP/1.1" 207 6180 "-" "Mozilla/5.0"
104.28.211.186 - - [31/Aug/2026:06:24:06 +0300] "POST /?rest_route=/batch/v1 HTTP/1.1" 207 6180 "-" "Mozilla/5.0"
104.28.211.186 - - [31/Aug/2026:06:24:07 +0300] "POST /wp-json/batch/v1 HTTP/1.1" 207 6180 "-" "Mozilla/5.0"
89.39.7.190 - - [31/Aug/2026:06:24:34 +0300] "POST /wp-cron.php?doing_wp_cron=1788146674.1568551063537597656250 HTTP/1.1" 200 5455 "-" "WordPress/6.9.7; https://ajutam.ro"
32.197.93.224 - - [31/Aug/2026:06:24:33 +0300] "GET / HTTP/1.1" 200 102571 "-" "Mozilla/5.0 (X11; Linux x86_64) AppleWebKit/537.36 (KHTML, like Gecko) Chrome/116.0.0.0 Safari/537.36"
83.99.206.244 - - [31/Aug/2026:06:25:02 +0300] "GET /events/list/?tribe-bar-date=2026-12-23&eventDisplay=past HTTP/1.1" 200 125732 "-" "Mozilla/5.0 (X11; Linux x86_64) AppleWebKit/537.36 (KHTML, like Gecko; GeedoShopProductFinder) Chrome/142.0.0.0 Safari/537.36"
89.39.7.190 - - [31/Aug/2026:06:25:23 +0300] "POST /wp-cron.php?doing_wp_cron=1788146723.3043460845947265625000 HTTP/1.1" 200 5455 "-" "WordPress/6.9.7; https://ajutam.ro"
83.99.206.244 - - [31/Aug/2026:06:25:22 +0300] "GET /events/list/?tribe-bar-date=2027-04-26 HTTP/1.1" 200 97663 "-" "Mozilla/5.0 (X11; Linux x86_64) AppleWebKit/537.36 (KHTML, like Gecko; GeedoShopProductFinder) Chrome/142.0.0.0 Safari/537.36"
83.99.206.32 - - [31/Aug/2026:06:25:42 +0300] "GET /events/2025-11-27/ HTTP/1.1" 200 95028 "-" "Mozilla/5.0 (X11; Linux x86_64) AppleWebKit/537.36 (KHTML, like Gecko; GeedoShopProductFinder) Chrome/142.0.0.0 Safari/537.36"
83.99.206.244 - - [31/Aug/2026:06:26:02 +0300] "GET /events/list/?tribe-bar-date=2026-08-13 HTTP/1.1" 200 97641 "-" "Mozilla/5.0 (X11; Linux x86_64) AppleWebKit/537.36 (KHTML, like Gecko; GeedoShopProductFinder) Chrome/142.0.0.0 Safari/537.36"
89.39.7.190 - - [31/Aug/2026:06:26:23 +0300] "POST /wp-cron.php?doing_wp_cron=1788146783.0847120285034179687500 HTTP/1.1" 200 5455 "-" "WordPress/6.9.7; https://ajutam.ro"
83.99.206.244 - - [31/Aug/2026:06:26:22 +0300] "GET /events/2027-02-12/ HTTP/1.1" 200 95026 "-" "Mozilla/5.0 (X11; Linux x86_64) AppleWebKit/537.36 (KHTML, like Gecko; GeedoShopProductFinder) Chrome/142.0.0.0 Safari/537.36"
207.154.219.81 - - [31/Aug/2026:06:26:23 +0300] "POST /wp-login.php HTTP/1.1" 403 6220 "-" "Mozilla/5.0"
83.99.206.244 - - [31/Aug/2026:06:26:42 +0300] "GET /events/list/?tribe-bar-date=2027-02-13 HTTP/1.1" 200 97680 "-" "Mozilla/5.0 (X11; Linux x86_64) AppleWebKit/537.36 (KHTML, like Gecko; GeedoShopProductFinder) Chrome/142.0.0.0 Safari/537.36"
89.39.7.190 - - [31/Aug/2026:06:27:43 +0300] "POST /wp-cron.php?doing_wp_cron=1788146863.0621180534362792968750 HTTP/1.1" 200 5455 "-" "WordPress/6.9.7; https://ajutam.ro"
216.244.66.248 - - [31/Aug/2026:06:27:42 +0300] "GET /events/2039-09-01/ HTTP/1.1" 200 95014 "-" "Mozilla/5.0 (compatible; DotBot/1.2; +https://opensiteexplorer.org/dotbot; help@moz.com)"
89.39.7.190 - - [31/Aug/2026:06:28:42 +0300] "POST /wp-cron.php?doing_wp_cron=1788146922.1905078887939453125000 HTTP/1.1" 200 5455 "-" "WordPress/6.9.7; https://ajutam.ro"
83.99.206.206 - - [31/Aug/2026:06:28:41 +0300] "GET /events/2027-04-25/ HTTP/1.1" 200 95020 "-" "Mozilla/5.0 (X11; Linux x86_64) AppleWebKit/537.36 (KHTML, like Gecko; GeedoShopProductFinder) Chrome/142.0.0.0 Safari/537.36"
216.244.66.248 - - [31/Aug/2026:06:28:45 +0300] "GET /events/2026-02-24/ HTTP/1.1" 200 95016 "-" "Mozilla/5.0 (compatible; DotBot/1.2; +https://opensiteexplorer.org/dotbot; help@moz.com)"
216.244.66.248 - - [31/Aug/2026:06:28:55 +0300] "GET /events/2026-10-24/ HTTP/1.1" 200 95016 "-" "Mozilla/5.0 (compatible; DotBot/1.2; +https://opensiteexplorer.org/dotbot; help@moz.com)"
83.99.206.56 - - [31/Aug/2026:06:29:01 +0300] "GET /events/2026-02-19/ HTTP/1.1" 200 95026 "-" "Mozilla/5.0 (X11; Linux x86_64) AppleWebKit/537.36 (KHTML, like Gecko; GeedoShopProductFinder) Chrome/142.0.0.0 Safari/537.36"
83.99.206.56 - - [31/Aug/2026:06:29:21 +0300] "GET /events/2027-05-28/ HTTP/1.1" 200 95016 "-" "Mozilla/5.0 (X11; Linux x86_64) AppleWebKit/537.36 (KHTML, like Gecko; GeedoShopProductFinder) Chrome/142.0.0.0 Safari/537.36"
89.39.7.190 - - [31/Aug/2026:06:29:27 +0300] "POST /wp-cron.php?doing_wp_cron=1788146967.8098289966583251953125 HTTP/1.1" 200 5455 "-" "WordPress/6.9.7; https://ajutam.ro"
216.244.66.248 - - [31/Aug/2026:06:29:27 +0300] "GET /events/2028-08-21/ HTTP/1.1" 200 95005 "-" "Mozilla/5.0 (compatible; DotBot/1.2; +https://opensiteexplorer.org/dotbot; help@moz.com)"
85.208.96.209 - - [31/Aug/2026:06:29:30 +0300] "GET /events/2022-05-22/ HTTP/1.1" 200 95646 "-" "Mozilla/5.0 (compatible; SemrushBot/7~bl; +http://www.semrush.com/bot.html)"
83.99.206.56 - - [31/Aug/2026:06:29:41 +0300] "GET /events/list/?tribe-bar-date=2027-09-01&eventDisplay=past HTTP/1.1" 200 125756 "-" "Mozilla/5.0 (X11; Linux x86_64) AppleWebKit/537.36 (KHTML, like Gecko; GeedoShopProductFinder) Chrome/142.0.0.0 Safari/537.36"
216.244.66.248 - - [31/Aug/2026:06:29:58 +0300] "GET /events/2031-10-13/ HTTP/1.1" 200 95016 "-" "Mozilla/5.0 (compatible; DotBot/1.2; +https://opensiteexplorer.org/dotbot; help@moz.com)"
89.39.7.190 - - [31/Aug/2026:06:30:03 +0300] "POST /wp-cron.php?doing_wp_cron=1788147003.2791399955749511718750 HTTP/1.1" 200 5455 "-" "WordPress/6.9.7; https://ajutam.ro"
83.99.206.56 - - [31/Aug/2026:06:30:01 +0300] "GET /events/list/?tribe-bar-date=2027-02-13&eventDisplay=past HTTP/1.1" 200 125728 "-" "Mozilla/5.0 (X11; Linux x86_64) AppleWebKit/537.36 (KHTML, like Gecko; GeedoShopProductFinder) Chrome/142.0.0.0 Safari/537.36"
83.99.206.254 - - [31/Aug/2026:06:30:22 +0300] "GET /events/list/?tribe-bar-date=2027-06-28&eventDisplay=past HTTP/1.1" 200 125768 "-" "Mozilla/5.0 (X11; Linux x86_64) AppleWebKit/537.36 (KHTML, like Gecko; GeedoShopProductFinder) Chrome/142.0.0.0 Safari/537.36"
89.39.7.190 - - [31/Aug/2026:06:30:28 +0300] "POST /wp-cron.php?doing_wp_cron=1788147028.2130548954010009765625 HTTP/1.1" 200 5455 "-" "WordPress/6.9.7; https://ajutam.ro"
216.244.66.248 - - [31/Aug/2026:06:30:27 +0300] "GET /events/2033-06-17/ HTTP/1.1" 200 95001 "-" "Mozilla/5.0 (compatible; DotBot/1.2; +https://opensiteexplorer.org/dotbot; help@moz.com)"
216.244.66.248 - - [31/Aug/2026:06:30:56 +0300] "GET /events/2035-11-14/ HTTP/1.1" 200 95018 "-" "Mozilla/5.0 (compatible; DotBot/1.2; +https://opensiteexplorer.org/dotbot; help@moz.com)"
138.197.193.77 - - [31/Aug/2026:06:31:22 +0300] "POST /wp-login.php HTTP/1.1" 403 6220 "-" "Mozilla/5.0"
89.39.7.190 - - [31/Aug/2026:06:31:24 +0300] "POST /wp-cron.php?doing_wp_cron=1788147084.7058589458465576171875 HTTP/1.1" 200 5455 "-" "WordPress/6.9.7; https://ajutam.ro"
216.244.66.248 - - [31/Aug/2026:06:31:24 +0300] "GET /events/2036-08-25/ HTTP/1.1" 200 95012 "-" "Mozilla/5.0 (compatible; DotBot/1.2; +https://opensiteexplorer.org/dotbot; help@moz.com)"
216.244.66.248 - - [31/Aug/2026:06:31:50 +0300] "GET /events/2037-04-30/ HTTP/1.1" 200 95010 "-" "Mozilla/5.0 (compatible; DotBot/1.2; +https://opensiteexplorer.org/dotbot; help@moz.com)"
216.244.66.248 - - [31/Aug/2026:06:32:16 +0300] "GET /events/2039-12-19/ HTTP/1.1" 200 95006 "-" "Mozilla/5.0 (compatible; DotBot/1.2; +https://opensiteexplorer.org/dotbot; help@moz.com)"
89.39.7.190 - - [31/Aug/2026:06:32:30 +0300] "POST /wp-cron.php?doing_wp_cron=1788147150.3496830463409423828125 HTTP/1.1" 200 5455 "-" "WordPress/6.9.7; https://ajutam.ro"
83.99.206.75 - - [31/Aug/2026:06:32:29 +0300] "GET /events/list/?tribe-bar-date=2026-01-23 HTTP/1.1" 200 97647 "-" "Mozilla/5.0 (X11; Linux x86_64) AppleWebKit/537.36 (KHTML, like Gecko; GeedoShopProductFinder) Chrome/142.0.0.0 Safari/537.36"
83.99.206.75 - - [31/Aug/2026:06:32:49 +0300] "GET /events/list/?tribe-bar-date=2027-06-27 HTTP/1.1" 200 97657 "-" "Mozilla/5.0 (X11; Linux x86_64) AppleWebKit/537.36 (KHTML, like Gecko; GeedoShopProductFinder) Chrome/142.0.0.0 Safari/537.36"
207.154.219.81 - - [31/Aug/2026:06:33:06 +0300] "POST /wp-login.php HTTP/1.1" 403 6220 "-" "Mozilla/5.0"
83.99.206.75 - - [31/Aug/2026:06:33:09 +0300] "GET /events/list/?tribe-bar-date=2025-08-27&eventDisplay=past HTTP/1.1" 200 125726 "-" "Mozilla/5.0 (X11; Linux x86_64) AppleWebKit/537.36 (KHTML, like Gecko; GeedoShopProductFinder) Chrome/142.0.0.0 Safari/537.36"
89.39.7.190 - - [31/Aug/2026:06:33:30 +0300] "POST /wp-cron.php?doing_wp_cron=1788147210.1551899909973144531250 HTTP/1.1" 200 5455 "-" "WordPress/6.9.7; https://ajutam.ro"
83.99.206.75 - - [31/Aug/2026:06:33:29 +0300] "GET /events/list/?tribe-bar-date=2026-01-25&eventDisplay=past HTTP/1.1" 200 125693 "-" "Mozilla/5.0 (X11; Linux x86_64) AppleWebKit/537.36 (KHTML, like Gecko; GeedoShopProductFinder) Chrome/142.0.0.0 Safari/537.36"
83.99.206.75 - - [31/Aug/2026:06:33:49 +0300] "GET /events/list/?tribe-bar-date=2027-08-31 HTTP/1.1" 200 97672 "-" "Mozilla/5.0 (X11; Linux x86_64) AppleWebKit/537.36 (KHTML, like Gecko; GeedoShopProductFinder) Chrome/142.0.0.0 Safari/537.36"
138.197.193.77 - - [31/Aug/2026:06:34:01 +0300] "POST /wp-login.php HTTP/1.1" 403 6220 "-" "Mozilla/5.0"
83.99.206.75 - - [31/Aug/2026:06:34:09 +0300] "GET /events/list/?tribe-bar-date=2025-12-29&eventDisplay=past HTTP/1.1" 200 125743 "-" "Mozilla/5.0 (X11; Linux x86_64) AppleWebKit/537.36 (KHTML, like Gecko; GeedoShopProductFinder) Chrome/142.0.0.0 Safari/537.36"
89.39.7.190 - - [31/Aug/2026:06:36:12 +0300] "POST /wp-cron.php?doing_wp_cron=1788147372.5322809219360351562500 HTTP/1.1" 200 5455 "-" "WordPress/6.9.7; https://ajutam.ro"
83.99.206.56 - - [31/Aug/2026:06:36:11 +0300] "GET /events/list/?tribe-bar-date=2026-06-11 HTTP/1.1" 200 97633 "-" "Mozilla/5.0 (X11; Linux x86_64) AppleWebKit/537.36 (KHTML, like Gecko; GeedoShopProductFinder) Chrome/142.0.0.0 Safari/537.36"
89.39.7.190 - - [31/Aug/2026:06:36:32 +0300] "POST /wp-cron.php?doing_wp_cron=1788147392.5442678928375244140625 HTTP/1.1" 200 5455 "-" "WordPress/6.9.7; https://ajutam.ro"
83.99.206.56 - - [31/Aug/2026:06:36:32 +0300] "GET /events/2027-08-30/ HTTP/1.1" 200 95015 "-" "Mozilla/5.0 (X11; Linux x86_64) AppleWebKit/537.36 (KHTML, like Gecko; GeedoShopProductFinder) Chrome/142.0.0.0 Safari/537.36"
138.197.193.77 - - [31/Aug/2026:06:36:35 +0300] "POST /wp-login.php HTTP/1.1" 403 6220 "-" "Mozilla/5.0"
83.99.206.56 - - [31/Aug/2026:06:36:51 +0300] "GET /events/2025-08-26/ HTTP/1.1" 200 95022 "-" "Mozilla/5.0 (X11; Linux x86_64) AppleWebKit/537.36 (KHTML, like Gecko; GeedoShopProductFinder) Chrome/142.0.0.0 Safari/537.36"
83.99.206.56 - - [31/Aug/2026:06:37:11 +0300] "GET /events/list/?tribe-bar-date=2025-12-28&eventDisplay=past HTTP/1.1" 200 125690 "-" "Mozilla/5.0 (X11; Linux x86_64) AppleWebKit/537.36 (KHTML, like Gecko; GeedoShopProductFinder) Chrome/142.0.0.0 Safari/537.36"
89.39.7.190 - - [31/Aug/2026:06:37:32 +0300] "POST /wp-cron.php?doing_wp_cron=1788147452.0315070152282714843750 HTTP/1.1" 200 5455 "-" "WordPress/6.9.7; https://ajutam.ro"
83.99.206.56 - - [31/Aug/2026:06:37:31 +0300] "GET /events/2026-06-10/ HTTP/1.1" 200 95018 "-" "Mozilla/5.0 (X11; Linux x86_64) AppleWebKit/537.36 (KHTML, like Gecko; GeedoShopProductFinder) Chrome/142.0.0.0 Safari/537.36"
83.99.206.56 - - [31/Aug/2026:06:37:51 +0300] "GET /events/list/?tribe-bar-date=2026-06-14 HTTP/1.1" 200 97640 "-" "Mozilla/5.0 (X11; Linux x86_64) AppleWebKit/537.36 (KHTML, like Gecko; GeedoShopProductFinder) Chrome/142.0.0.0 Safari/537.36"
138.197.193.77 - - [31/Aug/2026:06:39:15 +0300] "POST /wp-login.php HTTP/1.1" 403 6220 "-" "Mozilla/5.0"
83.99.206.110 - - [31/Aug/2026:06:39:51 +0300] "GET /events/2027-06-24/ HTTP/1.1" 200 95006 "-" "Mozilla/5.0 (X11; Linux x86_64) AppleWebKit/537.36 (KHTML, like Gecko; GeedoShopProductFinder) Chrome/142.0.0.0 Safari/537.36"
89.39.7.190 - - [31/Aug/2026:06:39:51 +0300] "POST /wp-cron.php?doing_wp_cron=1788147591.5146870613098144531250 HTTP/1.1" 200 5455 "-" "WordPress/6.9.7; https://ajutam.ro"
207.154.219.81 - - [31/Aug/2026:06:39:52 +0300] "POST /wp-login.php HTTP/1.1" 403 6220 "-" "Mozilla/5.0"
83.99.206.75 - - [31/Aug/2026:06:40:10 +0300] "GET /events/list/?tribe-bar-date=2026-02-20 HTTP/1.1" 200 97656 "-" "Mozilla/5.0 (X11; Linux x86_64) AppleWebKit/537.36 (KHTML, like Gecko; GeedoShopProductFinder) Chrome/142.0.0.0 Safari/537.36"
89.39.7.190 - - [31/Aug/2026:06:40:31 +0300] "POST /wp-cron.php?doing_wp_cron=1788147631.3744740486145019531250 HTTP/1.1" 200 5455 "-" "WordPress/6.9.7; https://ajutam.ro"
83.99.206.69 - - [31/Aug/2026:06:40:30 +0300] "GET /events/list/?tribe-bar-date=2026-09-20 HTTP/1.1" 200 97653 "-" "Mozilla/5.0 (X11; Linux x86_64) AppleWebKit/537.36 (KHTML, like Gecko; GeedoShopProductFinder) Chrome/142.0.0.0 Safari/537.36"
83.99.206.75 - - [31/Aug/2026:06:40:50 +0300] "GET /events/list/?tribe-bar-date=2026-06-11&eventDisplay=past HTTP/1.1" 200 125706 "-" "Mozilla/5.0 (X11; Linux x86_64) AppleWebKit/537.36 (KHTML, like Gecko; GeedoShopProductFinder) Chrome/142.0.0.0 Safari/537.36"
192.250.235.218 - - [31/Aug/2026:06:41:09 +0300] "GET /wp-login.php HTTP/1.1" 200 12404 "-" "192.250.235.218"
192.250.235.218 - - [31/Aug/2026:06:41:10 +0300] "POST /wp-login.php HTTP/1.1" 200 12868 "https://ajutam.ro/wp-login.php" "192.250.235.218"
83.99.206.75 - - [31/Aug/2026:06:41:10 +0300] "GET /events/list/?tribe-bar-date=2026-05-23&eventDisplay=past HTTP/1.1" 200 125686 "-" "Mozilla/5.0 (X11; Linux x86_64) AppleWebKit/537.36 (KHTML, like Gecko; GeedoShopProductFinder) Chrome/142.0.0.0 Safari/537.36"
89.39.7.190 - - [31/Aug/2026:06:41:31 +0300] "POST /wp-cron.php?doing_wp_cron=1788147691.0058920383453369140625 HTTP/1.1" 200 5455 "-" "WordPress/6.9.7; https://ajutam.ro"
83.99.206.75 - - [31/Aug/2026:06:41:30 +0300] "GET /events/list/?tribe-bar-date=2027-01-30 HTTP/1.1" 200 97669 "-" "Mozilla/5.0 (X11; Linux x86_64) AppleWebKit/537.36 (KHTML, like Gecko; GeedoShopProductFinder) Chrome/142.0.0.0 Safari/537.36"
89.39.7.190 - - [31/Aug/2026:06:43:28 +0300] "POST /wp-cron.php?doing_wp_cron=1788147808.6625750064849853515625 HTTP/1.1" 200 5455 "-" "WordPress/6.9.7; https://ajutam.ro"
83.99.206.229 - - [31/Aug/2026:06:43:28 +0300] "GET /events/2026-08-12/ HTTP/1.1" 200 95022 "-" "Mozilla/5.0 (X11; Linux x86_64) AppleWebKit/537.36 (KHTML, like Gecko; GeedoShopProductFinder) Chrome/142.0.0.0 Safari/537.36"
89.39.7.190 - - [31/Aug/2026:06:43:48 +0300] "POST /wp-cron.php?doing_wp_cron=1788147828.6042220592498779296875 HTTP/1.1" 200 5455 "-" "WordPress/6.9.7; https://ajutam.ro"
83.99.206.229 - - [31/Aug/2026:06:43:47 +0300] "GET /events/list/?tribe-bar-date=2026-08-13&eventDisplay=past HTTP/1.1" 200 125772 "-" "Mozilla/5.0 (X11; Linux x86_64) AppleWebKit/537.36 (KHTML, like Gecko; GeedoShopProductFinder) Chrome/142.0.0.0 Safari/537.36"
83.99.206.114 - - [31/Aug/2026:06:44:08 +0300] "GET /events/list/?tribe-bar-date=2026-04-18 HTTP/1.1" 200 97639 "-" "Mozilla/5.0 (X11; Linux x86_64) AppleWebKit/537.36 (KHTML, like Gecko; GeedoShopProductFinder) Chrome/142.0.0.0 Safari/537.36"
89.39.7.190 - - [31/Aug/2026:06:44:28 +0300] "POST /wp-cron.php?doing_wp_cron=1788147868.5290949344635009765625 HTTP/1.1" 200 5455 "-" "WordPress/6.9.7; https://ajutam.ro"
83.99.206.67 - - [31/Aug/2026:06:44:28 +0300] "GET /events/2026-07-19/ HTTP/1.1" 200 95018 "-" "Mozilla/5.0 (X11; Linux x86_64) AppleWebKit/537.36 (KHTML, like Gecko; GeedoShopProductFinder) Chrome/142.0.0.0 Safari/537.36"
138.197.193.77 - - [31/Aug/2026:06:44:44 +0300] "POST /wp-login.php HTTP/1.1" 403 6220 "-" "Mozilla/5.0"
83.99.206.229 - - [31/Aug/2026:06:44:47 +0300] "GET /events/2026-03-22/ HTTP/1.1" 200 95020 "-" "Mozilla/5.0 (X11; Linux x86_64) AppleWebKit/537.36 (KHTML, like Gecko; GeedoShopProductFinder) Chrome/142.0.0.0 Safari/537.36"
83.99.206.224 - - [31/Aug/2026:06:45:07 +0300] "GET /events/list/?tribe-bar-date=2026-01-23&eventDisplay=past HTTP/1.1" 200 125720 "-" "Mozilla/5.0 (X11; Linux x86_64) AppleWebKit/537.36 (KHTML, like Gecko; GeedoShopProductFinder) Chrome/142.0.0.0 Safari/537.36"
207.154.219.81 - - [31/Aug/2026:06:46:37 +0300] "POST /wp-login.php HTTP/1.1" 403 6220 "-" "Mozilla/5.0"
89.39.7.190 - - [31/Aug/2026:06:47:11 +0300] "POST /wp-cron.php?doing_wp_cron=1788148031.7381451129913330078125 HTTP/1.1" 200 5455 "-" "WordPress/6.9.7; https://ajutam.ro"
83.99.206.56 - - [31/Aug/2026:06:47:11 +0300] "GET /events/list/?tribe-bar-date=2027-06-24 HTTP/1.1" 200 97664 "-" "Mozilla/5.0 (X11; Linux x86_64) AppleWebKit/537.36 (KHTML, like Gecko; GeedoShopProductFinder) Chrome/142.0.0.0 Safari/537.36"
89.39.7.190 - - [31/Aug/2026:06:47:31 +0300] "POST /wp-cron.php?doing_wp_cron=1788148051.8184840679168701171875 HTTP/1.1" 200 5455 "-" "WordPress/6.9.7; https://ajutam.ro"
83.99.206.56 - - [31/Aug/2026:06:47:31 +0300] "GET /events/list/?tribe-bar-date=2026-03-23&eventDisplay=past HTTP/1.1" 200 125722 "-" "Mozilla/5.0 (X11; Linux x86_64) AppleWebKit/537.36 (KHTML, like Gecko; GeedoShopProductFinder) Chrome/142.0.0.0 Safari/537.36"
83.99.206.56 - - [31/Aug/2026:06:47:50 +0300] "GET /events/list/?tribe-bar-date=2026-12-20 HTTP/1.1" 200 97662 "-" "Mozilla/5.0 (X11; Linux x86_64) AppleWebKit/537.36 (KHTML, like Gecko; GeedoShopProductFinder) Chrome/142.0.0.0 Safari/537.36"
89.39.7.190 - - [31/Aug/2026:06:48:11 +0300] "POST /wp-cron.php?doing_wp_cron=1788148091.4792339801788330078125 HTTP/1.1" 200 5455 "-" "WordPress/6.9.7; https://ajutam.ro"
83.99.206.144 - - [31/Aug/2026:06:48:10 +0300] "GET /events/list/?tribe-bar-date=2027-02-12 HTTP/1.1" 200 97680 "-" "Mozilla/5.0 (X11; Linux x86_64) AppleWebKit/537.36 (KHTML, like Gecko; GeedoShopProductFinder) Chrome/142.0.0.0 Safari/537.36"
89.39.7.190 - - [31/Aug/2026:06:48:31 +0300] "POST /wp-cron.php?doing_wp_cron=1788148111.4369258880615234375000 HTTP/1.1" 200 5455 "-" "WordPress/6.9.7; https://ajutam.ro"
83.99.206.56 - - [31/Aug/2026:06:48:30 +0300] "GET /events/list/?tribe-bar-date=2027-05-30&eventDisplay=past HTTP/1.1" 200 125726 "-" "Mozilla/5.0 (X11; Linux x86_64) AppleWebKit/537.36 (KHTML, like Gecko; GeedoShopProductFinder) Chrome/142.0.0.0 Safari/537.36"
83.99.206.180 - - [31/Aug/2026:06:48:50 +0300] "GET /events/2027-03-24/ HTTP/1.1" 200 95013 "-" "Mozilla/5.0 (X11; Linux x86_64) AppleWebKit/537.36 (KHTML, like Gecko; GeedoShopProductFinder) Chrome/142.0.0.0 Safari/537.36"
89.39.7.190 - - [31/Aug/2026:06:50:27 +0300] "POST /wp-cron.php?doing_wp_cron=1788148226.9574930667877197265625 HTTP/1.1" 200 5455 "-" "WordPress/6.9.7; https://ajutam.ro"
112.86.225.94 - - [31/Aug/2026:06:50:26 +0300] "GET / HTTP/1.1" 200 102569 "-" "Sogou web spider/4.0(+http://www.sogou.com/docs/help/webmasters.htm#07)"
112.86.225.94 - - [31/Aug/2026:06:50:30 +0300] "GET / HTTP/1.1" 200 102568 "-" "Sogou web spider/4.0(+http://www.sogou.com/docs/help/webmasters.htm#07)"
83.99.206.54 - - [31/Aug/2026:06:50:51 +0300] "GET /events/2026-07-18/ HTTP/1.1" 200 95018 "-" "Mozilla/5.0 (X11; Linux x86_64) AppleWebKit/537.36 (KHTML, like Gecko; GeedoShopProductFinder) Chrome/142.0.0.0 Safari/537.36"
83.99.206.54 - - [31/Aug/2026:06:51:11 +0300] "GET /events/list/?tribe-bar-date=2026-04-17 HTTP/1.1" 200 97639 "-" "Mozilla/5.0 (X11; Linux x86_64) AppleWebKit/537.36 (KHTML, like Gecko; GeedoShopProductFinder) Chrome/142.0.0.0 Safari/537.36"
89.39.7.190 - - [31/Aug/2026:06:51:31 +0300] "POST /wp-cron.php?doing_wp_cron=1788148291.8938651084899902343750 HTTP/1.1" 200 5455 "-" "WordPress/6.9.7; https://ajutam.ro"
83.99.206.54 - - [31/Aug/2026:06:51:31 +0300] "GET /events/list/?tribe-bar-date=2026-02-22 HTTP/1.1" 200 97656 "-" "Mozilla/5.0 (X11; Linux x86_64) AppleWebKit/537.36 (KHTML, like Gecko; GeedoShopProductFinder) Chrome/142.0.0.0 Safari/537.36"
83.99.206.54 - - [31/Aug/2026:06:51:51 +0300] "GET /events/list/?tribe-bar-date=2026-01-24&eventDisplay=past HTTP/1.1" 200 125689 "-" "Mozilla/5.0 (X11; Linux x86_64) AppleWebKit/537.36 (KHTML, like Gecko; GeedoShopProductFinder) Chrome/142.0.0.0 Safari/537.36"
138.197.193.77 - - [31/Aug/2026:06:52:06 +0300] "POST /wp-login.php HTTP/1.1" 403 6220 "-" "Mozilla/5.0"
83.99.206.54 - - [31/Aug/2026:06:52:12 +0300] "GET /events/list/?tribe-bar-date=2026-10-22&eventDisplay=past HTTP/1.1" 200 125770 "-" "Mozilla/5.0 (X11; Linux x86_64) AppleWebKit/537.36 (KHTML, like Gecko; GeedoShopProductFinder) Chrome/142.0.0.0 Safari/537.36"
89.39.7.190 - - [31/Aug/2026:06:52:32 +0300] "POST /wp-cron.php?doing_wp_cron=1788148352.7591040134429931640625 HTTP/1.1" 200 5455 "-" "WordPress/6.9.7; https://ajutam.ro"
83.99.206.54 - - [31/Aug/2026:06:52:32 +0300] "GET /events/list/?tribe-bar-date=2025-09-26 HTTP/1.1" 200 97663 "-" "Mozilla/5.0 (X11; Linux x86_64) AppleWebKit/537.36 (KHTML, like Gecko; GeedoShopProductFinder) Chrome/142.0.0.0 Safari/537.36"
207.154.219.81 - - [31/Aug/2026:06:53:12 +0300] "POST /wp-login.php HTTP/1.1" 403 6220 "-" "Mozilla/5.0"
89.39.7.190 - - [31/Aug/2026:06:54:39 +0300] "POST /wp-cron.php?doing_wp_cron=1788148479.2728459835052490234375 HTTP/1.1" 200 5455 "-" "WordPress/6.9.7; https://ajutam.ro"
83.99.206.143 - - [31/Aug/2026:06:54:38 +0300] "GET /events/2027-07-31/ HTTP/1.1" 200 95018 "-" "Mozilla/5.0 (X11; Linux x86_64) AppleWebKit/537.36 (KHTML, like Gecko; GeedoShopProductFinder) Chrome/142.0.0.0 Safari/537.36"
83.99.206.143 - - [31/Aug/2026:06:54:58 +0300] "GET /events/list/?tribe-bar-date=2025-08-26 HTTP/1.1" 200 97672 "-" "Mozilla/5.0 (X11; Linux x86_64) AppleWebKit/537.36 (KHTML, like Gecko; GeedoShopProductFinder) Chrome/142.0.0.0 Safari/537.36"
83.99.206.154 - - [31/Aug/2026:06:55:18 +0300] "GET /events/list/?tribe-bar-date=2026-02-19 HTTP/1.1" 200 97649 "-" "Mozilla/5.0 (X11; Linux x86_64) AppleWebKit/537.36 (KHTML, like Gecko; GeedoShopProductFinder) Chrome/142.0.0.0 Safari/537.36"
89.39.7.190 - - [31/Aug/2026:06:55:39 +0300] "POST /wp-cron.php?doing_wp_cron=1788148539.1018409729003906250000 HTTP/1.1" 200 5455 "-" "WordPress/6.9.7; https://ajutam.ro"
83.99.206.143 - - [31/Aug/2026:06:55:38 +0300] "GET /events/list/?tribe-bar-date=2027-03-30&eventDisplay=past HTTP/1.1" 200 125759 "-" "Mozilla/5.0 (X11; Linux x86_64) AppleWebKit/537.36 (KHTML, like Gecko; GeedoShopProductFinder) Chrome/142.0.0.0 Safari/537.36"
83.99.206.143 - - [31/Aug/2026:06:55:58 +0300] "GET /events/list/?tribe-bar-date=2026-06-14&eventDisplay=past HTTP/1.1" 200 125727 "-" "Mozilla/5.0 (X11; Linux x86_64) AppleWebKit/537.36 (KHTML, like Gecko; GeedoShopProductFinder) Chrome/142.0.0.0 Safari/537.36"
83.99.206.2 - - [31/Aug/2026:06:56:18 +0300] "GET /events/list/?tribe-bar-date=2027-02-12&eventDisplay=past HTTP/1.1" 200 125703 "-" "Mozilla/5.0 (X11; Linux x86_64) AppleWebKit/537.36 (KHTML, like Gecko; GeedoShopProductFinder) Chrome/142.0.0.0 Safari/537.36"
89.39.7.190 - - [31/Aug/2026:06:57:12 +0300] "POST /wp-cron.php?doing_wp_cron=1788148632.4742369651794433593750 HTTP/1.1" 200 5455 "-" "WordPress/6.9.7; https://ajutam.ro"
121.229.156.95 - - [31/Aug/2026:06:57:11 +0300] "GET /events/2026-08-01/ HTTP/1.1" 200 95008 "-" "Sogou web spider/4.0(+http://www.sogou.com/docs/help/webmasters.htm#07)"
89.39.7.190 - - [31/Aug/2026:06:58:21 +0300] "POST /wp-cron.php?doing_wp_cron=1788148701.5610029697418212890625 HTTP/1.1" 200 5455 "-" "WordPress/6.9.7; https://ajutam.ro"
83.99.206.228 - - [31/Aug/2026:06:58:21 +0300] "GET /events/list/?tribe-bar-date=2027-04-27 HTTP/1.1" 200 97661 "-" "Mozilla/5.0 (X11; Linux x86_64) AppleWebKit/537.36 (KHTML, like Gecko; GeedoShopProductFinder) Chrome/142.0.0.0 Safari/537.36"
89.39.7.190 - - [31/Aug/2026:06:58:41 +0300] "POST /wp-cron.php?doing_wp_cron=1788148721.6351730823516845703125 HTTP/1.1" 200 5455 "-" "WordPress/6.9.7; https://ajutam.ro"
83.99.206.228 - - [31/Aug/2026:06:58:40 +0300] "GET /events/list/?tribe-bar-date=2027-05-29&eventDisplay=past HTTP/1.1" 200 125745 "-" "Mozilla/5.0 (X11; Linux x86_64) AppleWebKit/537.36 (KHTML, like Gecko; GeedoShopProductFinder) Chrome/142.0.0.0 Safari/537.36"
83.99.206.228 - - [31/Aug/2026:06:59:00 +0300] "GET /events/list/?tribe-bar-date=2026-07-19 HTTP/1.1" 200 97633 "-" "Mozilla/5.0 (X11; Linux x86_64) AppleWebKit/537.36 (KHTML, like Gecko; GeedoShopProductFinder) Chrome/142.0.0.0 Safari/537.36"
83.99.206.228 - - [31/Aug/2026:06:59:20 +0300] "GET /events/list/?tribe-bar-date=2027-06-25 HTTP/1.1" 200 97657 "-" "Mozilla/5.0 (X11; Linux x86_64) AppleWebKit/537.36 (KHTML, like Gecko; GeedoShopProductFinder) Chrome/142.0.0.0 Safari/537.36"
138.197.193.77 - - [31/Aug/2026:06:59:32 +0300] "POST /wp-login.php HTTP/1.1" 403 6220 "-" "Mozilla/5.0"
89.39.7.190 - - [31/Aug/2026:06:59:41 +0300] "POST /wp-cron.php?doing_wp_cron=1788148781.0784890651702880859375 HTTP/1.1" 200 5455 "-" "WordPress/6.9.7; https://ajutam.ro"
83.99.206.228 - - [31/Aug/2026:06:59:40 +0300] "GET /events/2025-11-26/ HTTP/1.1" 200 95028 "-" "Mozilla/5.0 (X11; Linux x86_64) AppleWebKit/537.36 (KHTML, like Gecko; GeedoShopProductFinder) Chrome/142.0.0.0 Safari/537.36"
207.154.219.81 - - [31/Aug/2026:06:59:48 +0300] "POST /wp-login.php HTTP/1.1" 403 6220 "-" "Mozilla/5.0"
83.99.206.228 - - [31/Aug/2026:07:00:00 +0300] "GET /events/list/?tribe-bar-date=2026-12-20&eventDisplay=past HTTP/1.1" 200 125759 "-" "Mozilla/5.0 (X11; Linux x86_64) AppleWebKit/537.36 (KHTML, like Gecko; GeedoShopProductFinder) Chrome/142.0.0.0 Safari/537.36"
89.39.7.190 - - [31/Aug/2026:07:00:29 +0300] "POST /wp-cron.php?doing_wp_cron=1788148829.3817939758300781250000 HTTP/1.1" 200 5455 "-" "WordPress/6.9.7; https://ajutam.ro"
47.79.200.75 - - [31/Aug/2026:07:00:28 +0300] "GET /events/list/?tribe-bar-date=2027-01-31 HTTP/1.1" 200 97679 "https://www.google.com/" "Mozilla/5.0 (Linux; Android 10; K) AppleWebKit/537.36 (KHTML, like Gecko) Chrome/133.0.0.0 Mobile Safari/537.36"
216.73.216.143 - - [31/Aug/2026:07:00:48 +0300] "GET /robots.txt HTTP/1.1" 200 5675 "-" "Mozilla/5.0 AppleWebKit/537.36 (KHTML, like Gecko; compatible; ClaudeBot/1.0; +claudebot@anthropic.com)"
216.73.216.143 - - [31/Aug/2026:07:00:49 +0300] "GET / HTTP/1.1" 200 102579 "-" "Mozilla/5.0 AppleWebKit/537.36 (KHTML, like Gecko; compatible; ClaudeBot/1.0; +claudebot@anthropic.com)"
89.39.7.190 - - [31/Aug/2026:07:01:55 +0300] "POST /wp-cron.php?doing_wp_cron=1788148915.2554130554199218750000 HTTP/1.1" 200 5455 "-" "WordPress/6.9.7; https://ajutam.ro"
79.137.64.41 - - [31/Aug/2026:07:01:54 +0300] "GET /robots.txt HTTP/1.1" 200 5675 "-" "Mozilla/5.0 (compatible; MJ12bot/v1.4.8; http://mj12bot.com/)"
79.137.64.41 - - [31/Aug/2026:07:01:56 +0300] "GET /events/2047-04-23/ HTTP/1.1" 200 95010 "-" "Mozilla/5.0 (compatible; MJ12bot/v1.4.8; http://mj12bot.com/)"
83.99.206.254 - - [31/Aug/2026:07:02:01 +0300] "GET /events/2025-08-25/ HTTP/1.1" 200 95022 "-" "Mozilla/5.0 (X11; Linux x86_64) AppleWebKit/537.36 (KHTML, like Gecko; GeedoShopProductFinder) Chrome/142.0.0.0 Safari/537.36"
83.99.206.143 - - [31/Aug/2026:07:02:21 +0300] "GET /events/list/?tribe-bar-date=2026-02-21&eventDisplay=past HTTP/1.1" 200 125720 "-" "Mozilla/5.0 (X11; Linux x86_64) AppleWebKit/537.36 (KHTML, like Gecko; GeedoShopProductFinder) Chrome/142.0.0.0 Safari/537.36"
89.39.7.190 - - [31/Aug/2026:07:02:42 +0300] "POST /wp-cron.php?doing_wp_cron=1788148962.3709530830383300781250 HTTP/1.1" 200 5455 "-" "WordPress/6.9.7; https://ajutam.ro"
83.99.206.143 - - [31/Aug/2026:07:02:41 +0300] "GET /events/list/?tribe-bar-date=2027-08-31&eventDisplay=past HTTP/1.1" 200 125738 "-" "Mozilla/5.0 (X11; Linux x86_64) AppleWebKit/537.36 (KHTML, like Gecko; GeedoShopProductFinder) Chrome/142.0.0.0 Safari/537.36"
83.99.206.84 - - [31/Aug/2026:07:03:01 +0300] "GET /events/list/?tribe-bar-date=2026-03-22 HTTP/1.1" 200 97639 "-" "Mozilla/5.0 (X11; Linux x86_64) AppleWebKit/537.36 (KHTML, like Gecko; GeedoShopProductFinder) Chrome/142.0.0.0 Safari/537.36"
83.99.206.143 - - [31/Aug/2026:07:03:21 +0300] "GET /events/list/?tribe-bar-date=2027-04-25 HTTP/1.1" 200 97661 "-" "Mozilla/5.0 (X11; Linux x86_64) AppleWebKit/537.36 (KHTML, like Gecko; GeedoShopProductFinder) Chrome/142.0.0.0 Safari/537.36"
89.39.7.190 - - [31/Aug/2026:07:03:41 +0300] "POST /wp-cron.php?doing_wp_cron=1788149020.8910980224609375000000 HTTP/1.1" 200 5455 "-" "WordPress/6.9.7; https://ajutam.ro"
47.79.200.137 - - [31/Aug/2026:07:03:40 +0300] "GET /events/list/?tribe-bar-date=2026-07-27 HTTP/1.1" 200 97640 "https://www.google.com/" "Mozilla/5.0 (Windows NT 10.0; Win64; x64) AppleWebKit/537.36 (KHTML, like Gecko) Chrome/132.0.0.0 Safari/537.36"
83.99.206.143 - - [31/Aug/2026:07:03:41 +0300] "GET /events/list/?tribe-bar-date=2025-09-27&eventDisplay=past HTTP/1.1" 200 125734 "-" "Mozilla/5.0 (X11; Linux x86_64) AppleWebKit/537.36 (KHTML, like Gecko; GeedoShopProductFinder) Chrome/142.0.0.0 Safari/537.36"
40.77.167.255 - - [31/Aug/2026:07:03:53 +0300] "GET /wp-sitemap-taxonomies-product_shipping_class-1.xml HTTP/1.1" 200 5838 "-" "Mozilla/5.0 AppleWebKit/537.36 (KHTML, like Gecko; compatible; bingbot/2.0; +http://www.bing.com/bingbot.htm) Chrome/116.0.1938.76 Safari/537.36"
