138.197.193.77 - - [31/Aug/2026:09:04:05 +0300] "POST /wp-login.php HTTP/1.1" 403 6220 "-" "Mozilla/5.0"
89.39.7.190 - - [31/Aug/2026:09:04:23 +0300] "POST /wp-cron.php?doing_wp_cron=1788156263.8811130523681640625000 HTTP/1.1" 200 5455 "-" "WordPress/6.9.7; https://ajutam.ro"
83.99.206.49 - - [31/Aug/2026:09:04:23 +0300] "GET /events/2027-06-22/ HTTP/1.1" 200 95018 "-" "Mozilla/5.0 (X11; Linux x86_64) AppleWebKit/537.36 (KHTML, like Gecko; GeedoShopProductFinder) Chrome/142.0.0.0 Safari/537.36"
83.99.206.84 - - [31/Aug/2026:09:04:43 +0300] "GET /events/2026-05-19/ HTTP/1.1" 200 95016 "-" "Mozilla/5.0 (X11; Linux x86_64) AppleWebKit/537.36 (KHTML, like Gecko; GeedoShopProductFinder) Chrome/142.0.0.0 Safari/537.36"
83.99.206.195 - - [31/Aug/2026:09:05:03 +0300] "GET /events/list/?tribe-bar-date=2027-02-14&eventDisplay=past HTTP/1.1" 200 125748 "-" "Mozilla/5.0 (X11; Linux x86_64) AppleWebKit/537.36 (KHTML, like Gecko; GeedoShopProductFinder) Chrome/142.0.0.0 Safari/537.36"
89.39.7.190 - - [31/Aug/2026:09:06:02 +0300] "POST /wp-cron.php?doing_wp_cron=1788156362.4178800582885742187500 HTTP/1.1" 200 5455 "-" "WordPress/6.9.7; https://ajutam.ro"
216.244.66.248 - - [31/Aug/2026:09:06:01 +0300] "GET /events/list/?tribe-bar-date=2033-12-28&ical=1 HTTP/1.1" 200 5362 "-" "Mozilla/5.0 (compatible; DotBot/1.2; +https://opensiteexplorer.org/dotbot; help@moz.com)"
89.39.7.190 - - [31/Aug/2026:09:07:01 +0300] "POST /wp-cron.php?doing_wp_cron=1788156421.3440721035003662109375 HTTP/1.1" 200 5455 "-" "WordPress/6.9.7; https://ajutam.ro"
47.79.202.45 - - [31/Aug/2026:09:07:00 +0300] "GET /events/list/?eventDisplay=past&tribe-bar-date=2027-03-01 HTTP/1.1" 200 125689 "https://www.google.com/" "Mozilla/5.0 (Macintosh; Intel Mac OS X 10_15_7) AppleWebKit/537.36 (KHTML, like Gecko) Chrome/132.0.0.0 Safari/537.36"
83.99.206.195 - - [31/Aug/2026:09:07:12 +0300] "GET /events/2026-09-18/ HTTP/1.1" 200 95021 "-" "Mozilla/5.0 (X11; Linux x86_64) AppleWebKit/537.36 (KHTML, like Gecko; GeedoShopProductFinder) Chrome/142.0.0.0 Safari/537.36"
89.39.7.190 - - [31/Aug/2026:09:07:33 +0300] "POST /wp-cron.php?doing_wp_cron=1788156453.2357139587402343750000 HTTP/1.1" 200 5455 "-" "WordPress/6.9.7; https://ajutam.ro"
83.99.206.195 - - [31/Aug/2026:09:07:32 +0300] "GET /events/2025-09-25/ HTTP/1.1" 200 95028 "-" "Mozilla/5.0 (X11; Linux x86_64) AppleWebKit/537.36 (KHTML, like Gecko; GeedoShopProductFinder) Chrome/142.0.0.0 Safari/537.36"
83.99.206.195 - - [31/Aug/2026:09:07:52 +0300] "GET /events/list/?tribe-bar-date=2026-07-22 HTTP/1.1" 200 97640 "-" "Mozilla/5.0 (X11; Linux x86_64) AppleWebKit/537.36 (KHTML, like Gecko; GeedoShopProductFinder) Chrome/142.0.0.0 Safari/537.36"
207.154.219.81 - - [31/Aug/2026:09:07:58 +0300] "POST /wp-login.php HTTP/1.1" 403 6220 "-" "Mozilla/5.0"
47.79.200.69 - - [31/Aug/2026:09:08:06 +0300] "GET /events/list/?eventDisplay=past&tribe-bar-date=2026-11-29 HTTP/1.1" 200 125714 "https://www.google.com/" "Mozilla/5.0 (Linux; Android 10; K) AppleWebKit/537.36 (KHTML, like Gecko) Chrome/133.0.0.0 Safari/537.36"
83.99.206.27 - - [31/Aug/2026:09:08:12 +0300] "GET /events/list/?tribe-bar-date=2026-07-14 HTTP/1.1" 200 97640 "-" "Mozilla/5.0 (X11; Linux x86_64) AppleWebKit/537.36 (KHTML, like Gecko; GeedoShopProductFinder) Chrome/142.0.0.0 Safari/537.36"
89.39.7.190 - - [31/Aug/2026:09:08:33 +0300] "POST /wp-cron.php?doing_wp_cron=1788156513.4704449176788330078125 HTTP/1.1" 200 5455 "-" "WordPress/6.9.7; https://ajutam.ro"
83.99.206.152 - - [31/Aug/2026:09:08:32 +0300] "GET /events/list/?tribe-bar-date=2025-12-27&eventDisplay=past HTTP/1.1" 200 125750 "-" "Mozilla/5.0 (X11; Linux x86_64) AppleWebKit/537.36 (KHTML, like Gecko; GeedoShopProductFinder) Chrome/142.0.0.0 Safari/537.36"
83.99.206.126 - - [31/Aug/2026:09:08:52 +0300] "GET /events/list/?tribe-bar-date=2027-07-25&eventDisplay=past HTTP/1.1" 200 125749 "-" "Mozilla/5.0 (X11; Linux x86_64) AppleWebKit/537.36 (KHTML, like Gecko; GeedoShopProductFinder) Chrome/142.0.0.0 Safari/537.36"
185.191.171.16 - - [31/Aug/2026:09:09:16 +0300] "GET /events/2024-07-12/ HTTP/1.1" 200 95001 "-" "Mozilla/5.0 (compatible; SemrushBot/7~bl; +http://www.semrush.com/bot.html)"
89.39.7.190 - - [31/Aug/2026:09:11:00 +0300] "POST /wp-cron.php?doing_wp_cron=1788156660.2344861030578613281250 HTTP/1.1" 200 5455 "-" "WordPress/6.9.7; https://ajutam.ro"
83.99.206.228 - - [31/Aug/2026:09:10:59 +0300] "GET /events/list/?tribe-bar-date=2026-11-25 HTTP/1.1" 200 97655 "-" "Mozilla/5.0 (X11; Linux x86_64) AppleWebKit/537.36 (KHTML, like Gecko; GeedoShopProductFinder) Chrome/142.0.0.0 Safari/537.36"
83.99.206.228 - - [31/Aug/2026:09:11:19 +0300] "GET /events/2027-04-19/ HTTP/1.1" 200 95020 "-" "Mozilla/5.0 (X11; Linux x86_64) AppleWebKit/537.36 (KHTML, like Gecko; GeedoShopProductFinder) Chrome/142.0.0.0 Safari/537.36"
89.39.7.190 - - [31/Aug/2026:09:11:40 +0300] "POST /wp-cron.php?doing_wp_cron=1788156700.0065829753875732421875 HTTP/1.1" 200 5455 "-" "WordPress/6.9.7; https://ajutam.ro"
83.99.206.228 - - [31/Aug/2026:09:11:39 +0300] "GET /events/2026-03-19/ HTTP/1.1" 200 95013 "-" "Mozilla/5.0 (X11; Linux x86_64) AppleWebKit/537.36 (KHTML, like Gecko; GeedoShopProductFinder) Chrome/142.0.0.0 Safari/537.36"
83.99.206.228 - - [31/Aug/2026:09:11:59 +0300] "GET /events/list/?tribe-bar-date=2026-08-10&eventDisplay=past HTTP/1.1" 200 125696 "-" "Mozilla/5.0 (X11; Linux x86_64) AppleWebKit/537.36 (KHTML, like Gecko; GeedoShopProductFinder) Chrome/142.0.0.0 Safari/537.36"
83.99.206.228 - - [31/Aug/2026:09:12:19 +0300] "GET /events/list/?tribe-bar-date=2027-11-01&eventDisplay=past HTTP/1.1" 200 125749 "-" "Mozilla/5.0 (X11; Linux x86_64) AppleWebKit/537.36 (KHTML, like Gecko; GeedoShopProductFinder) Chrome/142.0.0.0 Safari/537.36"
89.39.7.190 - - [31/Aug/2026:09:12:40 +0300] "POST /wp-cron.php?doing_wp_cron=1788156760.4067769050598144531250 HTTP/1.1" 200 5455 "-" "WordPress/6.9.7; https://ajutam.ro"
83.99.206.235 - - [31/Aug/2026:09:12:39 +0300] "GET /events/2025-10-27/ HTTP/1.1" 200 95026 "-" "Mozilla/5.0 (X11; Linux x86_64) AppleWebKit/537.36 (KHTML, like Gecko; GeedoShopProductFinder) Chrome/142.0.0.0 Safari/537.36"
138.197.193.77 - - [31/Aug/2026:09:12:47 +0300] "POST /wp-login.php HTTP/1.1" 403 6220 "-" "Mozilla/5.0"
89.39.7.190 - - [31/Aug/2026:09:13:26 +0300] "POST /wp-cron.php?doing_wp_cron=1788156806.8313100337982177734375 HTTP/1.1" 200 5455 "-" "WordPress/6.9.7; https://ajutam.ro"
46.8.225.109 - - [31/Aug/2026:09:13:25 +0300] "GET / HTTP/1.1" 200 102556 "-" "Mozilla/5.0 (compatible; CT-WP-Probe/1.2)"
46.8.225.109 - - [31/Aug/2026:09:13:25 +0300] "GET / HTTP/1.1" 200 102572 "-" "Mozilla/5.0 (compatible; CT-WP-Probe/1.2)"
85.208.96.201 - - [31/Aug/2026:09:13:55 +0300] "GET /events/2024-12-23/ HTTP/1.1" 200 95018 "-" "Mozilla/5.0 (compatible; SemrushBot/7~bl; +http://www.semrush.com/bot.html)"
89.39.7.190 - - [31/Aug/2026:09:14:44 +0300] "POST /wp-cron.php?doing_wp_cron=1788156884.2318210601806640625000 HTTP/1.1" 200 5455 "-" "WordPress/6.9.7; https://ajutam.ro"
83.99.206.149 - - [31/Aug/2026:09:14:43 +0300] "GET /events/2026-10-19/ HTTP/1.1" 200 95014 "-" "Mozilla/5.0 (X11; Linux x86_64) AppleWebKit/537.36 (KHTML, like Gecko; GeedoShopProductFinder) Chrome/142.0.0.0 Safari/537.36"
83.99.206.143 - - [31/Aug/2026:09:15:03 +0300] "GET /events/list/?tribe-bar-date=2026-11-25&eventDisplay=past HTTP/1.1" 200 125694 "-" "Mozilla/5.0 (X11; Linux x86_64) AppleWebKit/537.36 (KHTML, like Gecko; GeedoShopProductFinder) Chrome/142.0.0.0 Safari/537.36"
192.64.118.89 - - [31/Aug/2026:09:15:20 +0300] "GET /wp-login.php HTTP/1.1" 200 12404 "-" "Mozilla/5.0 (Windows NT 10.0; Win64; x64) AppleWebKit/537.36 (KHTML, like Gecko) Chrome/151.0.0.0 Safari/537.36"
192.64.118.89 - - [31/Aug/2026:09:15:21 +0300] "POST /wp-login.php HTTP/1.1" 200 12868 "https://ajutam.ro/wp-login.php" "Mozilla/5.0 (Windows NT 10.0; Win64; x64) AppleWebKit/537.36 (KHTML, like Gecko) Chrome/151.0.0.0 Safari/537.36"
89.39.7.190 - - [31/Aug/2026:09:15:24 +0300] "POST /wp-cron.php?doing_wp_cron=1788156924.4005460739135742187500 HTTP/1.1" 200 5455 "-" "WordPress/6.9.7; https://ajutam.ro"
83.99.206.131 - - [31/Aug/2026:09:15:23 +0300] "GET /events/2025-07-31/ HTTP/1.1" 200 95018 "-" "Mozilla/5.0 (X11; Linux x86_64) AppleWebKit/537.36 (KHTML, like Gecko; GeedoShopProductFinder) Chrome/142.0.0.0 Safari/537.36"
207.154.219.81 - - [31/Aug/2026:09:15:25 +0300] "POST /wp-login.php HTTP/1.1" 403 6220 "-" "Mozilla/5.0"
83.99.206.143 - - [31/Aug/2026:09:15:43 +0300] "GET /events/2027-06-21/ HTTP/1.1" 200 95006 "-" "Mozilla/5.0 (X11; Linux x86_64) AppleWebKit/537.36 (KHTML, like Gecko; GeedoShopProductFinder) Chrome/142.0.0.0 Safari/537.36"
83.99.206.2 - - [31/Aug/2026:09:16:03 +0300] "GET /events/2027-07-24/ HTTP/1.1" 200 95018 "-" "Mozilla/5.0 (X11; Linux x86_64) AppleWebKit/537.36 (KHTML, like Gecko; GeedoShopProductFinder) Chrome/142.0.0.0 Safari/537.36"
89.39.7.190 - - [31/Aug/2026:09:16:24 +0300] "POST /wp-cron.php?doing_wp_cron=1788156983.9938659667968750000000 HTTP/1.1" 200 5455 "-" "WordPress/6.9.7; https://ajutam.ro"
83.99.206.231 - - [31/Aug/2026:09:16:23 +0300] "GET /events/2025-07-01/ HTTP/1.1" 200 95014 "-" "Mozilla/5.0 (X11; Linux x86_64) AppleWebKit/537.36 (KHTML, like Gecko; GeedoShopProductFinder) Chrome/142.0.0.0 Safari/537.36"
216.244.66.248 - - [31/Aug/2026:09:17:13 +0300] "GET /events/2025-08-25/ HTTP/1.1" 200 95012 "-" "Mozilla/5.0 (compatible; DotBot/1.2; +https://opensiteexplorer.org/dotbot; help@moz.com)"
216.244.66.248 - - [31/Aug/2026:09:17:19 +0300] "GET /events/2026-10-02/ HTTP/1.1" 200 94998 "-" "Mozilla/5.0 (compatible; DotBot/1.2; +https://opensiteexplorer.org/dotbot; help@moz.com)"
89.39.7.190 - - [31/Aug/2026:09:17:24 +0300] "POST /wp-cron.php?doing_wp_cron=1788157044.2886750698089599609375 HTTP/1.1" 200 5455 "-" "WordPress/6.9.7; https://ajutam.ro"
216.244.66.248 - - [31/Aug/2026:09:17:23 +0300] "GET /events/2030-03-12/ HTTP/1.1" 200 94998 "-" "Mozilla/5.0 (compatible; DotBot/1.2; +https://opensiteexplorer.org/dotbot; help@moz.com)"
216.244.66.248 - - [31/Aug/2026:09:17:28 +0300] "GET /events/2032-07-09/ HTTP/1.1" 200 94997 "-" "Mozilla/5.0 (compatible; DotBot/1.2; +https://opensiteexplorer.org/dotbot; help@moz.com)"
216.244.66.248 - - [31/Aug/2026:09:17:32 +0300] "GET /events/2033-05-26/ HTTP/1.1" 200 94999 "-" "Mozilla/5.0 (compatible; DotBot/1.2; +https://opensiteexplorer.org/dotbot; help@moz.com)"
216.244.66.248 - - [31/Aug/2026:09:17:36 +0300] "GET /events/2039-07-01/ HTTP/1.1" 200 94990 "-" "Mozilla/5.0 (compatible; DotBot/1.2; +https://opensiteexplorer.org/dotbot; help@moz.com)"
89.39.7.190 - - [31/Aug/2026:09:18:32 +0300] "POST /wp-cron.php?doing_wp_cron=1788157112.6533510684967041015625 HTTP/1.1" 200 5455 "-" "WordPress/6.9.7; https://ajutam.ro"
83.99.206.124 - - [31/Aug/2026:09:18:32 +0300] "GET /events/2027-10-01/ HTTP/1.1" 200 95022 "-" "Mozilla/5.0 (X11; Linux x86_64) AppleWebKit/537.36 (KHTML, like Gecko; GeedoShopProductFinder) Chrome/142.0.0.0 Safari/537.36"
216.244.66.248 - - [31/Aug/2026:09:18:48 +0300] "GET /events/2041-07-18/?ical=1 HTTP/1.1" 200 5362 "-" "Mozilla/5.0 (compatible; DotBot/1.2; +https://opensiteexplorer.org/dotbot; help@moz.com)"
83.99.206.88 - - [31/Aug/2026:09:18:53 +0300] "GET /events/list/?tribe-bar-date=2026-06-09&eventDisplay=past HTTP/1.1" 200 125742 "-" "Mozilla/5.0 (X11; Linux x86_64) AppleWebKit/537.36 (KHTML, like Gecko; GeedoShopProductFinder) Chrome/142.0.0.0 Safari/537.36"
83.99.206.88 - - [31/Aug/2026:09:19:12 +0300] "GET /events/list/?tribe-bar-date=2027-07-28 HTTP/1.1" 200 97657 "-" "Mozilla/5.0 (X11; Linux x86_64) AppleWebKit/537.36 (KHTML, like Gecko; GeedoShopProductFinder) Chrome/142.0.0.0 Safari/537.36"
89.39.7.190 - - [31/Aug/2026:09:19:33 +0300] "POST /wp-cron.php?doing_wp_cron=1788157173.2540369033813476562500 HTTP/1.1" 200 5455 "-" "WordPress/6.9.7; https://ajutam.ro"
83.99.206.88 - - [31/Aug/2026:09:19:32 +0300] "GET /events/list/?tribe-bar-date=2027-05-26&eventDisplay=past HTTP/1.1" 200 125759 "-" "Mozilla/5.0 (X11; Linux x86_64) AppleWebKit/537.36 (KHTML, like Gecko; GeedoShopProductFinder) Chrome/142.0.0.0 Safari/537.36"
83.99.206.16 - - [31/Aug/2026:09:19:52 +0300] "GET /events/list/?tribe-bar-date=2026-11-23&eventDisplay=past HTTP/1.1" 200 125750 "-" "Mozilla/5.0 (X11; Linux x86_64) AppleWebKit/537.36 (KHTML, like Gecko; GeedoShopProductFinder) Chrome/142.0.0.0 Safari/537.36"
83.99.206.88 - - [31/Aug/2026:09:20:17 +0300] "GET /events/list/?tribe-bar-date=2025-08-24 HTTP/1.1" 200 97665 "-" "Mozilla/5.0 (X11; Linux x86_64) AppleWebKit/537.36 (KHTML, like Gecko; GeedoShopProductFinder) Chrome/142.0.0.0 Safari/537.36"
138.197.193.77 - - [31/Aug/2026:09:21:33 +0300] "POST /wp-login.php HTTP/1.1" 403 6220 "-" "Mozilla/5.0"
89.39.7.190 - - [31/Aug/2026:09:22:23 +0300] "POST /wp-cron.php?doing_wp_cron=1788157343.7314929962158203125000 HTTP/1.1" 200 5455 "-" "WordPress/6.9.7; https://ajutam.ro"
83.99.206.116 - - [31/Aug/2026:09:22:23 +0300] "GET /events/list/?tribe-bar-date=2025-08-23 HTTP/1.1" 200 97658 "-" "Mozilla/5.0 (X11; Linux x86_64) AppleWebKit/537.36 (KHTML, like Gecko; GeedoShopProductFinder) Chrome/142.0.0.0 Safari/537.36"
83.99.206.116 - - [31/Aug/2026:09:22:44 +0300] "GET /events/2025-08-22/ HTTP/1.1" 200 95015 "-" "Mozilla/5.0 (X11; Linux x86_64) AppleWebKit/537.36 (KHTML, like Gecko; GeedoShopProductFinder) Chrome/142.0.0.0 Safari/537.36"
207.154.219.81 - - [31/Aug/2026:09:22:53 +0300] "POST /wp-login.php HTTP/1.1" 403 6220 "-" "Mozilla/5.0"
83.99.206.116 - - [31/Aug/2026:09:23:04 +0300] "GET /events/list/?tribe-bar-date=2026-07-15&eventDisplay=past HTTP/1.1" 200 125706 "-" "Mozilla/5.0 (X11; Linux x86_64) AppleWebKit/537.36 (KHTML, like Gecko; GeedoShopProductFinder) Chrome/142.0.0.0 Safari/537.36"
89.39.7.190 - - [31/Aug/2026:09:23:24 +0300] "POST /wp-cron.php?doing_wp_cron=1788157404.5033459663391113281250 HTTP/1.1" 200 5455 "-" "WordPress/6.9.7; https://ajutam.ro"
83.99.206.116 - - [31/Aug/2026:09:23:23 +0300] "GET /events/2027-05-25/ HTTP/1.1" 200 95009 "-" "Mozilla/5.0 (X11; Linux x86_64) AppleWebKit/537.36 (KHTML, like Gecko; GeedoShopProductFinder) Chrome/142.0.0.0 Safari/537.36"
83.99.206.116 - - [31/Aug/2026:09:23:44 +0300] "GET /events/2027-07-23/ HTTP/1.1" 200 95018 "-" "Mozilla/5.0 (X11; Linux x86_64) AppleWebKit/537.36 (KHTML, like Gecko; GeedoShopProductFinder) Chrome/142.0.0.0 Safari/537.36"
83.99.206.116 - - [31/Aug/2026:09:24:04 +0300] "GET /events/list/?tribe-bar-date=2026-03-19 HTTP/1.1" 200 97639 "-" "Mozilla/5.0 (X11; Linux x86_64) AppleWebKit/537.36 (KHTML, like Gecko; GeedoShopProductFinder) Chrome/142.0.0.0 Safari/537.36"
89.39.7.190 - - [31/Aug/2026:09:26:10 +0300] "POST /wp-cron.php?doing_wp_cron=1788157570.4018270969390869140625 HTTP/1.1" 200 5455 "-" "WordPress/6.9.7; https://ajutam.ro"
83.99.206.72 - - [31/Aug/2026:09:26:09 +0300] "GET /events/list/?tribe-bar-date=2027-06-30&eventDisplay=past HTTP/1.1" 200 125685 "-" "Mozilla/5.0 (X11; Linux x86_64) AppleWebKit/537.36 (KHTML, like Gecko; GeedoShopProductFinder) Chrome/142.0.0.0 Safari/537.36"
89.39.7.190 - - [31/Aug/2026:09:26:30 +0300] "POST /wp-cron.php?doing_wp_cron=1788157590.4654190540313720703125 HTTP/1.1" 200 5455 "-" "WordPress/6.9.7; https://ajutam.ro"
83.99.206.116 - - [31/Aug/2026:09:26:29 +0300] "GET /events/list/?tribe-bar-date=2026-04-15&eventDisplay=past HTTP/1.1" 200 125688 "-" "Mozilla/5.0 (X11; Linux x86_64) AppleWebKit/537.36 (KHTML, like Gecko; GeedoShopProductFinder) Chrome/142.0.0.0 Safari/537.36"
83.99.206.116 - - [31/Aug/2026:09:26:49 +0300] "GET /events/list/?tribe-bar-date=2027-01-30&eventDisplay=past HTTP/1.1" 200 125751 "-" "Mozilla/5.0 (X11; Linux x86_64) AppleWebKit/537.36 (KHTML, like Gecko; GeedoShopProductFinder) Chrome/142.0.0.0 Safari/537.36"
83.99.206.116 - - [31/Aug/2026:09:27:09 +0300] "GET /events/list/?tribe-bar-date=2025-07-31 HTTP/1.1" 200 97657 "-" "Mozilla/5.0 (X11; Linux x86_64) AppleWebKit/537.36 (KHTML, like Gecko; GeedoShopProductFinder) Chrome/142.0.0.0 Safari/537.36"
83.99.206.116 - - [31/Aug/2026:09:27:29 +0300] "GET /events/list/?tribe-bar-date=2027-02-08 HTTP/1.1" 200 97670 "-" "Mozilla/5.0 (X11; Linux x86_64) AppleWebKit/537.36 (KHTML, like Gecko; GeedoShopProductFinder) Chrome/142.0.0.0 Safari/537.36"
89.39.7.190 - - [31/Aug/2026:09:27:31 +0300] "POST /wp-cron.php?doing_wp_cron=1788157650.9363598823547363281250 HTTP/1.1" 200 5455 "-" "WordPress/6.9.7; https://ajutam.ro"
85.208.96.205 - - [31/Aug/2026:09:27:30 +0300] "GET /robots.txt HTTP/1.1" 200 5675 "-" "Mozilla/5.0 (compatible; SemrushBot/7~bl; +http://www.semrush.com/bot.html)"
85.208.96.209 - - [31/Aug/2026:09:27:32 +0300] "GET /events/2024-08-26/ HTTP/1.1" 200 95005 "-" "Mozilla/5.0 (compatible; SemrushBot/7~bl; +http://www.semrush.com/bot.html)"
83.99.206.116 - - [31/Aug/2026:09:27:49 +0300] "GET /events/2026-07-13/ HTTP/1.1" 200 95018 "-" "Mozilla/5.0 (X11; Linux x86_64) AppleWebKit/537.36 (KHTML, like Gecko; GeedoShopProductFinder) Chrome/142.0.0.0 Safari/537.36"
89.39.7.190 - - [31/Aug/2026:09:29:58 +0300] "POST /wp-cron.php?doing_wp_cron=1788157798.6632049083709716796875 HTTP/1.1" 200 5455 "-" "WordPress/6.9.7; https://ajutam.ro"
83.99.206.116 - - [31/Aug/2026:09:29:57 +0300] "GET /events/list/?tribe-bar-date=2025-08-01&eventDisplay=past HTTP/1.1" 200 125714 "-" "Mozilla/5.0 (X11; Linux x86_64) AppleWebKit/537.36 (KHTML, like Gecko; GeedoShopProductFinder) Chrome/142.0.0.0 Safari/537.36"
89.39.7.190 - - [31/Aug/2026:09:30:18 +0300] "POST /wp-cron.php?doing_wp_cron=1788157818.4245309829711914062500 HTTP/1.1" 200 5455 "-" "WordPress/6.9.7; https://ajutam.ro"
83.99.206.116 - - [31/Aug/2026:09:30:17 +0300] "GET /events/2027-02-07/ HTTP/1.1" 200 95015 "-" "Mozilla/5.0 (X11; Linux x86_64) AppleWebKit/537.36 (KHTML, like Gecko; GeedoShopProductFinder) Chrome/142.0.0.0 Safari/537.36"
138.197.193.77 - - [31/Aug/2026:09:30:20 +0300] "POST /wp-login.php HTTP/1.1" 403 6220 "-" "Mozilla/5.0"
207.154.219.81 - - [31/Aug/2026:09:30:28 +0300] "POST /wp-login.php HTTP/1.1" 403 6220 "-" "Mozilla/5.0"
89.39.7.190 - - [31/Aug/2026:09:30:38 +0300] "POST /wp-cron.php?doing_wp_cron=1788157838.7656829357147216796875 HTTP/1.1" 200 5455 "-" "WordPress/6.9.7; https://ajutam.ro"
83.99.206.116 - - [31/Aug/2026:09:30:37 +0300] "GET /events/2026-06-06/ HTTP/1.1" 200 95014 "-" "Mozilla/5.0 (X11; Linux x86_64) AppleWebKit/537.36 (KHTML, like Gecko; GeedoShopProductFinder) Chrome/142.0.0.0 Safari/537.36"
83.99.206.116 - - [31/Aug/2026:09:30:57 +0300] "GET /events/month/2027-12/ HTTP/1.1" 200 193206 "-" "Mozilla/5.0 (X11; Linux x86_64) AppleWebKit/537.36 (KHTML, like Gecko; GeedoShopProductFinder) Chrome/142.0.0.0 Safari/537.36"
83.99.206.116 - - [31/Aug/2026:09:31:18 +0300] "GET /events/list/?tribe-bar-date=2027-02-10&eventDisplay=past HTTP/1.1" 200 125721 "-" "Mozilla/5.0 (X11; Linux x86_64) AppleWebKit/537.36 (KHTML, like Gecko; GeedoShopProductFinder) Chrome/142.0.0.0 Safari/537.36"
89.39.7.190 - - [31/Aug/2026:09:31:38 +0300] "POST /wp-cron.php?doing_wp_cron=1788157898.0023350715637207031250 HTTP/1.1" 200 5455 "-" "WordPress/6.9.7; https://ajutam.ro"
83.99.206.200 - - [31/Aug/2026:09:31:37 +0300] "GET /events/list/?tribe-bar-date=2027-02-09&eventDisplay=past HTTP/1.1" 200 125744 "-" "Mozilla/5.0 (X11; Linux x86_64) AppleWebKit/537.36 (KHTML, like Gecko; GeedoShopProductFinder) Chrome/142.0.0.0 Safari/537.36"
85.208.96.205 - - [31/Aug/2026:09:31:50 +0300] "GET /events/2022-05-31/ HTTP/1.1" 200 95646 "-" "Mozilla/5.0 (compatible; SemrushBot/7~bl; +http://www.semrush.com/bot.html)"
89.39.7.190 - - [31/Aug/2026:09:33:46 +0300] "POST /wp-cron.php?doing_wp_cron=1788158025.9609770774841308593750 HTTP/1.1" 200 5455 "-" "WordPress/6.9.7; https://ajutam.ro"
83.99.206.10 - - [31/Aug/2026:09:33:45 +0300] "GET /events/list/?tribe-bar-date=2026-10-19 HTTP/1.1" 200 97658 "-" "Mozilla/5.0 (X11; Linux x86_64) AppleWebKit/537.36 (KHTML, like Gecko; GeedoShopProductFinder) Chrome/142.0.0.0 Safari/537.36"
83.99.206.10 - - [31/Aug/2026:09:34:05 +0300] "GET /events/list/?tribe-bar-date=2026-05-21&eventDisplay=past HTTP/1.1" 200 125734 "-" "Mozilla/5.0 (X11; Linux x86_64) AppleWebKit/537.36 (KHTML, like Gecko; GeedoShopProductFinder) Chrome/142.0.0.0 Safari/537.36"
89.39.7.190 - - [31/Aug/2026:09:34:25 +0300] "POST /wp-cron.php?doing_wp_cron=1788158065.6668410301208496093750 HTTP/1.1" 200 5455 "-" "WordPress/6.9.7; https://ajutam.ro"
83.99.206.149 - - [31/Aug/2026:09:34:25 +0300] "GET /events/2027-02-06/ HTTP/1.1" 200 95015 "-" "Mozilla/5.0 (X11; Linux x86_64) AppleWebKit/537.36 (KHTML, like Gecko; GeedoShopProductFinder) Chrome/142.0.0.0 Safari/537.36"
83.99.206.10 - - [31/Aug/2026:09:34:46 +0300] "GET /events/2026-12-18/ HTTP/1.1" 200 95021 "-" "Mozilla/5.0 (X11; Linux x86_64) AppleWebKit/537.36 (KHTML, like Gecko; GeedoShopProductFinder) Chrome/142.0.0.0 Safari/537.36"
83.99.206.10 - - [31/Aug/2026:09:35:05 +0300] "GET /events/2027-03-21/ HTTP/1.1" 200 95013 "-" "Mozilla/5.0 (X11; Linux x86_64) AppleWebKit/537.36 (KHTML, like Gecko; GeedoShopProductFinder) Chrome/142.0.0.0 Safari/537.36"
89.39.7.190 - - [31/Aug/2026:09:35:26 +0300] "POST /wp-cron.php?doing_wp_cron=1788158126.2353200912475585937500 HTTP/1.1" 200 5455 "-" "WordPress/6.9.7; https://ajutam.ro"
83.99.206.10 - - [31/Aug/2026:09:35:25 +0300] "GET /events/list/?tribe-bar-date=2025-08-23&eventDisplay=past HTTP/1.1" 200 125719 "-" "Mozilla/5.0 (X11; Linux x86_64) AppleWebKit/537.36 (KHTML, like Gecko; GeedoShopProductFinder) Chrome/142.0.0.0 Safari/537.36"
89.39.7.190 - - [31/Aug/2026:09:36:55 +0300] "POST /wp-cron.php?doing_wp_cron=1788158215.6889500617980957031250 HTTP/1.1" 200 5455 "-" "WordPress/6.9.7; https://ajutam.ro"
69.6.213.39 - - [31/Aug/2026:09:36:55 +0300] "GET /wp-login.php HTTP/1.1" 200 12404 "-" "Mozilla/5.0 (Windows NT 10.0; Win64; x64) AppleWebKit/537.36 (KHTML, like Gecko) Chrome/151.0.0.0 Safari/537.36"
69.6.213.39 - - [31/Aug/2026:09:36:56 +0300] "POST /wp-login.php HTTP/1.1" 403 6220 "https://ajutam.ro/wp-login.php" "Mozilla/5.0 (Windows NT 10.0; Win64; x64) AppleWebKit/537.36 (KHTML, like Gecko) Chrome/151.0.0.0 Safari/537.36"
89.39.7.190 - - [31/Aug/2026:09:37:37 +0300] "POST /wp-cron.php?doing_wp_cron=1788158257.6412520408630371093750 HTTP/1.1" 200 5455 "-" "WordPress/6.9.7; https://ajutam.ro"
83.99.206.45 - - [31/Aug/2026:09:37:37 +0300] "GET /events/list/?tribe-bar-date=2027-05-25 HTTP/1.1" 200 97655 "-" "Mozilla/5.0 (X11; Linux x86_64) AppleWebKit/537.36 (KHTML, like Gecko; GeedoShopProductFinder) Chrome/142.0.0.0 Safari/537.36"
83.99.206.45 - - [31/Aug/2026:09:37:57 +0300] "GET /events/2025-10-26/ HTTP/1.1" 200 95014 "-" "Mozilla/5.0 (X11; Linux x86_64) AppleWebKit/537.36 (KHTML, like Gecko; GeedoShopProductFinder) Chrome/142.0.0.0 Safari/537.36"
207.154.219.81 - - [31/Aug/2026:09:38:13 +0300] "POST /wp-login.php HTTP/1.1" 403 6220 "-" "Mozilla/5.0"
83.99.206.45 - - [31/Aug/2026:09:38:17 +0300] "GET /events/2026-02-17/ HTTP/1.1" 200 95014 "-" "Mozilla/5.0 (X11; Linux x86_64) AppleWebKit/537.36 (KHTML, like Gecko; GeedoShopProductFinder) Chrome/142.0.0.0 Safari/537.36"
89.39.7.190 - - [31/Aug/2026:09:38:38 +0300] "POST /wp-cron.php?doing_wp_cron=1788158318.0074729919433593750000 HTTP/1.1" 200 5455 "-" "WordPress/6.9.7; https://ajutam.ro"
83.99.206.45 - - [31/Aug/2026:09:38:37 +0300] "GET /events/2026-05-18/ HTTP/1.1" 200 95016 "-" "Mozilla/5.0 (X11; Linux x86_64) AppleWebKit/537.36 (KHTML, like Gecko; GeedoShopProductFinder) Chrome/142.0.0.0 Safari/537.36"
83.99.206.45 - - [31/Aug/2026:09:38:57 +0300] "GET /events/list/?tribe-bar-date=2027-03-21 HTTP/1.1" 200 97663 "-" "Mozilla/5.0 (X11; Linux x86_64) AppleWebKit/537.36 (KHTML, like Gecko; GeedoShopProductFinder) Chrome/142.0.0.0 Safari/537.36"
138.197.193.77 - - [31/Aug/2026:09:39:12 +0300] "POST /wp-login.php HTTP/1.1" 403 6220 "-" "Mozilla/5.0"
83.99.206.45 - - [31/Aug/2026:09:39:17 +0300] "GET /events/list/?tribe-bar-date=2026-06-08 HTTP/1.1" 200 97630 "-" "Mozilla/5.0 (X11; Linux x86_64) AppleWebKit/537.36 (KHTML, like Gecko; GeedoShopProductFinder) Chrome/142.0.0.0 Safari/537.36"
89.39.7.190 - - [31/Aug/2026:09:41:22 +0300] "POST /wp-cron.php?doing_wp_cron=1788158481.9553799629211425781250 HTTP/1.1" 200 5455 "-" "WordPress/6.9.7; https://ajutam.ro"
223.109.252.180 - - [31/Aug/2026:09:41:21 +0300] "GET / HTTP/1.1" 200 102565 "-" "Sogou web spider/4.0(+http://www.sogou.com/docs/help/webmasters.htm#07)"
89.39.7.190 - - [31/Aug/2026:09:41:24 +0300] "POST /wp-cron.php?doing_wp_cron=1788158484.7602639198303222656250 HTTP/1.1" 200 5455 "-" "WordPress/6.9.7; https://ajutam.ro"
83.99.206.45 - - [31/Aug/2026:09:41:24 +0300] "GET /events/2026-10-18/ HTTP/1.1" 200 95014 "-" "Mozilla/5.0 (X11; Linux x86_64) AppleWebKit/537.36 (KHTML, like Gecko; GeedoShopProductFinder) Chrome/142.0.0.0 Safari/537.36"
83.99.206.45 - - [31/Aug/2026:09:41:45 +0300] "GET /events/2026-08-09/ HTTP/1.1" 200 95004 "-" "Mozilla/5.0 (X11; Linux x86_64) AppleWebKit/537.36 (KHTML, like Gecko; GeedoShopProductFinder) Chrome/142.0.0.0 Safari/537.36"
83.99.206.45 - - [31/Aug/2026:09:42:04 +0300] "GET /events/list/?tribe-bar-date=2027-03-23&eventDisplay=past HTTP/1.1" 200 125738 "-" "Mozilla/5.0 (X11; Linux x86_64) AppleWebKit/537.36 (KHTML, like Gecko; GeedoShopProductFinder) Chrome/142.0.0.0 Safari/537.36"
89.39.7.190 - - [31/Aug/2026:09:42:25 +0300] "POST /wp-cron.php?doing_wp_cron=1788158545.7483270168304443359375 HTTP/1.1" 200 5455 "-" "WordPress/6.9.7; https://ajutam.ro"
185.191.171.4 - - [31/Aug/2026:09:42:25 +0300] "GET /events/2025-05-11/ HTTP/1.1" 200 95006 "-" "Mozilla/5.0 (compatible; SemrushBot/7~bl; +http://www.semrush.com/bot.html)"
83.99.206.45 - - [31/Aug/2026:09:42:25 +0300] "GET /events/list/?tribe-bar-date=2026-08-11&eventDisplay=past HTTP/1.1" 200 125710 "-" "Mozilla/5.0 (X11; Linux x86_64) AppleWebKit/537.36 (KHTML, like Gecko; GeedoShopProductFinder) Chrome/142.0.0.0 Safari/537.36"
83.99.206.45 - - [31/Aug/2026:09:42:44 +0300] "GET /events/list/?tribe-bar-date=2027-04-23&eventDisplay=past HTTP/1.1" 200 125692 "-" "Mozilla/5.0 (X11; Linux x86_64) AppleWebKit/537.36 (KHTML, like Gecko; GeedoShopProductFinder) Chrome/142.0.0.0 Safari/537.36"
83.99.206.45 - - [31/Aug/2026:09:43:04 +0300] "GET /events/list/?tribe-bar-date=2025-10-26 HTTP/1.1" 200 97675 "-" "Mozilla/5.0 (X11; Linux x86_64) AppleWebKit/537.36 (KHTML, like Gecko; GeedoShopProductFinder) Chrome/142.0.0.0 Safari/537.36"
89.39.7.190 - - [31/Aug/2026:09:45:10 +0300] "POST /wp-cron.php?doing_wp_cron=1788158710.4914519786834716796875 HTTP/1.1" 200 5455 "-" "WordPress/6.9.7; https://ajutam.ro"
83.99.206.228 - - [31/Aug/2026:09:45:09 +0300] "GET /events/2025-10-25/ HTTP/1.1" 200 95026 "-" "Mozilla/5.0 (X11; Linux x86_64) AppleWebKit/537.36 (KHTML, like Gecko; GeedoShopProductFinder) Chrome/142.0.0.0 Safari/537.36"
89.39.7.190 - - [31/Aug/2026:09:45:30 +0300] "POST /wp-cron.php?doing_wp_cron=1788158730.5043590068817138671875 HTTP/1.1" 200 5455 "-" "WordPress/6.9.7; https://ajutam.ro"
83.99.206.228 - - [31/Aug/2026:09:45:29 +0300] "GET /events/2025-08-21/ HTTP/1.1" 200 95015 "-" "Mozilla/5.0 (X11; Linux x86_64) AppleWebKit/537.36 (KHTML, like Gecko; GeedoShopProductFinder) Chrome/142.0.0.0 Safari/537.36"
83.99.206.228 - - [31/Aug/2026:09:45:49 +0300] "GET /events/2026-01-21/ HTTP/1.1" 200 95017 "-" "Mozilla/5.0 (X11; Linux x86_64) AppleWebKit/537.36 (KHTML, like Gecko; GeedoShopProductFinder) Chrome/142.0.0.0 Safari/537.36"
207.154.219.81 - - [31/Aug/2026:09:45:53 +0300] "POST /wp-login.php HTTP/1.1" 403 6220 "-" "Mozilla/5.0"
83.99.206.228 - - [31/Aug/2026:09:46:09 +0300] "GET /events/list/?tribe-bar-date=2027-12-01 HTTP/1.1" 200 97671 "-" "Mozilla/5.0 (X11; Linux x86_64) AppleWebKit/537.36 (KHTML, like Gecko; GeedoShopProductFinder) Chrome/142.0.0.0 Safari/537.36"
89.39.7.190 - - [31/Aug/2026:09:46:30 +0300] "POST /wp-cron.php?doing_wp_cron=1788158790.5192658901214599609375 HTTP/1.1" 200 5455 "-" "WordPress/6.9.7; https://ajutam.ro"
83.99.206.228 - - [31/Aug/2026:09:46:29 +0300] "GET /events/2026-07-12/ HTTP/1.1" 200 95006 "-" "Mozilla/5.0 (X11; Linux x86_64) AppleWebKit/537.36 (KHTML, like Gecko; GeedoShopProductFinder) Chrome/142.0.0.0 Safari/537.36"
83.99.206.147 - - [31/Aug/2026:09:46:50 +0300] "GET /events/2025-06-30/ HTTP/1.1" 200 95018 "-" "Mozilla/5.0 (X11; Linux x86_64) AppleWebKit/537.36 (KHTML, like Gecko; GeedoShopProductFinder) Chrome/142.0.0.0 Safari/537.36"
108.167.188.43 - - [31/Aug/2026:09:47:02 +0300] "GET /wp-login.php HTTP/1.1" 200 12404 "-" "Mozilla/5.0 (Windows NT 10.0; Win64; x64) AppleWebKit/537.36 (KHTML, like Gecko) Chrome/151.0.0.0 Safari/537.36"
108.167.188.43 - - [31/Aug/2026:09:47:02 +0300] "POST /wp-login.php HTTP/1.1" 403 6220 "https://ajutam.ro/wp-login.php" "Mozilla/5.0 (Windows NT 10.0; Win64; x64) AppleWebKit/537.36 (KHTML, like Gecko) Chrome/151.0.0.0 Safari/537.36"
138.197.193.77 - - [31/Aug/2026:09:47:58 +0300] "POST /wp-login.php HTTP/1.1" 403 6220 "-" "Mozilla/5.0"
89.39.7.190 - - [31/Aug/2026:09:49:02 +0300] "POST /wp-cron.php?doing_wp_cron=1788158942.1302359104156494140625 HTTP/1.1" 200 5455 "-" "WordPress/6.9.7; https://ajutam.ro"
83.99.206.88 - - [31/Aug/2026:09:49:01 +0300] "GET /events/list/?tribe-bar-date=2026-01-30&eventDisplay=past HTTP/1.1" 200 125742 "-" "Mozilla/5.0 (X11; Linux x86_64) AppleWebKit/537.36 (KHTML, like Gecko; GeedoShopProductFinder) Chrome/142.0.0.0 Safari/537.36"
83.99.206.194 - - [31/Aug/2026:09:49:21 +0300] "GET /events/list/?tribe-bar-date=2025-09-25 HTTP/1.1" 200 97677 "-" "Mozilla/5.0 (X11; Linux x86_64) AppleWebKit/537.36 (KHTML, like Gecko; GeedoShopProductFinder) Chrome/142.0.0.0 Safari/537.36"
89.39.7.190 - - [31/Aug/2026:09:49:42 +0300] "POST /wp-cron.php?doing_wp_cron=1788158982.1450600624084472656250 HTTP/1.1" 200 5455 "-" "WordPress/6.9.7; https://ajutam.ro"
83.99.206.88 - - [31/Aug/2026:09:49:41 +0300] "GET /events/list/?tribe-bar-date=2026-09-19 HTTP/1.1" 200 97655 "-" "Mozilla/5.0 (X11; Linux x86_64) AppleWebKit/537.36 (KHTML, like Gecko; GeedoShopProductFinder) Chrome/142.0.0.0 Safari/537.36"
83.99.206.88 - - [31/Aug/2026:09:50:01 +0300] "GET /events/2025-08-20/ HTTP/1.1" 200 95015 "-" "Mozilla/5.0 (X11; Linux x86_64) AppleWebKit/537.36 (KHTML, like Gecko; GeedoShopProductFinder) Chrome/142.0.0.0 Safari/537.36"
85.208.96.205 - - [31/Aug/2026:09:50:07 +0300] "GET /events/2023-08-01/ HTTP/1.1" 200 95008 "-" "Mozilla/5.0 (compatible; SemrushBot/7~bl; +http://www.semrush.com/bot.html)"
83.99.206.22 - - [31/Aug/2026:09:50:22 +0300] "GET /events/list/?tribe-bar-date=2025-10-25 HTTP/1.1" 200 97675 "-" "Mozilla/5.0 (X11; Linux x86_64) AppleWebKit/537.36 (KHTML, like Gecko; GeedoShopProductFinder) Chrome/142.0.0.0 Safari/537.36"
89.39.7.190 - - [31/Aug/2026:09:50:42 +0300] "POST /wp-cron.php?doing_wp_cron=1788159042.5772480964660644531250 HTTP/1.1" 200 5455 "-" "WordPress/6.9.7; https://ajutam.ro"
83.99.206.61 - - [31/Aug/2026:09:50:42 +0300] "GET /events/2025-12-26/ HTTP/1.1" 200 95028 "-" "Mozilla/5.0 (X11; Linux x86_64) AppleWebKit/537.36 (KHTML, like Gecko; GeedoShopProductFinder) Chrome/142.0.0.0 Safari/537.36"
89.39.7.190 - - [31/Aug/2026:09:52:51 +0300] "POST /wp-cron.php?doing_wp_cron=1788159171.4857509136199951171875 HTTP/1.1" 200 5455 "-" "WordPress/6.9.7; https://ajutam.ro"
83.99.206.2 - - [31/Aug/2026:09:52:50 +0300] "GET /events/list/?tribe-bar-date=2026-08-09 HTTP/1.1" 200 97638 "-" "Mozilla/5.0 (X11; Linux x86_64) AppleWebKit/537.36 (KHTML, like Gecko; GeedoShopProductFinder) Chrome/142.0.0.0 Safari/537.36"
83.99.206.10 - - [31/Aug/2026:09:53:09 +0300] "GET /events/list/?tribe-bar-date=2026-09-19&eventDisplay=past HTTP/1.1" 200 125726 "-" "Mozilla/5.0 (X11; Linux x86_64) AppleWebKit/537.36 (KHTML, like Gecko; GeedoShopProductFinder) Chrome/142.0.0.0 Safari/537.36"
89.39.7.190 - - [31/Aug/2026:09:53:30 +0300] "POST /wp-cron.php?doing_wp_cron=1788159209.8649010658264160156250 HTTP/1.1" 200 5455 "-" "WordPress/6.9.7; https://ajutam.ro"
83.99.206.10 - - [31/Aug/2026:09:53:29 +0300] "GET /events/2027-06-20/ HTTP/1.1" 200 95006 "-" "Mozilla/5.0 (X11; Linux x86_64) AppleWebKit/537.36 (KHTML, like Gecko; GeedoShopProductFinder) Chrome/142.0.0.0 Safari/537.36"
207.154.219.81 - - [31/Aug/2026:09:53:35 +0300] "POST /wp-login.php HTTP/1.1" 403 6220 "-" "Mozilla/5.0"
83.99.206.10 - - [31/Aug/2026:09:53:49 +0300] "GET /events/list/?tribe-bar-date=2025-12-26 HTTP/1.1" 200 97686 "-" "Mozilla/5.0 (X11; Linux x86_64) AppleWebKit/537.36 (KHTML, like Gecko; GeedoShopProductFinder) Chrome/142.0.0.0 Safari/537.36"
83.99.206.10 - - [31/Aug/2026:09:54:10 +0300] "GET /events/2025-10-24/ HTTP/1.1" 200 95026 "-" "Mozilla/5.0 (X11; Linux x86_64) AppleWebKit/537.36 (KHTML, like Gecko; GeedoShopProductFinder) Chrome/142.0.0.0 Safari/537.36"
89.39.7.190 - - [31/Aug/2026:09:54:31 +0300] "POST /wp-cron.php?doing_wp_cron=1788159271.3883368968963623046875 HTTP/1.1" 200 5455 "-" "WordPress/6.9.7; https://ajutam.ro"
83.99.206.10 - - [31/Aug/2026:09:54:30 +0300] "GET /events/list/?tribe-bar-date=2027-07-23 HTTP/1.1" 200 97664 "-" "Mozilla/5.0 (X11; Linux x86_64) AppleWebKit/537.36 (KHTML, like Gecko; GeedoShopProductFinder) Chrome/142.0.0.0 Safari/537.36"
89.39.7.190 - - [31/Aug/2026:09:55:53 +0300] "POST /wp-cron.php?doing_wp_cron=1788159353.2035260200500488281250 HTTP/1.1" 200 5455 "-" "WordPress/6.9.7; https://ajutam.ro"
216.73.217.2 - - [31/Aug/2026:09:55:52 +0300] "GET /robots.txt HTTP/1.1" 200 5675 "-" "Mozilla/5.0 AppleWebKit/537.36 (KHTML, like Gecko; compatible; ClaudeBot/1.0; +claudebot@anthropic.com)"
216.73.217.2 - - [31/Aug/2026:09:55:53 +0300] "GET /wp-sitemap.xml HTTP/1.1" 200 6751 "-" "Mozilla/5.0 AppleWebKit/537.36 (KHTML, like Gecko; compatible; ClaudeBot/1.0; +claudebot@anthropic.com)"
89.39.7.190 - - [31/Aug/2026:09:56:35 +0300] "POST /wp-cron.php?doing_wp_cron=1788159395.5867190361022949218750 HTTP/1.1" 200 5455 "-" "WordPress/6.9.7; https://ajutam.ro"
83.99.206.56 - - [31/Aug/2026:09:56:35 +0300] "GET /events/2026-04-12/ HTTP/1.1" 200 95020 "-" "Mozilla/5.0 (X11; Linux x86_64) AppleWebKit/537.36 (KHTML, like Gecko; GeedoShopProductFinder) Chrome/142.0.0.0 Safari/537.36"
138.197.193.77 - - [31/Aug/2026:09:56:54 +0300] "POST /wp-login.php HTTP/1.1" 403 6220 "-" "Mozilla/5.0"
83.99.206.146 - - [31/Aug/2026:09:56:55 +0300] "GET /events/month/2025-06/ HTTP/1.1" 200 213332 "-" "Mozilla/5.0 (X11; Linux x86_64) AppleWebKit/537.36 (KHTML, like Gecko; GeedoShopProductFinder) Chrome/142.0.0.0 Safari/537.36"
185.191.171.10 - - [31/Aug/2026:09:57:03 +0300] "GET /events/2021-11-23/ HTTP/1.1" 200 95855 "-" "Mozilla/5.0 (compatible; SemrushBot/7~bl; +http://www.semrush.com/bot.html)"
83.99.206.70 - - [31/Aug/2026:09:57:14 +0300] "GET /events/list/?tribe-bar-date=2026-04-13 HTTP/1.1" 200 97639 "-" "Mozilla/5.0 (X11; Linux x86_64) AppleWebKit/537.36 (KHTML, like Gecko; GeedoShopProductFinder) Chrome/142.0.0.0 Safari/537.36"
89.39.7.190 - - [31/Aug/2026:09:57:35 +0300] "POST /wp-cron.php?doing_wp_cron=1788159455.0162160396575927734375 HTTP/1.1" 200 5455 "-" "WordPress/6.9.7; https://ajutam.ro"
216.244.66.248 - - [31/Aug/2026:09:57:34 +0300] "GET /events/2027-01-20/ HTTP/1.1" 200 95007 "-" "Mozilla/5.0 (compatible; DotBot/1.2; +https://opensiteexplorer.org/dotbot; help@moz.com)"
83.99.206.134 - - [31/Aug/2026:09:57:35 +0300] "GET /events/list/?tribe-bar-date=2026-01-21 HTTP/1.1" 200 97647 "-" "Mozilla/5.0 (X11; Linux x86_64) AppleWebKit/537.36 (KHTML, like Gecko; GeedoShopProductFinder) Chrome/142.0.0.0 Safari/537.36"
216.244.66.248 - - [31/Aug/2026:09:57:40 +0300] "GET /events/2029-12-05/ HTTP/1.1" 200 95014 "-" "Mozilla/5.0 (compatible; DotBot/1.2; +https://opensiteexplorer.org/dotbot; help@moz.com)"
216.244.66.248 - - [31/Aug/2026:09:57:47 +0300] "GET /events/2030-12-09/ HTTP/1.1" 200 95007 "-" "Mozilla/5.0 (compatible; DotBot/1.2; +https://opensiteexplorer.org/dotbot; help@moz.com)"
216.244.66.248 - - [31/Aug/2026:09:57:52 +0300] "GET /events/2031-02-21/ HTTP/1.1" 200 95016 "-" "Mozilla/5.0 (compatible; DotBot/1.2; +https://opensiteexplorer.org/dotbot; help@moz.com)"
83.99.206.97 - - [31/Aug/2026:09:57:54 +0300] "GET /events/list/?tribe-bar-date=2027-06-20 HTTP/1.1" 200 97664 "-" "Mozilla/5.0 (X11; Linux x86_64) AppleWebKit/537.36 (KHTML, like Gecko; GeedoShopProductFinder) Chrome/142.0.0.0 Safari/537.36"
216.244.66.248 - - [31/Aug/2026:09:57:56 +0300] "GET /events/2034-08-18/ HTTP/1.1" 200 95005 "-" "Mozilla/5.0 (compatible; DotBot/1.2; +https://opensiteexplorer.org/dotbot; help@moz.com)"
216.244.66.248 - - [31/Aug/2026:09:58:01 +0300] "GET /events/2034-12-10/ HTTP/1.1" 200 95018 "-" "Mozilla/5.0 (compatible; DotBot/1.2; +https://opensiteexplorer.org/dotbot; help@moz.com)"
216.244.66.248 - - [31/Aug/2026:09:58:05 +0300] "GET /events/2036-03-22/ HTTP/1.1" 200 95010 "-" "Mozilla/5.0 (compatible; DotBot/1.2; +https://opensiteexplorer.org/dotbot; help@moz.com)"
216.244.66.248 - - [31/Aug/2026:09:58:09 +0300] "GET /events/2036-08-03/ HTTP/1.1" 200 95001 "-" "Mozilla/5.0 (compatible; DotBot/1.2; +https://opensiteexplorer.org/dotbot; help@moz.com)"
216.244.66.248 - - [31/Aug/2026:09:58:14 +0300] "GET /events/2037-02-26/ HTTP/1.1" 200 95016 "-" "Mozilla/5.0 (compatible; DotBot/1.2; +https://opensiteexplorer.org/dotbot; help@moz.com)"
83.99.206.56 - - [31/Aug/2026:09:58:14 +0300] "GET /events/list/?tribe-bar-date=2027-05-25&eventDisplay=past HTTP/1.1" 200 125753 "-" "Mozilla/5.0 (X11; Linux x86_64) AppleWebKit/537.36 (KHTML, like Gecko; GeedoShopProductFinder) Chrome/142.0.0.0 Safari/537.36"
216.244.66.248 - - [31/Aug/2026:09:58:18 +0300] "GET /events/2037-05-29/ HTTP/1.1" 200 94999 "-" "Mozilla/5.0 (compatible; DotBot/1.2; +https://opensiteexplorer.org/dotbot; help@moz.com)"
216.244.66.248 - - [31/Aug/2026:09:58:22 +0300] "GET /events/2037-11-30/ HTTP/1.1" 200 95006 "-" "Mozilla/5.0 (compatible; DotBot/1.2; +https://opensiteexplorer.org/dotbot; help@moz.com)"
89.39.7.190 - - [31/Aug/2026:10:00:27 +0300] "POST /wp-cron.php?doing_wp_cron=1788159627.4618079662322998046875 HTTP/1.1" 200 5455 "-" "WordPress/6.9.7; https://ajutam.ro"
216.244.66.248 - - [31/Aug/2026:10:00:26 +0300] "GET /events/list/?tribe-bar-date=2023-05-22 HTTP/1.1" 200 97650 "-" "Mozilla/5.0 (compatible; DotBot/1.2; +https://opensiteexplorer.org/dotbot; help@moz.com)"
83.99.206.221 - - [31/Aug/2026:10:00:27 +0300] "GET /events/2027-08-28/ HTTP/1.1" 200 95015 "-" "Mozilla/5.0 (X11; Linux x86_64) AppleWebKit/537.36 (KHTML, like Gecko; GeedoShopProductFinder) Chrome/142.0.0.0 Safari/537.36"
216.244.66.248 - - [31/Aug/2026:10:00:31 +0300] "GET /events/list/?tribe-bar-date=2023-08-05 HTTP/1.1" 200 97645 "-" "Mozilla/5.0 (compatible; DotBot/1.2; +https://opensiteexplorer.org/dotbot; help@moz.com)"
216.244.66.248 - - [31/Aug/2026:10:00:36 +0300] "GET /events/list/?tribe-bar-date=2025-08-23 HTTP/1.1" 200 97655 "-" "Mozilla/5.0 (compatible; DotBot/1.2; +https://opensiteexplorer.org/dotbot; help@moz.com)"
216.244.66.248 - - [31/Aug/2026:10:00:42 +0300] "GET /events/list/?tribe-bar-date=2027-01-25 HTTP/1.1" 200 97666 "-" "Mozilla/5.0 (compatible; DotBot/1.2; +https://opensiteexplorer.org/dotbot; help@moz.com)"
216.244.66.248 - - [31/Aug/2026:10:00:46 +0300] "GET /events/list/?tribe-bar-date=2027-04-27 HTTP/1.1" 200 97658 "-" "Mozilla/5.0 (compatible; DotBot/1.2; +https://opensiteexplorer.org/dotbot; help@moz.com)"
83.99.206.11 - - [31/Aug/2026:10:00:48 +0300] "GET /events/list/?tribe-bar-date=2026-03-19&eventDisplay=past HTTP/1.1" 200 125694 "-" "Mozilla/5.0 (X11; Linux x86_64) AppleWebKit/537.36 (KHTML, like Gecko; GeedoShopProductFinder) Chrome/142.0.0.0 Safari/537.36"
216.244.66.248 - - [31/Aug/2026:10:00:51 +0300] "GET /events/list/?tribe-bar-date=2027-12-12 HTTP/1.1" 200 97671 "-" "Mozilla/5.0 (compatible; DotBot/1.2; +https://opensiteexplorer.org/dotbot; help@moz.com)"
216.244.66.248 - - [31/Aug/2026:10:00:56 +0300] "GET /events/list/?tribe-bar-date=2029-01-15 HTTP/1.1" 200 97659 "-" "Mozilla/5.0 (compatible; DotBot/1.2; +https://opensiteexplorer.org/dotbot; help@moz.com)"
216.244.66.248 - - [31/Aug/2026:10:01:02 +0300] "GET /events/list/?tribe-bar-date=2029-02-05 HTTP/1.1" 200 97646 "-" "Mozilla/5.0 (compatible; DotBot/1.2; +https://opensiteexplorer.org/dotbot; help@moz.com)"
83.99.206.221 - - [31/Aug/2026:10:01:10 +0300] "GET /events/list/?tribe-bar-date=2027-04-20 HTTP/1.1" 200 97661 "-" "Mozilla/5.0 (X11; Linux x86_64) AppleWebKit/537.36 (KHTML, like Gecko; GeedoShopProductFinder) Chrome/142.0.0.0 Safari/537.36"
216.244.66.248 - - [31/Aug/2026:10:01:11 +0300] "GET /events/list/?tribe-bar-date=2029-02-17 HTTP/1.1" 200 97670 "-" "Mozilla/5.0 (compatible; DotBot/1.2; +https://opensiteexplorer.org/dotbot; help@moz.com)"
207.154.219.81 - - [31/Aug/2026:10:01:12 +0300] "POST /wp-login.php HTTP/1.1" 403 6220 "-" "Mozilla/5.0"
216.244.66.248 - - [31/Aug/2026:10:01:18 +0300] "GET /events/list/?tribe-bar-date=2029-12-21 HTTP/1.1" 200 97671 "-" "Mozilla/5.0 (compatible; DotBot/1.2; +https://opensiteexplorer.org/dotbot; help@moz.com)"
89.39.7.190 - - [31/Aug/2026:10:01:24 +0300] "POST /wp-cron.php?doing_wp_cron=1788159684.6331698894500732421875 HTTP/1.1" 200 5455 "-" "WordPress/6.9.7; https://ajutam.ro"
216.244.66.248 - - [31/Aug/2026:10:01:24 +0300] "GET /events/list/?tribe-bar-date=2030-06-18 HTTP/1.1" 200 97654 "-" "Mozilla/5.0 (compatible; DotBot/1.2; +https://opensiteexplorer.org/dotbot; help@moz.com)"
216.244.66.248 - - [31/Aug/2026:10:01:29 +0300] "GET /events/list/?tribe-bar-date=2030-12-30 HTTP/1.1" 200 97662 "-" "Mozilla/5.0 (compatible; DotBot/1.2; +https://opensiteexplorer.org/dotbot; help@moz.com)"
83.99.206.221 - - [31/Aug/2026:10:01:30 +0300] "GET /events/list/?tribe-bar-date=2025-10-27 HTTP/1.1" 200 97682 "-" "Mozilla/5.0 (X11; Linux x86_64) AppleWebKit/537.36 (KHTML, like Gecko; GeedoShopProductFinder) Chrome/142.0.0.0 Safari/537.36"
216.244.66.248 - - [31/Aug/2026:10:01:34 +0300] "GET /events/list/?tribe-bar-date=2031-04-29 HTTP/1.1" 200 97651 "-" "Mozilla/5.0 (compatible; DotBot/1.2; +https://opensiteexplorer.org/dotbot; help@moz.com)"
216.244.66.248 - - [31/Aug/2026:10:01:38 +0300] "GET /events/list/?tribe-bar-date=2031-08-06 HTTP/1.1" 200 97645 "-" "Mozilla/5.0 (compatible; DotBot/1.2; +https://opensiteexplorer.org/dotbot; help@moz.com)"
216.244.66.248 - - [31/Aug/2026:10:01:43 +0300] "GET /events/list/?tribe-bar-date=2033-02-10 HTTP/1.1" 200 97670 "-" "Mozilla/5.0 (compatible; DotBot/1.2; +https://opensiteexplorer.org/dotbot; help@moz.com)"
216.244.66.248 - - [31/Aug/2026:10:01:48 +0300] "GET /events/list/?tribe-bar-date=2033-03-31 HTTP/1.1" 200 97651 "-" "Mozilla/5.0 (compatible; DotBot/1.2; +https://opensiteexplorer.org/dotbot; help@moz.com)"
83.99.206.239 - - [31/Aug/2026:10:01:50 +0300] "GET /events/2025-08-19/ HTTP/1.1" 200 95022 "-" "Mozilla/5.0 (X11; Linux x86_64) AppleWebKit/537.36 (KHTML, like Gecko; GeedoShopProductFinder) Chrome/142.0.0.0 Safari/537.36"
47.79.200.164 - - [31/Aug/2026:10:01:51 +0300] "GET /events/list/?eventDisplay=past&tribe-bar-date=2026-01-01 HTTP/1.1" 200 125762 "https://www.google.com/" "Mozilla/5.0 (Linux; Android 10; K) AppleWebKit/537.36 (KHTML, like Gecko) Chrome/132.0.0.0 Mobile Safari/537.36"
216.244.66.248 - - [31/Aug/2026:10:01:52 +0300] "GET /events/list/?tribe-bar-date=2033-07-20 HTTP/1.1" 200 97647 "-" "Mozilla/5.0 (compatible; DotBot/1.2; +https://opensiteexplorer.org/dotbot; help@moz.com)"
216.244.66.248 - - [31/Aug/2026:10:01:56 +0300] "GET /events/list/?tribe-bar-date=2033-07-24 HTTP/1.1" 200 97654 "-" "Mozilla/5.0 (compatible; DotBot/1.2; +https://opensiteexplorer.org/dotbot; help@moz.com)"
216.244.66.248 - - [31/Aug/2026:10:02:03 +0300] "GET /events/list/?tribe-bar-date=2033-10-23 HTTP/1.1" 200 97658 "-" "Mozilla/5.0 (compatible; DotBot/1.2; +https://opensiteexplorer.org/dotbot; help@moz.com)"
83.99.206.221 - - [31/Aug/2026:10:02:10 +0300] "GET /events/list/?tribe-bar-date=2026-07-22&eventDisplay=past HTTP/1.1" 200 125733 "-" "Mozilla/5.0 (X11; Linux x86_64) AppleWebKit/537.36 (KHTML, like Gecko; GeedoShopProductFinder) Chrome/142.0.0.0 Safari/537.36"
89.39.7.190 - - [31/Aug/2026:10:02:25 +0300] "POST /wp-cron.php?doing_wp_cron=1788159745.6755681037902832031250 HTTP/1.1" 200 5455 "-" "WordPress/6.9.7; https://ajutam.ro"
216.244.66.248 - - [31/Aug/2026:10:02:25 +0300] "GET /events/list/?tribe-bar-date=2034-09-29 HTTP/1.1" 200 97667 "-" "Mozilla/5.0 (compatible; DotBot/1.2; +https://opensiteexplorer.org/dotbot; help@moz.com)"
98.82.38.120 - - [31/Aug/2026:10:02:36 +0300] "GET /events/2031-01-16/ HTTP/1.1" 200 95017 "-" "Mozilla/5.0 AppleWebKit/537.36 (KHTML, like Gecko; compatible; Amazonbot/0.1; +https://developer.amazon.com/support/amazonbot) Chrome/119.0.6045.214 Safari/537.36"
89.39.7.190 - - [31/Aug/2026:10:04:23 +0300] "POST /wp-cron.php?doing_wp_cron=1788159863.1520559787750244140625 HTTP/1.1" 200 5455 "-" "WordPress/6.9.7; https://ajutam.ro"
83.99.206.143 - - [31/Aug/2026:10:04:22 +0300] "GET /events/2026-11-22/ HTTP/1.1" 200 95028 "-" "Mozilla/5.0 (X11; Linux x86_64) AppleWebKit/537.36 (KHTML, like Gecko; GeedoShopProductFinder) Chrome/142.0.0.0 Safari/537.36"
83.99.206.143 - - [31/Aug/2026:10:04:42 +0300] "GET /events/2026-01-20/ HTTP/1.1" 200 95024 "-" "Mozilla/5.0 (X11; Linux x86_64) AppleWebKit/537.36 (KHTML, like Gecko; GeedoShopProductFinder) Chrome/142.0.0.0 Safari/537.36"
83.99.206.143 - - [31/Aug/2026:10:05:02 +0300] "GET /events/2025-12-25/ HTTP/1.1" 200 95021 "-" "Mozilla/5.0 (X11; Linux x86_64) AppleWebKit/537.36 (KHTML, like Gecko; GeedoShopProductFinder) Chrome/142.0.0.0 Safari/537.36"
89.39.7.190 - - [31/Aug/2026:10:05:23 +0300] "POST /wp-cron.php?doing_wp_cron=1788159923.1712000370025634765625 HTTP/1.1" 200 5455 "-" "WordPress/6.9.7; https://ajutam.ro"
83.99.206.143 - - [31/Aug/2026:10:05:22 +0300] "GET /events/list/?tribe-bar-date=2027-01-25 HTTP/1.1" 200 97671 "-" "Mozilla/5.0 (X11; Linux x86_64) AppleWebKit/537.36 (KHTML, like Gecko; GeedoShopProductFinder) Chrome/142.0.0.0 Safari/537.36"
83.99.206.143 - - [31/Aug/2026:10:05:42 +0300] "GET /events/list/?tribe-bar-date=2026-12-18 HTTP/1.1" 200 97662 "-" "Mozilla/5.0 (X11; Linux x86_64) AppleWebKit/537.36 (KHTML, like Gecko; GeedoShopProductFinder) Chrome/142.0.0.0 Safari/537.36"
138.197.193.77 - - [31/Aug/2026:10:05:48 +0300] "POST /wp-login.php HTTP/1.1" 200 12850 "-" "Mozilla/5.0"
83.99.206.195 - - [31/Aug/2026:10:06:02 +0300] "GET /events/list/?tribe-bar-date=2025-09-25&eventDisplay=past HTTP/1.1" 200 125758 "-" "Mozilla/5.0 (X11; Linux x86_64) AppleWebKit/537.36 (KHTML, like Gecko; GeedoShopProductFinder) Chrome/142.0.0.0 Safari/537.36"
89.39.7.190 - - [31/Aug/2026:10:06:30 +0300] "POST /wp-cron.php?doing_wp_cron=1788159989.9995300769805908203125 HTTP/1.1" 200 5455 "-" "WordPress/6.9.7; https://ajutam.ro"
47.79.206.75 - - [31/Aug/2026:10:06:29 +0300] "GET /events/list/?eventDisplay=past&ical=1&tribe-bar-date=2026-10-30 HTTP/1.1" 200 17486 "https://www.google.com/" "Mozilla/5.0 (Windows NT 10.0; Win64; x64) AppleWebKit/537.36 (KHTML, like Gecko) Chrome/133.0.0.0 Safari/537.36"
47.79.201.228 - - [31/Aug/2026:10:06:31 +0300] "GET /events/2026-11-27 HTTP/1.1" 301 5451 "https://www.google.com/" "Mozilla/5.0 (Linux; Android 10; K) AppleWebKit/537.36 (KHTML, like Gecko) Chrome/132.0.0.0 Mobile Safari/537.36"
47.79.201.228 - - [31/Aug/2026:10:06:32 +0300] "GET /events/2026-11-27/ HTTP/1.1" 200 95038 "https://www.google.com/" "Mozilla/5.0 (Linux; Android 10; K) AppleWebKit/537.36 (KHTML, like Gecko) Chrome/132.0.0.0 Mobile Safari/537.36"
89.39.7.190 - - [31/Aug/2026:10:07:28 +0300] "POST /wp-cron.php?doing_wp_cron=1788160047.9232990741729736328125 HTTP/1.1" 200 5455 "-" "WordPress/6.9.7; https://ajutam.ro"
45.76.145.200 - - [31/Aug/2026:10:07:27 +0300] "GET / HTTP/1.1" 200 102581 "-" "Mozilla/5.0 (Windows NT 10.0; Win64; x64) AppleWebKit/537.36 (KHTML, like Gecko) Chrome/128.0.0.0 Safari/537.36"
45.76.145.200 - - [31/Aug/2026:10:07:28 +0300] "GET /?post_type=give_forms HTTP/1.1" 200 82172 "-" "Mozilla/5.0 (Windows NT 10.0; Win64; x64) AppleWebKit/537.36 (KHTML, like Gecko) Chrome/128.0.0.0 Safari/537.36"
45.76.145.200 - - [31/Aug/2026:10:07:29 +0300] "GET /xmlrpc.php HTTP/1.1" 405 5453 "-" "Mozilla/5.0 (Windows NT 10.0; Win64; x64) AppleWebKit/537.36 (KHTML, like Gecko) Chrome/128.0.0.0 Safari/537.36"
45.76.145.200 - - [31/Aug/2026:10:07:30 +0300] "GET /feed/ HTTP/1.1" 200 34118 "-" "Mozilla/5.0 (Windows NT 10.0; Win64; x64) AppleWebKit/537.36 (KHTML, like Gecko) Chrome/128.0.0.0 Safari/537.36"
45.76.145.200 - - [31/Aug/2026:10:07:31 +0300] "GET /comments/feed/ HTTP/1.1" 200 16507 "-" "Mozilla/5.0 (Windows NT 10.0; Win64; x64) AppleWebKit/537.36 (KHTML, like Gecko) Chrome/128.0.0.0 Safari/537.36"
45.76.145.200 - - [31/Aug/2026:10:07:31 +0300] "GET /events/?ical=1 HTTP/1.1" 200 5362 "-" "Mozilla/5.0 (Windows NT 10.0; Win64; x64) AppleWebKit/537.36 (KHTML, like Gecko) Chrome/128.0.0.0 Safari/537.36"
45.76.145.200 - - [31/Aug/2026:10:07:32 +0300] "GET /donations/feed/ HTTP/1.1" 200 10653 "-" "Mozilla/5.0 (Windows NT 10.0; Win64; x64) AppleWebKit/537.36 (KHTML, like Gecko) Chrome/128.0.0.0 Safari/537.36"
45.76.145.200 - - [31/Aug/2026:10:07:33 +0300] "GET /wp-json/ HTTP/1.1" 200 1150767 "-" "Mozilla/5.0 (Windows NT 10.0; Win64; x64) AppleWebKit/537.36 (KHTML, like Gecko) Chrome/128.0.0.0 Safari/537.36"
45.76.145.200 - - [31/Aug/2026:10:07:37 +0300] "GET /xmlrpc.php?rsd HTTP/1.1" 200 6150 "-" "Mozilla/5.0 (Windows NT 10.0; Win64; x64) AppleWebKit/537.36 (KHTML, like Gecko) Chrome/128.0.0.0 Safari/537.36"
45.76.145.200 - - [31/Aug/2026:10:07:37 +0300] "GET /donate/ HTTP/1.1" 404 59106 "-" "Mozilla/5.0 (Windows NT 10.0; Win64; x64) AppleWebKit/537.36 (KHTML, like Gecko) Chrome/128.0.0.0 Safari/537.36"
45.76.145.200 - - [31/Aug/2026:10:07:38 +0300] "GET /donation/ HTTP/1.1" 301 5567 "-" "Mozilla/5.0 (Windows NT 10.0; Win64; x64) AppleWebKit/537.36 (KHTML, like Gecko) Chrome/128.0.0.0 Safari/537.36"
45.76.145.200 - - [31/Aug/2026:10:07:39 +0300] "GET /donation-confirmation/ HTTP/1.1" 200 66979 "-" "Mozilla/5.0 (Windows NT 10.0; Win64; x64) AppleWebKit/537.36 (KHTML, like Gecko) Chrome/128.0.0.0 Safari/537.36"
