137.131.61.214 - - [31/Aug/2026:07:33:54 +0300] "GET /?p=52 HTTP/1.1" 301 5533 "-" "AteveSearchSourceUrlDiscovery/0.1 (+mailto:crawler@example.com)"
137.131.61.214 - - [31/Aug/2026:07:33:57 +0300] "GET /what-to-do-if-no-one-listens-start-with-changing-yourself/ HTTP/1.1" 200 80870 "-" "AteveSearchSourceUrlDiscovery/0.1 (+mailto:crawler@example.com)"
137.131.61.214 - - [31/Aug/2026:07:33:57 +0300] "GET /type/audio/ HTTP/1.1" 200 71229 "-" "AteveSearchSourceUrlDiscovery/0.1 (+mailto:crawler@example.com)"
137.131.61.214 - - [31/Aug/2026:07:34:01 +0300] "GET /type/video/ HTTP/1.1" 200 71898 "-" "AteveSearchSourceUrlDiscovery/0.1 (+mailto:crawler@example.com)"
137.131.61.214 - - [31/Aug/2026:07:34:03 +0300] "GET /type/quote/ HTTP/1.1" 200 70715 "-" "AteveSearchSourceUrlDiscovery/0.1 (+mailto:crawler@example.com)"
137.131.61.214 - - [31/Aug/2026:07:34:06 +0300] "GET /new-life-for-the-abandoned-do-they-know-love/feed/ HTTP/1.1" 200 6673 "-" "AteveSearchSourceUrlDiscovery/0.1 (+mailto:crawler@example.com)"
137.131.61.214 - - [31/Aug/2026:07:34:08 +0300] "GET /wp-json/oembed/1.0/embed?url=https://ajutam.ro/new-life-for-the-abandoned-do-they-know-love/ HTTP/1.1" 200 8191 "-" "AteveSearchSourceUrlDiscovery/0.1 (+mailto:crawler@example.com)"
137.131.61.214 - - [31/Aug/2026:07:34:10 +0300] "GET /wp-json/wp/v2/posts/62 HTTP/1.1" 200 9674 "-" "AteveSearchSourceUrlDiscovery/0.1 (+mailto:crawler@example.com)"
207.154.219.81 - - [31/Aug/2026:07:34:13 +0300] "POST /wp-login.php HTTP/1.1" 403 6220 "-" "Mozilla/5.0"
137.131.61.214 - - [31/Aug/2026:07:34:13 +0300] "GET /?p=62 HTTP/1.1" 301 5520 "-" "AteveSearchSourceUrlDiscovery/0.1 (+mailto:crawler@example.com)"
137.131.61.214 - - [31/Aug/2026:07:34:15 +0300] "GET /new-life-for-the-abandoned-do-they-know-love/ HTTP/1.1" 200 80825 "-" "AteveSearchSourceUrlDiscovery/0.1 (+mailto:crawler@example.com)"
137.131.61.214 - - [31/Aug/2026:07:34:15 +0300] "GET /donations/category/first-group/ HTTP/1.1" 200 75966 "-" "AteveSearchSourceUrlDiscovery/0.1 (+mailto:crawler@example.com)"
137.131.61.214 - - [31/Aug/2026:07:34:19 +0300] "GET /donations/category/second-group/ HTTP/1.1" 200 75943 "-" "AteveSearchSourceUrlDiscovery/0.1 (+mailto:crawler@example.com)"
43.162.95.192 - - [31/Aug/2026:07:34:19 +0300] "GET / HTTP/1.1" 200 102608 "http://ajutam.ro" "Mozilla/5.0 (iPhone; CPU iPhone OS 13_2_3 like Mac OS X) AppleWebKit/605.1.15 (KHTML, like Gecko) Version/13.0.3 Mobile/15E148 Safari/604.1"
137.131.61.214 - - [31/Aug/2026:07:34:20 +0300] "GET /let-us-come-together-kids-deserve-a-future/feed/ HTTP/1.1" 200 6659 "-" "AteveSearchSourceUrlDiscovery/0.1 (+mailto:crawler@example.com)"
89.39.7.190 - - [31/Aug/2026:07:34:24 +0300] "POST /wp-cron.php?doing_wp_cron=1788150864.9104359149932861328125 HTTP/1.1" 200 5455 "-" "WordPress/6.9.7; https://ajutam.ro"
137.131.61.214 - - [31/Aug/2026:07:34:24 +0300] "GET /wp-json/oembed/1.0/embed?url=https://ajutam.ro/let-us-come-together-kids-deserve-a-future/ HTTP/1.1" 200 8157 "-" "AteveSearchSourceUrlDiscovery/0.1 (+mailto:crawler@example.com)"
137.131.61.214 - - [31/Aug/2026:07:34:25 +0300] "GET /wp-json/wp/v2/posts/59 HTTP/1.1" 200 9627 "-" "AteveSearchSourceUrlDiscovery/0.1 (+mailto:crawler@example.com)"
137.131.61.214 - - [31/Aug/2026:07:34:29 +0300] "GET /?p=59 HTTP/1.1" 301 5518 "-" "AteveSearchSourceUrlDiscovery/0.1 (+mailto:crawler@example.com)"
137.131.61.214 - - [31/Aug/2026:07:34:30 +0300] "GET /how-does-the-bible-define-poverty/feed/ HTTP/1.1" 200 9412 "-" "AteveSearchSourceUrlDiscovery/0.1 (+mailto:crawler@example.com)"
137.131.61.214 - - [31/Aug/2026:07:34:31 +0300] "GET /let-us-come-together-kids-deserve-a-future/ HTTP/1.1" 200 72641 "-" "AteveSearchSourceUrlDiscovery/0.1 (+mailto:crawler@example.com)"
137.131.61.214 - - [31/Aug/2026:07:34:34 +0300] "GET /wp-json/oembed/1.0/embed?url=https://ajutam.ro/how-does-the-bible-define-poverty/ HTTP/1.1" 200 8112 "-" "AteveSearchSourceUrlDiscovery/0.1 (+mailto:crawler@example.com)"
137.131.61.214 - - [31/Aug/2026:07:34:35 +0300] "GET /wp-json/wp/v2/posts/63 HTTP/1.1" 200 9726 "-" "AteveSearchSourceUrlDiscovery/0.1 (+mailto:crawler@example.com)"
137.131.61.214 - - [31/Aug/2026:07:34:39 +0300] "GET /?p=63 HTTP/1.1" 301 5509 "-" "AteveSearchSourceUrlDiscovery/0.1 (+mailto:crawler@example.com)"
137.131.61.214 - - [31/Aug/2026:07:34:41 +0300] "GET /author/admin/ HTTP/1.1" 200 89786 "-" "AteveSearchSourceUrlDiscovery/0.1 (+mailto:crawler@example.com)"
137.131.61.214 - - [31/Aug/2026:07:34:41 +0300] "GET /how-does-the-bible-define-poverty/ HTTP/1.1" 200 77662 "-" "AteveSearchSourceUrlDiscovery/0.1 (+mailto:crawler@example.com)"
137.131.61.214 - - [31/Aug/2026:07:34:45 +0300] "GET /how-does-the-bible-define-poverty/?replytocom=9 HTTP/1.1" 200 77710 "-" "AteveSearchSourceUrlDiscovery/0.1 (+mailto:crawler@example.com)"
137.131.61.214 - - [31/Aug/2026:07:34:45 +0300] "GET /how-does-the-bible-define-poverty/?replytocom=12 HTTP/1.1" 200 77710 "-" "AteveSearchSourceUrlDiscovery/0.1 (+mailto:crawler@example.com)"
137.131.61.214 - - [31/Aug/2026:07:34:51 +0300] "GET /how-does-the-bible-define-poverty/?replytocom=14 HTTP/1.1" 200 77719 "-" "AteveSearchSourceUrlDiscovery/0.1 (+mailto:crawler@example.com)"
137.131.61.214 - - [31/Aug/2026:07:34:52 +0300] "GET /3-great-letter-writting-ideas-for-the-new-letter-delivery-process/feed/ HTTP/1.1" 200 8798 "-" "AteveSearchSourceUrlDiscovery/0.1 (+mailto:crawler@example.com)"
137.131.61.214 - - [31/Aug/2026:07:34:55 +0300] "GET /wp-json/oembed/1.0/embed?url=https://ajutam.ro/3-great-letter-writting-ideas-for-the-new-letter-delivery-process/ HTTP/1.1" 200 8266 "-" "AteveSearchSourceUrlDiscovery/0.1 (+mailto:crawler@example.com)"
137.131.61.214 - - [31/Aug/2026:07:34:57 +0300] "GET /wp-json/wp/v2/posts/66 HTTP/1.1" 200 9729 "-" "AteveSearchSourceUrlDiscovery/0.1 (+mailto:crawler@example.com)"
137.131.61.214 - - [31/Aug/2026:07:35:00 +0300] "GET /?p=66 HTTP/1.1" 301 5541 "-" "AteveSearchSourceUrlDiscovery/0.1 (+mailto:crawler@example.com)"
137.131.61.214 - - [31/Aug/2026:07:35:01 +0300] "GET /3-great-letter-writting-ideas-for-the-new-letter-delivery-process/?replytocom=11 HTTP/1.1" 200 76456 "-" "AteveSearchSourceUrlDiscovery/0.1 (+mailto:crawler@example.com)"
137.131.61.214 - - [31/Aug/2026:07:35:02 +0300] "GET /3-great-letter-writting-ideas-for-the-new-letter-delivery-process/ HTTP/1.1" 200 76413 "-" "AteveSearchSourceUrlDiscovery/0.1 (+mailto:crawler@example.com)"
137.131.61.214 - - [31/Aug/2026:07:35:07 +0300] "GET /3-great-letter-writting-ideas-for-the-new-letter-delivery-process/?replytocom=13 HTTP/1.1" 200 76461 "-" "AteveSearchSourceUrlDiscovery/0.1 (+mailto:crawler@example.com)"
137.131.61.214 - - [31/Aug/2026:07:35:08 +0300] "GET /product-category/jewelry/ HTTP/1.1" 200 81715 "-" "AteveSearchSourceUrlDiscovery/0.1 (+mailto:crawler@example.com)"
137.131.61.214 - - [31/Aug/2026:07:35:12 +0300] "GET /product-category/clothing/ HTTP/1.1" 200 79624 "-" "AteveSearchSourceUrlDiscovery/0.1 (+mailto:crawler@example.com)"
137.131.61.214 - - [31/Aug/2026:07:35:13 +0300] "GET /product-category/accessories/ HTTP/1.1" 200 81539 "-" "AteveSearchSourceUrlDiscovery/0.1 (+mailto:crawler@example.com)"
137.131.61.214 - - [31/Aug/2026:07:35:17 +0300] "GET /product-category/souvenirs/ HTTP/1.1" 200 79882 "-" "AteveSearchSourceUrlDiscovery/0.1 (+mailto:crawler@example.com)"
137.131.61.214 - - [31/Aug/2026:07:35:19 +0300] "GET /5-useful-tips-to-get-the-most-from-the-compassion-app/feed/ HTTP/1.1" 200 6691 "-" "AteveSearchSourceUrlDiscovery/0.1 (+mailto:crawler@example.com)"
137.131.61.214 - - [31/Aug/2026:07:35:21 +0300] "GET /wp-json/oembed/1.0/embed?url=https://ajutam.ro/5-useful-tips-to-get-the-most-from-the-compassion-app/ HTTP/1.1" 200 8209 "-" "AteveSearchSourceUrlDiscovery/0.1 (+mailto:crawler@example.com)"
89.39.7.190 - - [31/Aug/2026:07:35:23 +0300] "POST /wp-cron.php?doing_wp_cron=1788150923.6049530506134033203125 HTTP/1.1" 200 5455 "-" "WordPress/6.9.7; https://ajutam.ro"
137.131.61.214 - - [31/Aug/2026:07:35:23 +0300] "GET /wp-json/wp/v2/posts/67 HTTP/1.1" 200 9694 "-" "AteveSearchSourceUrlDiscovery/0.1 (+mailto:crawler@example.com)"
83.99.206.20 - - [31/Aug/2026:07:35:26 +0300] "GET /events/list/?tribe-bar-date=2026-11-26&eventDisplay=past HTTP/1.1" 200 125764 "-" "Mozilla/5.0 (X11; Linux x86_64) AppleWebKit/537.36 (KHTML, like Gecko; GeedoShopProductFinder) Chrome/142.0.0.0 Safari/537.36"
137.131.61.214 - - [31/Aug/2026:07:35:27 +0300] "GET /?p=67 HTTP/1.1" 301 5529 "-" "AteveSearchSourceUrlDiscovery/0.1 (+mailto:crawler@example.com)"
137.131.61.214 - - [31/Aug/2026:07:35:29 +0300] "GET /quote-post/feed/ HTTP/1.1" 200 6562 "-" "AteveSearchSourceUrlDiscovery/0.1 (+mailto:crawler@example.com)"
137.131.61.214 - - [31/Aug/2026:07:35:29 +0300] "GET /5-useful-tips-to-get-the-most-from-the-compassion-app/ HTTP/1.1" 200 72907 "-" "AteveSearchSourceUrlDiscovery/0.1 (+mailto:crawler@example.com)"
137.131.61.214 - - [31/Aug/2026:07:35:32 +0300] "GET /wp-json/oembed/1.0/embed?url=https://ajutam.ro/quote-post/ HTTP/1.1" 200 7859 "-" "AteveSearchSourceUrlDiscovery/0.1 (+mailto:crawler@example.com)"
137.131.61.214 - - [31/Aug/2026:07:35:34 +0300] "GET /wp-json/wp/v2/posts/68 HTTP/1.1" 200 8723 "-" "AteveSearchSourceUrlDiscovery/0.1 (+mailto:crawler@example.com)"
137.131.61.214 - - [31/Aug/2026:07:35:38 +0300] "GET /?p=68 HTTP/1.1" 301 5486 "-" "AteveSearchSourceUrlDiscovery/0.1 (+mailto:crawler@example.com)"
137.131.61.214 - - [31/Aug/2026:07:35:39 +0300] "GET /product-tag/africa/ HTTP/1.1" 200 87044 "-" "AteveSearchSourceUrlDiscovery/0.1 (+mailto:crawler@example.com)"
137.131.61.214 - - [31/Aug/2026:07:35:40 +0300] "GET /quote-post/ HTTP/1.1" 200 71075 "-" "AteveSearchSourceUrlDiscovery/0.1 (+mailto:crawler@example.com)"
137.131.61.214 - - [31/Aug/2026:07:35:45 +0300] "GET /product-tag/children/ HTTP/1.1" 200 87057 "-" "AteveSearchSourceUrlDiscovery/0.1 (+mailto:crawler@example.com)"
137.131.61.214 - - [31/Aug/2026:07:35:46 +0300] "GET /product-tag/crisis/ HTTP/1.1" 200 87037 "-" "AteveSearchSourceUrlDiscovery/0.1 (+mailto:crawler@example.com)"
83.99.206.20 - - [31/Aug/2026:07:35:47 +0300] "GET /events/2027-07-29/ HTTP/1.1" 200 95018 "-" "Mozilla/5.0 (X11; Linux x86_64) AppleWebKit/537.36 (KHTML, like Gecko; GeedoShopProductFinder) Chrome/142.0.0.0 Safari/537.36"
137.131.61.214 - - [31/Aug/2026:07:35:49 +0300] "GET /product-tag/giving/ HTTP/1.1" 200 79968 "-" "AteveSearchSourceUrlDiscovery/0.1 (+mailto:crawler@example.com)"
137.131.61.214 - - [31/Aug/2026:07:35:50 +0300] "GET /product-tag/volunteers/ HTTP/1.1" 200 80008 "-" "AteveSearchSourceUrlDiscovery/0.1 (+mailto:crawler@example.com)"
137.131.61.214 - - [31/Aug/2026:07:35:59 +0300] "GET /product-tag/video/ HTTP/1.1" 200 79951 "-" "AteveSearchSourceUrlDiscovery/0.1 (+mailto:crawler@example.com)"
137.131.61.214 - - [31/Aug/2026:07:36:00 +0300] "GET /what-you-need-to-know-about-colorados-forests-and-coal-mining/feed/ HTTP/1.1" 200 7432 "-" "AteveSearchSourceUrlDiscovery/0.1 (+mailto:crawler@example.com)"
137.131.61.214 - - [31/Aug/2026:07:36:03 +0300] "GET /wp-json/oembed/1.0/embed?url=https://ajutam.ro/what-you-need-to-know-about-colorados-forests-and-coal-mining/ HTTP/1.1" 200 8267 "-" "AteveSearchSourceUrlDiscovery/0.1 (+mailto:crawler@example.com)"
137.131.61.214 - - [31/Aug/2026:07:36:03 +0300] "GET /wp-json/wp/v2/posts/69 HTTP/1.1" 200 9731 "-" "AteveSearchSourceUrlDiscovery/0.1 (+mailto:crawler@example.com)"
137.131.61.214 - - [31/Aug/2026:07:36:07 +0300] "GET /?p=69 HTTP/1.1" 301 5537 "-" "AteveSearchSourceUrlDiscovery/0.1 (+mailto:crawler@example.com)"
83.99.206.20 - - [31/Aug/2026:07:36:07 +0300] "GET /events/list/?tribe-bar-date=2026-01-22 HTTP/1.1" 200 97645 "-" "Mozilla/5.0 (X11; Linux x86_64) AppleWebKit/537.36 (KHTML, like Gecko; GeedoShopProductFinder) Chrome/142.0.0.0 Safari/537.36"
137.131.61.214 - - [31/Aug/2026:07:36:07 +0300] "GET /what-you-need-to-know-about-colorados-forests-and-coal-mining/?replytocom=10 HTTP/1.1" 200 82844 "-" "AteveSearchSourceUrlDiscovery/0.1 (+mailto:crawler@example.com)"
137.131.61.214 - - [31/Aug/2026:07:36:09 +0300] "GET /what-you-need-to-know-about-colorados-forests-and-coal-mining/ HTTP/1.1" 200 82787 "-" "AteveSearchSourceUrlDiscovery/0.1 (+mailto:crawler@example.com)"
137.131.61.214 - - [31/Aug/2026:07:36:11 +0300] "GET /the-charity-sector-in-2016/feed/ HTTP/1.1" 200 6610 "-" "AteveSearchSourceUrlDiscovery/0.1 (+mailto:crawler@example.com)"
137.131.61.214 - - [31/Aug/2026:07:36:13 +0300] "GET /wp-json/oembed/1.0/embed?url=https://ajutam.ro/the-charity-sector-in-2016/ HTTP/1.1" 200 7939 "-" "AteveSearchSourceUrlDiscovery/0.1 (+mailto:crawler@example.com)"
137.131.61.214 - - [31/Aug/2026:07:36:15 +0300] "GET /wp-json/wp/v2/posts/70 HTTP/1.1" 200 7749 "-" "AteveSearchSourceUrlDiscovery/0.1 (+mailto:crawler@example.com)"
137.131.61.214 - - [31/Aug/2026:07:36:17 +0300] "GET /?p=70 HTTP/1.1" 301 5502 "-" "AteveSearchSourceUrlDiscovery/0.1 (+mailto:crawler@example.com)"
137.131.61.214 - - [31/Aug/2026:07:36:19 +0300] "GET /the-charity-sector-in-2016/ HTTP/1.1" 200 70820 "-" "AteveSearchSourceUrlDiscovery/0.1 (+mailto:crawler@example.com)"
137.131.61.214 - - [31/Aug/2026:07:36:19 +0300] "GET /?amp%3Bterm=europe&taxonomy=product_shipping_class HTTP/1.1" 200 89547 "-" "AteveSearchSourceUrlDiscovery/0.1 (+mailto:crawler@example.com)"
89.39.7.190 - - [31/Aug/2026:07:36:24 +0300] "POST /wp-cron.php?doing_wp_cron=1788150984.2421369552612304687500 HTTP/1.1" 200 5455 "-" "WordPress/6.9.7; https://ajutam.ro"
137.131.61.214 - - [31/Aug/2026:07:36:23 +0300] "GET /?amp%3Bterm=world&taxonomy=product_shipping_class HTTP/1.1" 200 89529 "-" "AteveSearchSourceUrlDiscovery/0.1 (+mailto:crawler@example.com)"
137.131.61.214 - - [31/Aug/2026:07:36:24 +0300] "GET /?amp%3Bterm=america&taxonomy=product_shipping_class HTTP/1.1" 200 89544 "-" "AteveSearchSourceUrlDiscovery/0.1 (+mailto:crawler@example.com)"
137.131.61.214 - - [31/Aug/2026:07:36:28 +0300] "GET /a-short-guide-to-talking-about-latin-america/feed/ HTTP/1.1" 200 6668 "-" "AteveSearchSourceUrlDiscovery/0.1 (+mailto:crawler@example.com)"
137.131.61.214 - - [31/Aug/2026:07:36:29 +0300] "GET /wp-json/oembed/1.0/embed?url=https://ajutam.ro/a-short-guide-to-talking-about-latin-america/ HTTP/1.1" 200 8176 "-" "AteveSearchSourceUrlDiscovery/0.1 (+mailto:crawler@example.com)"
83.99.206.237 - - [31/Aug/2026:07:36:30 +0300] "GET /events/list/?tribe-bar-date=2027-07-31 HTTP/1.1" 200 97664 "-" "Mozilla/5.0 (X11; Linux x86_64) AppleWebKit/537.36 (KHTML, like Gecko; GeedoShopProductFinder) Chrome/142.0.0.0 Safari/537.36"
137.131.61.214 - - [31/Aug/2026:07:36:32 +0300] "GET /wp-json/wp/v2/posts/71 HTTP/1.1" 200 9687 "-" "AteveSearchSourceUrlDiscovery/0.1 (+mailto:crawler@example.com)"
137.131.61.214 - - [31/Aug/2026:07:36:33 +0300] "GET /?p=71 HTTP/1.1" 301 5520 "-" "AteveSearchSourceUrlDiscovery/0.1 (+mailto:crawler@example.com)"
137.131.61.214 - - [31/Aug/2026:07:36:35 +0300] "GET /a-short-guide-to-talking-about-latin-america/ HTTP/1.1" 200 73002 "-" "AteveSearchSourceUrlDiscovery/0.1 (+mailto:crawler@example.com)"
137.131.61.214 - - [31/Aug/2026:07:36:36 +0300] "GET /developing-healthy-kids-in-the-developing-world/feed/ HTTP/1.1" 200 8517 "-" "AteveSearchSourceUrlDiscovery/0.1 (+mailto:crawler@example.com)"
137.131.61.214 - - [31/Aug/2026:07:36:39 +0300] "GET /wp-json/oembed/1.0/embed?url=https://ajutam.ro/developing-healthy-kids-in-the-developing-world/ HTTP/1.1" 200 8180 "-" "AteveSearchSourceUrlDiscovery/0.1 (+mailto:crawler@example.com)"
137.131.61.214 - - [31/Aug/2026:07:36:40 +0300] "GET /wp-json/wp/v2/posts/72 HTTP/1.1" 200 9655 "-" "AteveSearchSourceUrlDiscovery/0.1 (+mailto:crawler@example.com)"
137.131.61.214 - - [31/Aug/2026:07:36:43 +0300] "GET /?p=72 HTTP/1.1" 301 5523 "-" "AteveSearchSourceUrlDiscovery/0.1 (+mailto:crawler@example.com)"
137.131.61.214 - - [31/Aug/2026:07:36:44 +0300] "GET /developing-healthy-kids-in-the-developing-world/?replytocom=3 HTTP/1.1" 200 84247 "-" "AteveSearchSourceUrlDiscovery/0.1 (+mailto:crawler@example.com)"
137.131.61.214 - - [31/Aug/2026:07:36:44 +0300] "GET /developing-healthy-kids-in-the-developing-world/ HTTP/1.1" 200 84187 "-" "AteveSearchSourceUrlDiscovery/0.1 (+mailto:crawler@example.com)"
137.131.61.214 - - [31/Aug/2026:07:36:49 +0300] "GET /developing-healthy-kids-in-the-developing-world/?replytocom=4 HTTP/1.1" 200 84240 "-" "AteveSearchSourceUrlDiscovery/0.1 (+mailto:crawler@example.com)"
137.131.61.214 - - [31/Aug/2026:07:36:50 +0300] "GET /30-stunning-pictures-of-bedrooms-in-the-developing-world/feed/ HTTP/1.1" 200 10705 "-" "AteveSearchSourceUrlDiscovery/0.1 (+mailto:crawler@example.com)"
83.99.206.57 - - [31/Aug/2026:07:36:50 +0300] "GET /events/2027-02-10/ HTTP/1.1" 200 95014 "-" "Mozilla/5.0 (X11; Linux x86_64) AppleWebKit/537.36 (KHTML, like Gecko; GeedoShopProductFinder) Chrome/142.0.0.0 Safari/537.36"
137.131.61.214 - - [31/Aug/2026:07:36:53 +0300] "GET /wp-json/oembed/1.0/embed?url=https://ajutam.ro/30-stunning-pictures-of-bedrooms-in-the-developing-world/ HTTP/1.1" 200 8224 "-" "AteveSearchSourceUrlDiscovery/0.1 (+mailto:crawler@example.com)"
137.131.61.214 - - [31/Aug/2026:07:36:54 +0300] "GET /wp-json/wp/v2/posts/73 HTTP/1.1" 200 9707 "-" "AteveSearchSourceUrlDiscovery/0.1 (+mailto:crawler@example.com)"
137.131.61.214 - - [31/Aug/2026:07:36:57 +0300] "GET /?p=73 HTTP/1.1" 301 5532 "-" "AteveSearchSourceUrlDiscovery/0.1 (+mailto:crawler@example.com)"
137.131.61.214 - - [31/Aug/2026:07:36:59 +0300] "GET /30-stunning-pictures-of-bedrooms-in-the-developing-world/?replytocom=5 HTTP/1.1" 200 79524 "-" "AteveSearchSourceUrlDiscovery/0.1 (+mailto:crawler@example.com)"
137.131.61.214 - - [31/Aug/2026:07:36:59 +0300] "GET /30-stunning-pictures-of-bedrooms-in-the-developing-world/ HTTP/1.1" 200 79472 "-" "AteveSearchSourceUrlDiscovery/0.1 (+mailto:crawler@example.com)"
137.131.61.214 - - [31/Aug/2026:07:37:03 +0300] "GET /30-stunning-pictures-of-bedrooms-in-the-developing-world/?replytocom=7 HTTP/1.1" 200 79522 "-" "AteveSearchSourceUrlDiscovery/0.1 (+mailto:crawler@example.com)"
137.131.61.214 - - [31/Aug/2026:07:37:05 +0300] "GET /30-stunning-pictures-of-bedrooms-in-the-developing-world/?replytocom=6 HTTP/1.1" 200 79517 "-" "AteveSearchSourceUrlDiscovery/0.1 (+mailto:crawler@example.com)"
137.131.61.214 - - [31/Aug/2026:07:37:07 +0300] "GET /30-stunning-pictures-of-bedrooms-in-the-developing-world/?replytocom=8 HTTP/1.1" 200 79515 "-" "AteveSearchSourceUrlDiscovery/0.1 (+mailto:crawler@example.com)"
83.99.206.183 - - [31/Aug/2026:07:37:08 +0300] "GET /events/2026-10-20/ HTTP/1.1" 200 95026 "-" "Mozilla/5.0 (X11; Linux x86_64) AppleWebKit/537.36 (KHTML, like Gecko; GeedoShopProductFinder) Chrome/142.0.0.0 Safari/537.36"
137.131.61.214 - - [31/Aug/2026:07:37:09 +0300] "GET /simple-deeds-that-save-the-world/feed/ HTTP/1.1" 200 6630 "-" "AteveSearchSourceUrlDiscovery/0.1 (+mailto:crawler@example.com)"
137.131.61.214 - - [31/Aug/2026:07:37:12 +0300] "GET /wp-json/oembed/1.0/embed?url=https://ajutam.ro/simple-deeds-that-save-the-world/ HTTP/1.1" 200 8104 "-" "AteveSearchSourceUrlDiscovery/0.1 (+mailto:crawler@example.com)"
137.131.61.214 - - [31/Aug/2026:07:37:13 +0300] "GET /wp-json/wp/v2/posts/270 HTTP/1.1" 200 9607 "-" "AteveSearchSourceUrlDiscovery/0.1 (+mailto:crawler@example.com)"
137.131.61.214 - - [31/Aug/2026:07:37:16 +0300] "GET /?p=270 HTTP/1.1" 301 5508 "-" "AteveSearchSourceUrlDiscovery/0.1 (+mailto:crawler@example.com)"
137.131.61.214 - - [31/Aug/2026:07:37:17 +0300] "GET /save-them-all/feed/ HTTP/1.1" 200 6573 "-" "AteveSearchSourceUrlDiscovery/0.1 (+mailto:crawler@example.com)"
137.131.61.214 - - [31/Aug/2026:07:37:18 +0300] "GET /simple-deeds-that-save-the-world/ HTTP/1.1" 200 80539 "-" "AteveSearchSourceUrlDiscovery/0.1 (+mailto:crawler@example.com)"
137.131.61.214 - - [31/Aug/2026:07:37:21 +0300] "GET /wp-json/oembed/1.0/embed?url=https://ajutam.ro/save-them-all/ HTTP/1.1" 200 8009 "-" "AteveSearchSourceUrlDiscovery/0.1 (+mailto:crawler@example.com)"
89.39.7.190 - - [31/Aug/2026:07:37:23 +0300] "POST /wp-cron.php?doing_wp_cron=1788151043.0480809211730957031250 HTTP/1.1" 200 5455 "-" "WordPress/6.9.7; https://ajutam.ro"
137.131.61.214 - - [31/Aug/2026:07:37:22 +0300] "GET /wp-json/wp/v2/posts/462 HTTP/1.1" 200 9507 "-" "AteveSearchSourceUrlDiscovery/0.1 (+mailto:crawler@example.com)"
137.131.61.214 - - [31/Aug/2026:07:37:25 +0300] "GET /?p=462 HTTP/1.1" 301 5489 "-" "AteveSearchSourceUrlDiscovery/0.1 (+mailto:crawler@example.com)"
137.131.61.214 - - [31/Aug/2026:07:37:27 +0300] "GET /save-them-all/ HTTP/1.1" 200 72172 "-" "AteveSearchSourceUrlDiscovery/0.1 (+mailto:crawler@example.com)"
137.131.61.214 - - [31/Aug/2026:07:37:27 +0300] "GET /new-life-for-the-abandoned/feed/ HTTP/1.1" 200 6612 "-" "AteveSearchSourceUrlDiscovery/0.1 (+mailto:crawler@example.com)"
137.131.61.214 - - [31/Aug/2026:07:37:31 +0300] "GET /wp-json/oembed/1.0/embed?url=https://ajutam.ro/new-life-for-the-abandoned/ HTTP/1.1" 200 8075 "-" "AteveSearchSourceUrlDiscovery/0.1 (+mailto:crawler@example.com)"
137.131.61.214 - - [31/Aug/2026:07:37:32 +0300] "GET /wp-json/wp/v2/posts/463 HTTP/1.1" 200 9560 "-" "AteveSearchSourceUrlDiscovery/0.1 (+mailto:crawler@example.com)"
137.131.61.214 - - [31/Aug/2026:07:37:36 +0300] "GET /?p=463 HTTP/1.1" 301 5502 "-" "AteveSearchSourceUrlDiscovery/0.1 (+mailto:crawler@example.com)"
137.131.61.214 - - [31/Aug/2026:07:37:37 +0300] "GET /become-a-volunteer/feed/ HTTP/1.1" 200 6589 "-" "AteveSearchSourceUrlDiscovery/0.1 (+mailto:crawler@example.com)"
137.131.61.214 - - [31/Aug/2026:07:37:38 +0300] "GET /new-life-for-the-abandoned/ HTTP/1.1" 200 72353 "-" "AteveSearchSourceUrlDiscovery/0.1 (+mailto:crawler@example.com)"
137.131.61.214 - - [31/Aug/2026:07:37:41 +0300] "GET /wp-json/oembed/1.0/embed?url=https://ajutam.ro/become-a-volunteer/ HTTP/1.1" 200 8037 "-" "AteveSearchSourceUrlDiscovery/0.1 (+mailto:crawler@example.com)"
137.131.61.214 - - [31/Aug/2026:07:37:42 +0300] "GET /wp-json/wp/v2/posts/464 HTTP/1.1" 200 9511 "-" "AteveSearchSourceUrlDiscovery/0.1 (+mailto:crawler@example.com)"
137.131.61.214 - - [31/Aug/2026:07:37:46 +0300] "GET /?p=464 HTTP/1.1" 301 5494 "-" "AteveSearchSourceUrlDiscovery/0.1 (+mailto:crawler@example.com)"
137.131.61.214 - - [31/Aug/2026:07:37:46 +0300] "GET /animal-welfare/feed/ HTTP/1.1" 200 6576 "-" "AteveSearchSourceUrlDiscovery/0.1 (+mailto:crawler@example.com)"
137.131.61.214 - - [31/Aug/2026:07:37:47 +0300] "GET /become-a-volunteer/ HTTP/1.1" 200 72140 "-" "AteveSearchSourceUrlDiscovery/0.1 (+mailto:crawler@example.com)"
137.131.61.214 - - [31/Aug/2026:07:37:50 +0300] "GET /wp-json/oembed/1.0/embed?url=https://ajutam.ro/animal-welfare/ HTTP/1.1" 200 8015 "-" "AteveSearchSourceUrlDiscovery/0.1 (+mailto:crawler@example.com)"
137.131.61.214 - - [31/Aug/2026:07:37:51 +0300] "GET /wp-json/wp/v2/posts/465 HTTP/1.1" 200 9512 "-" "AteveSearchSourceUrlDiscovery/0.1 (+mailto:crawler@example.com)"
137.131.61.214 - - [31/Aug/2026:07:37:54 +0300] "GET /?p=465 HTTP/1.1" 301 5490 "-" "AteveSearchSourceUrlDiscovery/0.1 (+mailto:crawler@example.com)"
137.131.61.214 - - [31/Aug/2026:07:37:56 +0300] "GET /the-world-runs-out-of-time/feed/ HTTP/1.1" 200 6612 "-" "AteveSearchSourceUrlDiscovery/0.1 (+mailto:crawler@example.com)"
137.131.61.214 - - [31/Aug/2026:07:37:56 +0300] "GET /animal-welfare/ HTTP/1.1" 200 72185 "-" "AteveSearchSourceUrlDiscovery/0.1 (+mailto:crawler@example.com)"
137.131.61.214 - - [31/Aug/2026:07:38:00 +0300] "GET /wp-json/oembed/1.0/embed?url=https://ajutam.ro/the-world-runs-out-of-time/ HTTP/1.1" 200 8074 "-" "AteveSearchSourceUrlDiscovery/0.1 (+mailto:crawler@example.com)"
137.131.61.214 - - [31/Aug/2026:07:38:00 +0300] "GET /wp-json/wp/v2/posts/466 HTTP/1.1" 200 9542 "-" "AteveSearchSourceUrlDiscovery/0.1 (+mailto:crawler@example.com)"
137.131.61.214 - - [31/Aug/2026:07:38:04 +0300] "GET /?p=466 HTTP/1.1" 301 5502 "-" "AteveSearchSourceUrlDiscovery/0.1 (+mailto:crawler@example.com)"
137.131.61.214 - - [31/Aug/2026:07:38:05 +0300] "GET /glossary-of-humanity/feed/ HTTP/1.1" 200 6594 "-" "AteveSearchSourceUrlDiscovery/0.1 (+mailto:crawler@example.com)"
137.131.61.214 - - [31/Aug/2026:07:38:05 +0300] "GET /the-world-runs-out-of-time/ HTTP/1.1" 200 72247 "-" "AteveSearchSourceUrlDiscovery/0.1 (+mailto:crawler@example.com)"
137.131.61.214 - - [31/Aug/2026:07:38:09 +0300] "GET /wp-json/oembed/1.0/embed?url=https://ajutam.ro/glossary-of-humanity/ HTTP/1.1" 200 8045 "-" "AteveSearchSourceUrlDiscovery/0.1 (+mailto:crawler@example.com)"
137.131.61.214 - - [31/Aug/2026:07:38:10 +0300] "GET /wp-json/wp/v2/posts/467 HTTP/1.1" 200 9535 "-" "AteveSearchSourceUrlDiscovery/0.1 (+mailto:crawler@example.com)"
137.131.61.214 - - [31/Aug/2026:07:38:13 +0300] "GET /?p=467 HTTP/1.1" 301 5496 "-" "AteveSearchSourceUrlDiscovery/0.1 (+mailto:crawler@example.com)"
137.131.61.214 - - [31/Aug/2026:07:38:14 +0300] "GET /wildlife-conservation-society/feed/ HTTP/1.1" 200 6621 "-" "AteveSearchSourceUrlDiscovery/0.1 (+mailto:crawler@example.com)"
137.131.61.214 - - [31/Aug/2026:07:38:15 +0300] "GET /glossary-of-humanity/ HTTP/1.1" 200 72272 "-" "AteveSearchSourceUrlDiscovery/0.1 (+mailto:crawler@example.com)"
137.131.61.214 - - [31/Aug/2026:07:38:18 +0300] "GET /wp-json/oembed/1.0/embed?url=https://ajutam.ro/wildlife-conservation-society/ HTTP/1.1" 200 8089 "-" "AteveSearchSourceUrlDiscovery/0.1 (+mailto:crawler@example.com)"
137.131.61.214 - - [31/Aug/2026:07:38:20 +0300] "GET /wp-json/wp/v2/posts/468 HTTP/1.1" 200 9572 "-" "AteveSearchSourceUrlDiscovery/0.1 (+mailto:crawler@example.com)"
137.131.61.214 - - [31/Aug/2026:07:38:22 +0300] "GET /?p=468 HTTP/1.1" 301 5505 "-" "AteveSearchSourceUrlDiscovery/0.1 (+mailto:crawler@example.com)"
89.39.7.190 - - [31/Aug/2026:07:38:24 +0300] "POST /wp-cron.php?doing_wp_cron=1788151104.0648410320281982421875 HTTP/1.1" 200 5455 "-" "WordPress/6.9.7; https://ajutam.ro"
137.131.61.214 - - [31/Aug/2026:07:38:23 +0300] "GET /national-federation-of-the-blind/feed/ HTTP/1.1" 200 6630 "-" "AteveSearchSourceUrlDiscovery/0.1 (+mailto:crawler@example.com)"
137.131.61.214 - - [31/Aug/2026:07:38:24 +0300] "GET /wildlife-conservation-society/ HTTP/1.1" 200 72400 "-" "AteveSearchSourceUrlDiscovery/0.1 (+mailto:crawler@example.com)"
137.131.61.214 - - [31/Aug/2026:07:38:27 +0300] "GET /wp-json/oembed/1.0/embed?url=https://ajutam.ro/national-federation-of-the-blind/ HTTP/1.1" 200 8104 "-" "AteveSearchSourceUrlDiscovery/0.1 (+mailto:crawler@example.com)"
137.131.61.214 - - [31/Aug/2026:07:38:28 +0300] "GET /wp-json/wp/v2/posts/469 HTTP/1.1" 200 9566 "-" "AteveSearchSourceUrlDiscovery/0.1 (+mailto:crawler@example.com)"
137.131.61.214 - - [31/Aug/2026:07:38:31 +0300] "GET /?p=469 HTTP/1.1" 301 5508 "-" "AteveSearchSourceUrlDiscovery/0.1 (+mailto:crawler@example.com)"
137.131.61.214 - - [31/Aug/2026:07:38:32 +0300] "GET /american-humane-association/feed/ HTTP/1.1" 200 6615 "-" "AteveSearchSourceUrlDiscovery/0.1 (+mailto:crawler@example.com)"
137.131.61.214 - - [31/Aug/2026:07:38:33 +0300] "GET /national-federation-of-the-blind/ HTTP/1.1" 200 72333 "-" "AteveSearchSourceUrlDiscovery/0.1 (+mailto:crawler@example.com)"
137.131.61.214 - - [31/Aug/2026:07:38:37 +0300] "GET /wp-json/oembed/1.0/embed?url=https://ajutam.ro/american-humane-association/ HTTP/1.1" 200 8080 "-" "AteveSearchSourceUrlDiscovery/0.1 (+mailto:crawler@example.com)"
137.131.61.214 - - [31/Aug/2026:07:38:37 +0300] "GET /wp-json/wp/v2/posts/470 HTTP/1.1" 200 9563 "-" "AteveSearchSourceUrlDiscovery/0.1 (+mailto:crawler@example.com)"
137.131.61.214 - - [31/Aug/2026:07:38:41 +0300] "GET /?p=470 HTTP/1.1" 301 5503 "-" "AteveSearchSourceUrlDiscovery/0.1 (+mailto:crawler@example.com)"
137.131.61.214 - - [31/Aug/2026:07:38:41 +0300] "GET /wp-json/oembed/1.0/embed?url=https://ajutam.ro/home-2/ HTTP/1.1" 200 7839 "-" "AteveSearchSourceUrlDiscovery/0.1 (+mailto:crawler@example.com)"
137.131.61.214 - - [31/Aug/2026:07:38:42 +0300] "GET /american-humane-association/ HTTP/1.1" 200 72365 "-" "AteveSearchSourceUrlDiscovery/0.1 (+mailto:crawler@example.com)"
137.131.61.214 - - [31/Aug/2026:07:38:49 +0300] "GET /wp-json/wp/v2/pages/7 HTTP/1.1" 200 28235 "-" "AteveSearchSourceUrlDiscovery/0.1 (+mailto:crawler@example.com)"
137.131.61.214 - - [31/Aug/2026:07:38:49 +0300] "GET /?p=7 HTTP/1.1" 301 5552 "-" "AteveSearchSourceUrlDiscovery/0.1 (+mailto:crawler@example.com)"
137.131.61.214 - - [31/Aug/2026:07:39:03 +0300] "GET /home-2/ HTTP/1.1" 200 95370 "-" "AteveSearchSourceUrlDiscovery/0.1 (+mailto:crawler@example.com)"
137.131.61.214 - - [31/Aug/2026:07:39:04 +0300] "GET /wp-json/oembed/1.0/embed?url=https://ajutam.ro/typography/ HTTP/1.1" 200 7859 "-" "AteveSearchSourceUrlDiscovery/0.1 (+mailto:crawler@example.com)"
137.131.61.214 - - [31/Aug/2026:07:39:08 +0300] "GET /?p=7 HTTP/1.1" 301 5552 "-" "AteveSearchSourceUrlDiscovery/0.1 (+mailto:crawler@example.com)"
137.131.61.214 - - [31/Aug/2026:07:39:09 +0300] "GET /home-2/ HTTP/1.1" 200 95376 "-" "AteveSearchSourceUrlDiscovery/0.1 (+mailto:crawler@example.com)"
83.99.206.63 - - [31/Aug/2026:07:39:12 +0300] "GET /events/2027-07-28/ HTTP/1.1" 200 95018 "-" "Mozilla/5.0 (X11; Linux x86_64) AppleWebKit/537.36 (KHTML, like Gecko; GeedoShopProductFinder) Chrome/142.0.0.0 Safari/537.36"
137.131.61.214 - - [31/Aug/2026:07:39:13 +0300] "GET /?p=9 HTTP/1.1" 301 5556 "-" "AteveSearchSourceUrlDiscovery/0.1 (+mailto:crawler@example.com)"
137.131.61.214 - - [31/Aug/2026:07:39:14 +0300] "GET /wp-json/wp/v2/pages/9 HTTP/1.1" 200 26566 "-" "AteveSearchSourceUrlDiscovery/0.1 (+mailto:crawler@example.com)"
137.131.61.214 - - [31/Aug/2026:07:39:15 +0300] "GET /typography/ HTTP/1.1" 200 93987 "-" "AteveSearchSourceUrlDiscovery/0.1 (+mailto:crawler@example.com)"
137.131.61.214 - - [31/Aug/2026:07:39:17 +0300] "GET /wp-json/oembed/1.0/embed?url=https://ajutam.ro/shortcodes/ HTTP/1.1" 200 7859 "-" "AteveSearchSourceUrlDiscovery/0.1 (+mailto:crawler@example.com)"
137.131.61.214 - - [31/Aug/2026:07:39:21 +0300] "GET /?p=11 HTTP/1.1" 301 5556 "-" "AteveSearchSourceUrlDiscovery/0.1 (+mailto:crawler@example.com)"
89.39.7.190 - - [31/Aug/2026:07:39:23 +0300] "POST /wp-cron.php?doing_wp_cron=1788151163.0365939140319824218750 HTTP/1.1" 200 5455 "-" "WordPress/6.9.7; https://ajutam.ro"
137.131.61.214 - - [31/Aug/2026:07:39:22 +0300] "GET /wp-json/wp/v2/pages/11 HTTP/1.1" 200 24813 "-" "AteveSearchSourceUrlDiscovery/0.1 (+mailto:crawler@example.com)"
137.131.61.214 - - [31/Aug/2026:07:39:23 +0300] "GET /shortcodes/ HTTP/1.1" 200 83689 "-" "AteveSearchSourceUrlDiscovery/0.1 (+mailto:crawler@example.com)"
137.131.61.214 - - [31/Aug/2026:07:39:26 +0300] "GET /all-posts/page/2/ HTTP/1.1" 200 91123 "-" "AteveSearchSourceUrlDiscovery/0.1 (+mailto:crawler@example.com)"
137.131.61.214 - - [31/Aug/2026:07:39:28 +0300] "GET /all-posts/page/3/ HTTP/1.1" 200 79118 "-" "AteveSearchSourceUrlDiscovery/0.1 (+mailto:crawler@example.com)"
137.131.61.214 - - [31/Aug/2026:07:39:31 +0300] "GET /shop/feed/ HTTP/1.1" 200 20052 "-" "AteveSearchSourceUrlDiscovery/0.1 (+mailto:crawler@example.com)"
83.99.206.54 - - [31/Aug/2026:07:39:33 +0300] "GET /events/list/?tribe-bar-date=2026-06-10 HTTP/1.1" 200 97633 "-" "Mozilla/5.0 (X11; Linux x86_64) AppleWebKit/537.36 (KHTML, like Gecko; GeedoShopProductFinder) Chrome/142.0.0.0 Safari/537.36"
137.131.61.214 - - [31/Aug/2026:07:39:34 +0300] "GET /wp-json/oembed/1.0/embed?url=https://ajutam.ro/classic-without-sidebar/ HTTP/1.1" 200 7924 "-" "AteveSearchSourceUrlDiscovery/0.1 (+mailto:crawler@example.com)"
137.131.61.214 - - [31/Aug/2026:07:39:39 +0300] "GET /wp-json/wp/v2/pages/241 HTTP/1.1" 200 7124 "-" "AteveSearchSourceUrlDiscovery/0.1 (+mailto:crawler@example.com)"
137.131.61.214 - - [31/Aug/2026:07:39:39 +0300] "GET /shop/page/2/ HTTP/1.1" 200 76524 "-" "AteveSearchSourceUrlDiscovery/0.1 (+mailto:crawler@example.com)"
137.131.61.214 - - [31/Aug/2026:07:39:43 +0300] "GET /?p=241 HTTP/1.1" 301 5569 "-" "AteveSearchSourceUrlDiscovery/0.1 (+mailto:crawler@example.com)"
137.131.61.214 - - [31/Aug/2026:07:39:44 +0300] "GET /classic-without-sidebar/page/2/ HTTP/1.1" 200 86706 "-" "AteveSearchSourceUrlDiscovery/0.1 (+mailto:crawler@example.com)"
137.131.61.214 - - [31/Aug/2026:07:39:44 +0300] "GET /classic-without-sidebar/ HTTP/1.1" 200 85012 "-" "AteveSearchSourceUrlDiscovery/0.1 (+mailto:crawler@example.com)"
137.131.61.214 - - [31/Aug/2026:07:39:48 +0300] "GET /classic-without-sidebar/page/3/ HTTP/1.1" 200 74849 "-" "AteveSearchSourceUrlDiscovery/0.1 (+mailto:crawler@example.com)"
137.131.61.214 - - [31/Aug/2026:07:39:50 +0300] "GET /wp-json/oembed/1.0/embed?url=https://ajutam.ro/masonry-3-columns/ HTTP/1.1" 200 7894 "-" "AteveSearchSourceUrlDiscovery/0.1 (+mailto:crawler@example.com)"
137.131.61.214 - - [31/Aug/2026:07:39:52 +0300] "GET /wp-json/wp/v2/pages/248 HTTP/1.1" 200 35415 "-" "AteveSearchSourceUrlDiscovery/0.1 (+mailto:crawler@example.com)"
83.99.206.54 - - [31/Aug/2026:07:39:53 +0300] "GET /events/list/?tribe-bar-date=2026-07-17&eventDisplay=past HTTP/1.1" 200 125740 "-" "Mozilla/5.0 (X11; Linux x86_64) AppleWebKit/537.36 (KHTML, like Gecko; GeedoShopProductFinder) Chrome/142.0.0.0 Safari/537.36"
137.131.61.214 - - [31/Aug/2026:07:39:54 +0300] "GET /?p=248 HTTP/1.1" 301 5563 "-" "AteveSearchSourceUrlDiscovery/0.1 (+mailto:crawler@example.com)"
137.131.61.214 - - [31/Aug/2026:07:39:55 +0300] "GET /masonry-3-columns/ HTTP/1.1" 200 90563 "-" "AteveSearchSourceUrlDiscovery/0.1 (+mailto:crawler@example.com)"
137.131.61.214 - - [31/Aug/2026:07:39:56 +0300] "GET /wp-json/oembed/1.0/embed?url=https://ajutam.ro/portfolio-2-columns/ HTTP/1.1" 200 7904 "-" "AteveSearchSourceUrlDiscovery/0.1 (+mailto:crawler@example.com)"
137.131.61.214 - - [31/Aug/2026:07:39:59 +0300] "GET /wp-json/wp/v2/pages/258 HTTP/1.1" 200 30216 "-" "AteveSearchSourceUrlDiscovery/0.1 (+mailto:crawler@example.com)"
137.131.61.214 - - [31/Aug/2026:07:40:00 +0300] "GET /?p=258 HTTP/1.1" 301 5565 "-" "AteveSearchSourceUrlDiscovery/0.1 (+mailto:crawler@example.com)"
137.131.61.214 - - [31/Aug/2026:07:40:02 +0300] "GET /portfolio-2-columns/ HTTP/1.1" 200 92361 "-" "AteveSearchSourceUrlDiscovery/0.1 (+mailto:crawler@example.com)"
137.131.61.214 - - [31/Aug/2026:07:40:04 +0300] "GET /wp-json/oembed/1.0/embed?url=https://ajutam.ro/portfolio-3-columns/ HTTP/1.1" 200 7904 "-" "AteveSearchSourceUrlDiscovery/0.1 (+mailto:crawler@example.com)"
137.131.61.214 - - [31/Aug/2026:07:40:06 +0300] "GET /wp-json/wp/v2/pages/263 HTTP/1.1" 200 32762 "-" "AteveSearchSourceUrlDiscovery/0.1 (+mailto:crawler@example.com)"
137.131.61.214 - - [31/Aug/2026:07:40:07 +0300] "GET /?p=263 HTTP/1.1" 301 5565 "-" "AteveSearchSourceUrlDiscovery/0.1 (+mailto:crawler@example.com)"
138.197.193.77 - - [31/Aug/2026:07:40:08 +0300] "POST /wp-login.php HTTP/1.1" 403 6220 "-" "Mozilla/5.0"
137.131.61.214 - - [31/Aug/2026:07:40:09 +0300] "GET /portfolio-3-columns/ HTTP/1.1" 200 88524 "-" "AteveSearchSourceUrlDiscovery/0.1 (+mailto:crawler@example.com)"
137.131.61.214 - - [31/Aug/2026:07:40:11 +0300] "GET /wp-json/oembed/1.0/embed?url=https://ajutam.ro/grid-gallery/ HTTP/1.1" 200 7869 "-" "AteveSearchSourceUrlDiscovery/0.1 (+mailto:crawler@example.com)"
83.99.206.54 - - [31/Aug/2026:07:40:13 +0300] "GET /events/list/?tribe-bar-date=2025-11-26 HTTP/1.1" 200 97672 "-" "Mozilla/5.0 (X11; Linux x86_64) AppleWebKit/537.36 (KHTML, like Gecko; GeedoShopProductFinder) Chrome/142.0.0.0 Safari/537.36"
137.131.61.214 - - [31/Aug/2026:07:40:14 +0300] "GET /wp-json/wp/v2/pages/452 HTTP/1.1" 200 69255 "-" "AteveSearchSourceUrlDiscovery/0.1 (+mailto:crawler@example.com)"
137.131.61.214 - - [31/Aug/2026:07:40:15 +0300] "GET /?p=452 HTTP/1.1" 301 5558 "-" "AteveSearchSourceUrlDiscovery/0.1 (+mailto:crawler@example.com)"
137.131.61.214 - - [31/Aug/2026:07:40:17 +0300] "GET /grid-gallery/ HTTP/1.1" 200 126062 "-" "AteveSearchSourceUrlDiscovery/0.1 (+mailto:crawler@example.com)"
137.131.61.214 - - [31/Aug/2026:07:40:19 +0300] "GET /wp-json/oembed/1.0/embed?url=https://ajutam.ro/cobbles-gallery/ HTTP/1.1" 200 7884 "-" "AteveSearchSourceUrlDiscovery/0.1 (+mailto:crawler@example.com)"
137.131.61.214 - - [31/Aug/2026:07:40:21 +0300] "GET /wp-json/wp/v2/pages/454 HTTP/1.1" 200 69587 "-" "AteveSearchSourceUrlDiscovery/0.1 (+mailto:crawler@example.com)"
89.39.7.190 - - [31/Aug/2026:07:40:23 +0300] "POST /wp-cron.php?doing_wp_cron=1788151223.2179501056671142578125 HTTP/1.1" 200 5455 "-" "WordPress/6.9.7; https://ajutam.ro"
137.131.61.214 - - [31/Aug/2026:07:40:22 +0300] "GET /?p=454 HTTP/1.1" 301 5561 "-" "AteveSearchSourceUrlDiscovery/0.1 (+mailto:crawler@example.com)"
137.131.61.214 - - [31/Aug/2026:07:40:24 +0300] "GET /cobbles-gallery/ HTTP/1.1" 200 126367 "-" "AteveSearchSourceUrlDiscovery/0.1 (+mailto:crawler@example.com)"
137.131.61.214 - - [31/Aug/2026:07:40:25 +0300] "GET /wp-json/oembed/1.0/embed?url=https://ajutam.ro/masonry-gallery/ HTTP/1.1" 200 7884 "-" "AteveSearchSourceUrlDiscovery/0.1 (+mailto:crawler@example.com)"
137.131.61.214 - - [31/Aug/2026:07:40:29 +0300] "GET /wp-json/wp/v2/pages/459 HTTP/1.1" 200 67962 "-" "AteveSearchSourceUrlDiscovery/0.1 (+mailto:crawler@example.com)"
137.131.61.214 - - [31/Aug/2026:07:40:30 +0300] "GET /?p=459 HTTP/1.1" 301 5561 "-" "AteveSearchSourceUrlDiscovery/0.1 (+mailto:crawler@example.com)"
137.131.61.214 - - [31/Aug/2026:07:40:32 +0300] "GET /masonry-gallery/ HTTP/1.1" 200 124773 "-" "AteveSearchSourceUrlDiscovery/0.1 (+mailto:crawler@example.com)"
83.99.206.151 - - [31/Aug/2026:07:40:32 +0300] "GET /events/2026-03-21/ HTTP/1.1" 200 95020 "-" "Mozilla/5.0 (X11; Linux x86_64) AppleWebKit/537.36 (KHTML, like Gecko; GeedoShopProductFinder) Chrome/142.0.0.0 Safari/537.36"
137.131.61.214 - - [31/Aug/2026:07:40:34 +0300] "GET /wp-json/oembed/1.0/embed?url=https://ajutam.ro/partners/ HTTP/1.1" 200 7849 "-" "AteveSearchSourceUrlDiscovery/0.1 (+mailto:crawler@example.com)"
137.131.61.214 - - [31/Aug/2026:07:40:36 +0300] "GET /wp-json/wp/v2/pages/503 HTTP/1.1" 200 10365 "-" "AteveSearchSourceUrlDiscovery/0.1 (+mailto:crawler@example.com)"
137.131.61.214 - - [31/Aug/2026:07:40:38 +0300] "GET /?p=503 HTTP/1.1" 301 5554 "-" "AteveSearchSourceUrlDiscovery/0.1 (+mailto:crawler@example.com)"
137.131.61.214 - - [31/Aug/2026:07:40:40 +0300] "GET /partners/ HTTP/1.1" 200 68461 "-" "AteveSearchSourceUrlDiscovery/0.1 (+mailto:crawler@example.com)"
137.131.61.214 - - [31/Aug/2026:07:40:41 +0300] "GET /wp-json/oembed/1.0/embed?url=https://ajutam.ro/cart/ HTTP/1.1" 200 7829 "-" "AteveSearchSourceUrlDiscovery/0.1 (+mailto:crawler@example.com)"
137.131.61.214 - - [31/Aug/2026:07:40:45 +0300] "GET /wp-json/wp/v2/pages/689 HTTP/1.1" 200 7036 "-" "AteveSearchSourceUrlDiscovery/0.1 (+mailto:crawler@example.com)"
137.131.61.214 - - [31/Aug/2026:07:40:46 +0300] "GET /?p=689 HTTP/1.1" 301 5550 "-" "AteveSearchSourceUrlDiscovery/0.1 (+mailto:crawler@example.com)"
137.131.61.214 - - [31/Aug/2026:07:40:48 +0300] "GET /cart/ HTTP/1.1" 200 126256 "-" "AteveSearchSourceUrlDiscovery/0.1 (+mailto:crawler@example.com)"
137.131.61.214 - - [31/Aug/2026:07:40:49 +0300] "GET /wp-json/oembed/1.0/embed?url=https://ajutam.ro/my-account/ HTTP/1.1" 200 7859 "-" "AteveSearchSourceUrlDiscovery/0.1 (+mailto:crawler@example.com)"
137.131.61.214 - - [31/Aug/2026:07:40:52 +0300] "GET /wp-json/wp/v2/pages/691 HTTP/1.1" 200 7100 "-" "AteveSearchSourceUrlDiscovery/0.1 (+mailto:crawler@example.com)"
83.99.206.44 - - [31/Aug/2026:07:40:52 +0300] "GET /events/list/?tribe-bar-date=2026-04-19 HTTP/1.1" 200 97639 "-" "Mozilla/5.0 (X11; Linux x86_64) AppleWebKit/537.36 (KHTML, like Gecko; GeedoShopProductFinder) Chrome/142.0.0.0 Safari/537.36"
137.131.61.214 - - [31/Aug/2026:07:40:53 +0300] "GET /?p=691 HTTP/1.1" 301 5556 "-" "AteveSearchSourceUrlDiscovery/0.1 (+mailto:crawler@example.com)"
137.131.61.214 - - [31/Aug/2026:07:40:55 +0300] "GET /my-account/ HTTP/1.1" 200 70259 "-" "AteveSearchSourceUrlDiscovery/0.1 (+mailto:crawler@example.com)"
207.154.219.81 - - [31/Aug/2026:07:41:16 +0300] "POST /wp-login.php HTTP/1.1" 403 6220 "-" "Mozilla/5.0"
89.39.7.190 - - [31/Aug/2026:07:41:29 +0300] "POST /wp-cron.php?doing_wp_cron=1788151289.0710239410400390625000 HTTP/1.1" 200 5455 "-" "WordPress/6.9.7; https://ajutam.ro"
137.131.61.214 - - [31/Aug/2026:07:41:28 +0300] "GET /my-account/lost-password/ HTTP/1.1" 200 69860 "-" "AteveSearchSourceUrlDiscovery/0.1 (+mailto:crawler@example.com)"
137.131.61.214 - - [31/Aug/2026:07:41:29 +0300] "GET /?p=691 HTTP/1.1" 301 5556 "-" "AteveSearchSourceUrlDiscovery/0.1 (+mailto:crawler@example.com)"
137.131.61.214 - - [31/Aug/2026:07:41:30 +0300] "GET /my-account/ HTTP/1.1" 200 70259 "-" "AteveSearchSourceUrlDiscovery/0.1 (+mailto:crawler@example.com)"
137.131.61.214 - - [31/Aug/2026:07:41:34 +0300] "GET /wp-json/oembed/1.0/embed?url=https://ajutam.ro/home-3/ HTTP/1.1" 200 7839 "-" "AteveSearchSourceUrlDiscovery/0.1 (+mailto:crawler@example.com)"
137.131.61.214 - - [31/Aug/2026:07:41:36 +0300] "GET /wp-json/wp/v2/pages/763 HTTP/1.1" 200 37197 "-" "AteveSearchSourceUrlDiscovery/0.1 (+mailto:crawler@example.com)"
137.131.61.214 - - [31/Aug/2026:07:41:41 +0300] "GET /?p=763 HTTP/1.1" 301 5552 "-" "AteveSearchSourceUrlDiscovery/0.1 (+mailto:crawler@example.com)"
137.131.61.214 - - [31/Aug/2026:07:41:43 +0300] "GET /wp-json/oembed/1.0/embed?url=https://ajutam.ro/home-4-boxed/ HTTP/1.1" 200 7875 "-" "AteveSearchSourceUrlDiscovery/0.1 (+mailto:crawler@example.com)"
137.131.61.214 - - [31/Aug/2026:07:41:44 +0300] "GET /home-3/ HTTP/1.1" 200 106425 "-" "AteveSearchSourceUrlDiscovery/0.1 (+mailto:crawler@example.com)"
89.39.7.190 - - [31/Aug/2026:07:43:02 +0300] "POST /wp-cron.php?doing_wp_cron=1788151382.7906019687652587890625 HTTP/1.1" 200 5455 "-" "WordPress/6.9.7; https://ajutam.ro"
83.99.206.116 - - [31/Aug/2026:07:43:02 +0300] "GET /events/list/?tribe-bar-date=2027-07-29 HTTP/1.1" 200 97664 "-" "Mozilla/5.0 (X11; Linux x86_64) AppleWebKit/537.36 (KHTML, like Gecko; GeedoShopProductFinder) Chrome/142.0.0.0 Safari/537.36"
83.99.206.116 - - [31/Aug/2026:07:43:22 +0300] "GET /events/list/?tribe-bar-date=2026-01-22&eventDisplay=past HTTP/1.1" 200 125724 "-" "Mozilla/5.0 (X11; Linux x86_64) AppleWebKit/537.36 (KHTML, like Gecko; GeedoShopProductFinder) Chrome/142.0.0.0 Safari/537.36"
89.39.7.190 - - [31/Aug/2026:07:43:43 +0300] "POST /wp-cron.php?doing_wp_cron=1788151423.5557460784912109375000 HTTP/1.1" 200 5455 "-" "WordPress/6.9.7; https://ajutam.ro"
83.99.206.116 - - [31/Aug/2026:07:43:43 +0300] "GET /events/list/?tribe-bar-date=2026-04-16 HTTP/1.1" 200 97637 "-" "Mozilla/5.0 (X11; Linux x86_64) AppleWebKit/537.36 (KHTML, like Gecko; GeedoShopProductFinder) Chrome/142.0.0.0 Safari/537.36"
83.99.206.116 - - [31/Aug/2026:07:44:02 +0300] "GET /events/list/?tribe-bar-date=2026-09-20&eventDisplay=past HTTP/1.1" 200 125709 "-" "Mozilla/5.0 (X11; Linux x86_64) AppleWebKit/537.36 (KHTML, like Gecko; GeedoShopProductFinder) Chrome/142.0.0.0 Safari/537.36"
89.39.7.190 - - [31/Aug/2026:07:44:23 +0300] "POST /wp-cron.php?doing_wp_cron=1788151463.4985868930816650390625 HTTP/1.1" 200 5455 "-" "WordPress/6.9.7; https://ajutam.ro"
83.99.206.116 - - [31/Aug/2026:07:44:22 +0300] "GET /events/list/?tribe-bar-date=2026-06-12&eventDisplay=past HTTP/1.1" 200 125705 "-" "Mozilla/5.0 (X11; Linux x86_64) AppleWebKit/537.36 (KHTML, like Gecko; GeedoShopProductFinder) Chrome/142.0.0.0 Safari/537.36"
83.99.206.116 - - [31/Aug/2026:07:44:42 +0300] "GET /events/list/?tribe-bar-date=2027-07-30 HTTP/1.1" 200 97664 "-" "Mozilla/5.0 (X11; Linux x86_64) AppleWebKit/537.36 (KHTML, like Gecko; GeedoShopProductFinder) Chrome/142.0.0.0 Safari/537.36"
89.39.7.190 - - [31/Aug/2026:07:45:39 +0300] "POST /wp-cron.php?doing_wp_cron=1788151539.0699560642242431640625 HTTP/1.1" 200 5455 "-" "WordPress/6.9.7; https://ajutam.ro"
79.137.67.84 - - [31/Aug/2026:07:45:38 +0300] "GET /robots.txt HTTP/1.1" 200 5675 "-" "Mozilla/5.0 (compatible; MJ12bot/v1.4.8; http://mj12bot.com/)"
79.137.67.84 - - [31/Aug/2026:07:45:40 +0300] "GET /events/2045-08-05/ HTTP/1.1" 200 95001 "-" "Mozilla/5.0 (compatible; MJ12bot/v1.4.8; http://mj12bot.com/)"
79.137.67.84 - - [31/Aug/2026:07:45:42 +0300] "GET /events/2045-09-05/ HTTP/1.1" 200 95014 "-" "Mozilla/5.0 (compatible; MJ12bot/v1.4.8; http://mj12bot.com/)"
79.137.67.84 - - [31/Aug/2026:07:45:44 +0300] "GET /events/2045-10-07/ HTTP/1.1" 200 95012 "-" "Mozilla/5.0 (compatible; MJ12bot/v1.4.8; http://mj12bot.com/)"
79.137.67.84 - - [31/Aug/2026:07:45:46 +0300] "GET /events/2045-11-07/ HTTP/1.1" 200 95007 "-" "Mozilla/5.0 (compatible; MJ12bot/v1.4.8; http://mj12bot.com/)"
79.137.67.84 - - [31/Aug/2026:07:45:48 +0300] "GET /events/2046-01-10/ HTTP/1.1" 200 95014 "-" "Mozilla/5.0 (compatible; MJ12bot/v1.4.8; http://mj12bot.com/)"
79.137.67.84 - - [31/Aug/2026:07:45:50 +0300] "GET /events/2047-04-04/ HTTP/1.1" 200 94999 "-" "Mozilla/5.0 (compatible; MJ12bot/v1.4.8; http://mj12bot.com/)"
79.137.67.84 - - [31/Aug/2026:07:45:52 +0300] "GET /events/2047-04-12/ HTTP/1.1" 200 94996 "-" "Mozilla/5.0 (compatible; MJ12bot/v1.4.8; http://mj12bot.com/)"
79.137.67.84 - - [31/Aug/2026:07:45:54 +0300] "GET /events/2047-04-21/ HTTP/1.1" 200 95010 "-" "Mozilla/5.0 (compatible; MJ12bot/v1.4.8; http://mj12bot.com/)"
79.137.67.84 - - [31/Aug/2026:07:45:56 +0300] "GET /events/2047-05-04/ HTTP/1.1" 200 95002 "-" "Mozilla/5.0 (compatible; MJ12bot/v1.4.8; http://mj12bot.com/)"
79.137.67.84 - - [31/Aug/2026:07:45:58 +0300] "GET /events/2047-06-04/ HTTP/1.1" 200 95004 "-" "Mozilla/5.0 (compatible; MJ12bot/v1.4.8; http://mj12bot.com/)"
79.137.67.84 - - [31/Aug/2026:07:46:00 +0300] "GET /events/2047-07-06/ HTTP/1.1" 200 94997 "-" "Mozilla/5.0 (compatible; MJ12bot/v1.4.8; http://mj12bot.com/)"
89.39.7.190 - - [31/Aug/2026:07:46:29 +0300] "POST /wp-cron.php?doing_wp_cron=1788151588.9658200740814208984375 HTTP/1.1" 200 5455 "-" "WordPress/6.9.7; https://ajutam.ro"
34.194.95.99 - - [31/Aug/2026:07:46:28 +0300] "GET /events/month/2030-12/ HTTP/1.1" 200 211718 "-" "Mozilla/5.0 AppleWebKit/537.36 (KHTML, like Gecko; compatible; Amazonbot/0.1; +https://developer.amazon.com/support/amazonbot) Chrome/119.0.6045.214 Safari/537.36"
83.99.206.228 - - [31/Aug/2026:07:46:51 +0300] "GET /events/list/?tribe-bar-date=2026-10-21&eventDisplay=past HTTP/1.1" 200 125730 "-" "Mozilla/5.0 (X11; Linux x86_64) AppleWebKit/537.36 (KHTML, like Gecko; GeedoShopProductFinder) Chrome/142.0.0.0 Safari/537.36"
83.99.206.228 - - [31/Aug/2026:07:47:14 +0300] "GET /events/list/?tribe-bar-date=2025-11-01&eventDisplay=past HTTP/1.1" 200 125717 "-" "Mozilla/5.0 (X11; Linux x86_64) AppleWebKit/537.36 (KHTML, like Gecko; GeedoShopProductFinder) Chrome/142.0.0.0 Safari/537.36"
89.39.7.190 - - [31/Aug/2026:07:47:34 +0300] "POST /wp-cron.php?doing_wp_cron=1788151654.7514441013336181640625 HTTP/1.1" 200 5455 "-" "WordPress/6.9.7; https://ajutam.ro"
83.99.206.228 - - [31/Aug/2026:07:47:34 +0300] "GET /events/2027-07-27/ HTTP/1.1" 200 95018 "-" "Mozilla/5.0 (X11; Linux x86_64) AppleWebKit/537.36 (KHTML, like Gecko; GeedoShopProductFinder) Chrome/142.0.0.0 Safari/537.36"
83.99.206.228 - - [31/Aug/2026:07:47:54 +0300] "GET /events/list/?tribe-bar-date=2025-08-25&eventDisplay=past HTTP/1.1" 200 125764 "-" "Mozilla/5.0 (X11; Linux x86_64) AppleWebKit/537.36 (KHTML, like Gecko; GeedoShopProductFinder) Chrome/142.0.0.0 Safari/537.36"
138.197.193.77 - - [31/Aug/2026:07:48:14 +0300] "POST /wp-login.php HTTP/1.1" 403 6220 "-" "Mozilla/5.0"
89.39.7.190 - - [31/Aug/2026:07:48:16 +0300] "POST /wp-cron.php?doing_wp_cron=1788151695.9533250331878662109375 HTTP/1.1" 200 5455 "-" "WordPress/6.9.7; https://ajutam.ro"
83.99.206.228 - - [31/Aug/2026:07:48:15 +0300] "GET /events/2025-10-28/ HTTP/1.1" 200 95026 "-" "Mozilla/5.0 (X11; Linux x86_64) AppleWebKit/537.36 (KHTML, like Gecko; GeedoShopProductFinder) Chrome/142.0.0.0 Safari/537.36"
207.154.219.81 - - [31/Aug/2026:07:48:20 +0300] "POST /wp-login.php HTTP/1.1" 403 6220 "-" "Mozilla/5.0"
89.39.7.190 - - [31/Aug/2026:07:48:38 +0300] "POST /wp-cron.php?doing_wp_cron=1788151718.1335959434509277343750 HTTP/1.1" 200 5455 "-" "WordPress/6.9.7; https://ajutam.ro"
83.99.206.228 - - [31/Aug/2026:07:48:37 +0300] "GET /events/list/?tribe-bar-date=2027-04-24 HTTP/1.1" 200 97663 "-" "Mozilla/5.0 (X11; Linux x86_64) AppleWebKit/537.36 (KHTML, like Gecko; GeedoShopProductFinder) Chrome/142.0.0.0 Safari/537.36"
89.39.7.190 - - [31/Aug/2026:07:49:45 +0300] "POST /wp-cron.php?doing_wp_cron=1788151785.0364320278167724609375 HTTP/1.1" 200 5455 "-" "WordPress/6.9.7; https://ajutam.ro"
216.244.66.248 - - [31/Aug/2026:07:49:44 +0300] "GET /events/2038-06-22/ HTTP/1.1" 200 95001 "-" "Mozilla/5.0 (compatible; DotBot/1.2; +https://opensiteexplorer.org/dotbot; help@moz.com)"
40.77.167.157 - - [31/Aug/2026:07:50:10 +0300] "GET /wp-sitemap-taxonomies-product_cat-1.xml HTTP/1.1" 200 5841 "-" "Mozilla/5.0 AppleWebKit/537.36 (KHTML, like Gecko; compatible; bingbot/2.0; +http://www.bing.com/bingbot.htm) Chrome/116.0.1938.76 Safari/537.36"
85.208.96.196 - - [31/Aug/2026:07:50:13 +0300] "GET /events/2023-11-09/ HTTP/1.1" 200 95007 "-" "Mozilla/5.0 (compatible; SemrushBot/7~bl; +http://www.semrush.com/bot.html)"
89.39.7.190 - - [31/Aug/2026:07:50:36 +0300] "POST /wp-cron.php?doing_wp_cron=1788151836.6799259185791015625000 HTTP/1.1" 200 5455 "-" "WordPress/6.9.7; https://ajutam.ro"
216.244.66.248 - - [31/Aug/2026:07:50:36 +0300] "GET /events/2022-01-28/ HTTP/1.1" 200 95671 "-" "Mozilla/5.0 (compatible; DotBot/1.2; +https://opensiteexplorer.org/dotbot; help@moz.com)"
216.244.66.248 - - [31/Aug/2026:07:50:41 +0300] "GET /events/2029-04-19/ HTTP/1.1" 200 94998 "-" "Mozilla/5.0 (compatible; DotBot/1.2; +https://opensiteexplorer.org/dotbot; help@moz.com)"
216.244.66.248 - - [31/Aug/2026:07:50:47 +0300] "GET /events/2033-12-05/ HTTP/1.1" 200 95014 "-" "Mozilla/5.0 (compatible; DotBot/1.2; +https://opensiteexplorer.org/dotbot; help@moz.com)"
216.244.66.248 - - [31/Aug/2026:07:50:52 +0300] "GET /events/2034-05-17/ HTTP/1.1" 200 94992 "-" "Mozilla/5.0 (compatible; DotBot/1.2; +https://opensiteexplorer.org/dotbot; help@moz.com)"
