47.79.206.72 - - [31/Aug/2026:07:04:16 +0300] "GET /events/list/?eventDisplay=past&tribe-bar-date=2026-08-06 HTTP/1.1" 200 125734 "https://www.google.com/" "Mozilla/5.0 (Windows NT 10.0; Win64; x64) AppleWebKit/537.36 (KHTML, like Gecko) Chrome/132.0.0.0 Safari/537.36"
89.39.7.190 - - [31/Aug/2026:07:05:43 +0300] "POST /wp-cron.php?doing_wp_cron=1788149142.9315719604492187500000 HTTP/1.1" 200 5455 "-" "WordPress/6.9.7; https://ajutam.ro"
83.99.206.118 - - [31/Aug/2026:07:05:42 +0300] "GET /events/2027-07-30/ HTTP/1.1" 200 95006 "-" "Mozilla/5.0 (X11; Linux x86_64) AppleWebKit/537.36 (KHTML, like Gecko; GeedoShopProductFinder) Chrome/142.0.0.0 Safari/537.36"
129.213.185.111 - - [31/Aug/2026:07:05:49 +0300] "GET /wp-json/wp/v2/users/me HTTP/1.1" 401 5810 "-" "129.213.185.111"
83.99.206.118 - - [31/Aug/2026:07:06:02 +0300] "GET /events/2026-11-25/ HTTP/1.1" 200 95028 "-" "Mozilla/5.0 (X11; Linux x86_64) AppleWebKit/537.36 (KHTML, like Gecko; GeedoShopProductFinder) Chrome/142.0.0.0 Safari/537.36"
89.39.7.190 - - [31/Aug/2026:07:06:23 +0300] "POST /wp-cron.php?doing_wp_cron=1788149183.4108641147613525390625 HTTP/1.1" 200 5455 "-" "WordPress/6.9.7; https://ajutam.ro"
83.99.206.118 - - [31/Aug/2026:07:06:22 +0300] "GET /events/2026-10-21/ HTTP/1.1" 200 95014 "-" "Mozilla/5.0 (X11; Linux x86_64) AppleWebKit/537.36 (KHTML, like Gecko; GeedoShopProductFinder) Chrome/142.0.0.0 Safari/537.36"
216.244.66.248 - - [31/Aug/2026:07:06:38 +0300] "GET /events/2036-07-25/ HTTP/1.1" 200 95008 "-" "Mozilla/5.0 (compatible; DotBot/1.2; +https://opensiteexplorer.org/dotbot; help@moz.com)"
85.208.96.212 - - [31/Aug/2026:07:06:42 +0300] "GET /events/2024-08-01/ HTTP/1.1" 200 95001 "-" "Mozilla/5.0 (compatible; SemrushBot/7~bl; +http://www.semrush.com/bot.html)"
83.99.206.118 - - [31/Aug/2026:07:06:42 +0300] "GET /events/list/?tribe-bar-date=2025-08-25 HTTP/1.1" 200 97672 "-" "Mozilla/5.0 (X11; Linux x86_64) AppleWebKit/537.36 (KHTML, like Gecko; GeedoShopProductFinder) Chrome/142.0.0.0 Safari/537.36"
207.154.219.81 - - [31/Aug/2026:07:06:43 +0300] "POST /wp-login.php HTTP/1.1" 403 6220 "-" "Mozilla/5.0"
83.99.206.118 - - [31/Aug/2026:07:07:02 +0300] "GET /events/list/?tribe-bar-date=2027-01-28&eventDisplay=past HTTP/1.1" 200 125744 "-" "Mozilla/5.0 (X11; Linux x86_64) AppleWebKit/537.36 (KHTML, like Gecko; GeedoShopProductFinder) Chrome/142.0.0.0 Safari/537.36"
216.244.66.248 - - [31/Aug/2026:07:07:21 +0300] "GET /events/2028-12-16/ HTTP/1.1" 200 95018 "-" "Mozilla/5.0 (compatible; DotBot/1.2; +https://opensiteexplorer.org/dotbot; help@moz.com)"
89.39.7.190 - - [31/Aug/2026:07:07:23 +0300] "POST /wp-cron.php?doing_wp_cron=1788149243.2035489082336425781250 HTTP/1.1" 200 5455 "-" "WordPress/6.9.7; https://ajutam.ro"
83.99.206.71 - - [31/Aug/2026:07:07:22 +0300] "GET /events/list/?tribe-bar-date=2026-05-22 HTTP/1.1" 200 97629 "-" "Mozilla/5.0 (X11; Linux x86_64) AppleWebKit/537.36 (KHTML, like Gecko; GeedoShopProductFinder) Chrome/142.0.0.0 Safari/537.36"
216.244.66.248 - - [31/Aug/2026:07:07:26 +0300] "GET /events/2032-11-11/ HTTP/1.1" 200 95018 "-" "Mozilla/5.0 (compatible; DotBot/1.2; +https://opensiteexplorer.org/dotbot; help@moz.com)"
216.244.66.248 - - [31/Aug/2026:07:07:31 +0300] "GET /events/2034-09-17/ HTTP/1.1" 200 95006 "-" "Mozilla/5.0 (compatible; DotBot/1.2; +https://opensiteexplorer.org/dotbot; help@moz.com)"
216.244.66.248 - - [31/Aug/2026:07:07:35 +0300] "GET /events/2036-07-19/ HTTP/1.1" 200 95008 "-" "Mozilla/5.0 (compatible; DotBot/1.2; +https://opensiteexplorer.org/dotbot; help@moz.com)"
138.197.193.77 - - [31/Aug/2026:07:07:38 +0300] "POST /wp-login.php HTTP/1.1" 403 6220 "-" "Mozilla/5.0"
47.79.206.220 - - [31/Aug/2026:07:07:41 +0300] "GET /events/list/?tribe-bar-date=2026-04-27 HTTP/1.1" 200 97647 "https://www.google.com/" "Mozilla/5.0 (Linux; Android 10; K) AppleWebKit/537.36 (KHTML, like Gecko) Chrome/133.0.0.0 Mobile Safari/537.36"
216.244.66.248 - - [31/Aug/2026:07:07:45 +0300] "GET /events/2036-09-25/ HTTP/1.1" 200 95018 "-" "Mozilla/5.0 (compatible; DotBot/1.2; +https://opensiteexplorer.org/dotbot; help@moz.com)"
47.79.206.242 - - [31/Aug/2026:07:08:05 +0300] "GET /events/list/?eventDisplay=past&ical=1&tribe-bar-date=2026-08-07 HTTP/1.1" 200 17486 "https://www.google.com/" "Mozilla/5.0 (Linux; Android 10; K) AppleWebKit/537.36 (KHTML, like Gecko) Chrome/132.0.0.0 Mobile Safari/537.36"
89.39.7.190 - - [31/Aug/2026:07:09:24 +0300] "POST /wp-cron.php?doing_wp_cron=1788149364.7841129302978515625000 HTTP/1.1" 200 5455 "-" "WordPress/6.9.7; https://ajutam.ro"
83.99.206.75 - - [31/Aug/2026:07:09:24 +0300] "GET /events/2026-08-11/ HTTP/1.1" 200 95022 "-" "Mozilla/5.0 (X11; Linux x86_64) AppleWebKit/537.36 (KHTML, like Gecko; GeedoShopProductFinder) Chrome/142.0.0.0 Safari/537.36"
83.99.206.215 - - [31/Aug/2026:07:09:45 +0300] "GET /events/2026-01-22/ HTTP/1.1" 200 95024 "-" "Mozilla/5.0 (X11; Linux x86_64) AppleWebKit/537.36 (KHTML, like Gecko; GeedoShopProductFinder) Chrome/142.0.0.0 Safari/537.36"
83.99.206.75 - - [31/Aug/2026:07:10:05 +0300] "GET /events/list/?tribe-bar-date=2026-08-19&eventDisplay=past HTTP/1.1" 200 125773 "-" "Mozilla/5.0 (X11; Linux x86_64) AppleWebKit/537.36 (KHTML, like Gecko; GeedoShopProductFinder) Chrome/142.0.0.0 Safari/537.36"
89.39.7.190 - - [31/Aug/2026:07:10:25 +0300] "POST /wp-cron.php?doing_wp_cron=1788149425.8526809215545654296875 HTTP/1.1" 200 5455 "-" "WordPress/6.9.7; https://ajutam.ro"
83.99.206.75 - - [31/Aug/2026:07:10:25 +0300] "GET /events/list/?tribe-bar-date=2025-08-29&eventDisplay=past HTTP/1.1" 200 125790 "-" "Mozilla/5.0 (X11; Linux x86_64) AppleWebKit/537.36 (KHTML, like Gecko; GeedoShopProductFinder) Chrome/142.0.0.0 Safari/537.36"
83.99.206.79 - - [31/Aug/2026:07:10:44 +0300] "GET /events/list/?tribe-bar-date=2027-03-26&eventDisplay=past HTTP/1.1" 200 125758 "-" "Mozilla/5.0 (X11; Linux x86_64) AppleWebKit/537.36 (KHTML, like Gecko; GeedoShopProductFinder) Chrome/142.0.0.0 Safari/537.36"
83.99.206.75 - - [31/Aug/2026:07:11:04 +0300] "GET /events/list/?tribe-bar-date=2027-04-25&eventDisplay=past HTTP/1.1" 200 125741 "-" "Mozilla/5.0 (X11; Linux x86_64) AppleWebKit/537.36 (KHTML, like Gecko; GeedoShopProductFinder) Chrome/142.0.0.0 Safari/537.36"
34.233.219.155 - - [31/Aug/2026:07:11:20 +0300] "GET /events/list/?eventDisplay=past&tribe-bar-date=2045-01-25 HTTP/1.1" 200 125765 "-" "Mozilla/5.0 AppleWebKit/537.36 (KHTML, like Gecko; compatible; Amazonbot/0.1; +https://developer.amazon.com/support/amazonbot) Chrome/119.0.6045.214 Safari/537.36"
89.39.7.190 - - [31/Aug/2026:07:13:08 +0300] "POST /wp-cron.php?doing_wp_cron=1788149587.8807129859924316406250 HTTP/1.1" 200 5455 "-" "WordPress/6.9.7; https://ajutam.ro"
83.99.206.116 - - [31/Aug/2026:07:13:07 +0300] "GET /events/2026-07-17/ HTTP/1.1" 200 95018 "-" "Mozilla/5.0 (X11; Linux x86_64) AppleWebKit/537.36 (KHTML, like Gecko; GeedoShopProductFinder) Chrome/142.0.0.0 Safari/537.36"
89.39.7.190 - - [31/Aug/2026:07:13:28 +0300] "POST /wp-cron.php?doing_wp_cron=1788149607.9090840816497802734375 HTTP/1.1" 200 5455 "-" "WordPress/6.9.7; https://ajutam.ro"
83.99.206.116 - - [31/Aug/2026:07:13:27 +0300] "GET /events/list/?tribe-bar-date=2025-08-26&eventDisplay=past HTTP/1.1" 200 125734 "-" "Mozilla/5.0 (X11; Linux x86_64) AppleWebKit/537.36 (KHTML, like Gecko; GeedoShopProductFinder) Chrome/142.0.0.0 Safari/537.36"
207.154.219.81 - - [31/Aug/2026:07:13:31 +0300] "POST /wp-login.php HTTP/1.1" 403 6220 "-" "Mozilla/5.0"
83.99.206.116 - - [31/Aug/2026:07:13:47 +0300] "GET /events/list/?tribe-bar-date=2026-09-21 HTTP/1.1" 200 97655 "-" "Mozilla/5.0 (X11; Linux x86_64) AppleWebKit/537.36 (KHTML, like Gecko; GeedoShopProductFinder) Chrome/142.0.0.0 Safari/537.36"
83.99.206.96 - - [31/Aug/2026:07:14:07 +0300] "GET /events/list/?tribe-bar-date=2026-07-18 HTTP/1.1" 200 97640 "-" "Mozilla/5.0 (X11; Linux x86_64) AppleWebKit/537.36 (KHTML, like Gecko; GeedoShopProductFinder) Chrome/142.0.0.0 Safari/537.36"
89.39.7.190 - - [31/Aug/2026:07:14:28 +0300] "POST /wp-cron.php?doing_wp_cron=1788149668.6678040027618408203125 HTTP/1.1" 200 5455 "-" "WordPress/6.9.7; https://ajutam.ro"
83.99.206.106 - - [31/Aug/2026:07:14:28 +0300] "GET /events/list/?tribe-bar-date=2027-02-16&eventDisplay=past HTTP/1.1" 200 125767 "-" "Mozilla/5.0 (X11; Linux x86_64) AppleWebKit/537.36 (KHTML, like Gecko; GeedoShopProductFinder) Chrome/142.0.0.0 Safari/537.36"
83.99.206.116 - - [31/Aug/2026:07:14:48 +0300] "GET /events/list/?tribe-bar-date=2026-04-18&eventDisplay=past HTTP/1.1" 200 125725 "-" "Mozilla/5.0 (X11; Linux x86_64) AppleWebKit/537.36 (KHTML, like Gecko; GeedoShopProductFinder) Chrome/142.0.0.0 Safari/537.36"
138.197.193.77 - - [31/Aug/2026:07:15:45 +0300] "POST /wp-login.php HTTP/1.1" 403 6220 "-" "Mozilla/5.0"
89.39.7.190 - - [31/Aug/2026:07:16:49 +0300] "POST /wp-cron.php?doing_wp_cron=1788149809.1636860370635986328125 HTTP/1.1" 200 5455 "-" "WordPress/6.9.7; https://ajutam.ro"
83.99.206.143 - - [31/Aug/2026:07:16:48 +0300] "GET /events/list/?tribe-bar-date=2027-02-15 HTTP/1.1" 200 97666 "-" "Mozilla/5.0 (X11; Linux x86_64) AppleWebKit/537.36 (KHTML, like Gecko; GeedoShopProductFinder) Chrome/142.0.0.0 Safari/537.36"
83.99.206.143 - - [31/Aug/2026:07:17:08 +0300] "GET /events/list/?tribe-bar-date=2026-09-21&eventDisplay=past HTTP/1.1" 200 125710 "-" "Mozilla/5.0 (X11; Linux x86_64) AppleWebKit/537.36 (KHTML, like Gecko; GeedoShopProductFinder) Chrome/142.0.0.0 Safari/537.36"
85.208.96.194 - - [31/Aug/2026:07:17:15 +0300] "GET /events/2024-06-08/ HTTP/1.1" 200 95004 "-" "Mozilla/5.0 (compatible; SemrushBot/7~bl; +http://www.semrush.com/bot.html)"
89.39.7.190 - - [31/Aug/2026:07:17:29 +0300] "POST /wp-cron.php?doing_wp_cron=1788149848.9069499969482421875000 HTTP/1.1" 200 5455 "-" "WordPress/6.9.7; https://ajutam.ro"
83.99.206.143 - - [31/Aug/2026:07:17:28 +0300] "GET /events/list/?tribe-bar-date=2026-02-20&eventDisplay=past HTTP/1.1" 200 125745 "-" "Mozilla/5.0 (X11; Linux x86_64) AppleWebKit/537.36 (KHTML, like Gecko; GeedoShopProductFinder) Chrome/142.0.0.0 Safari/537.36"
52.167.144.18 - - [31/Aug/2026:07:17:33 +0300] "GET /wp-sitemap-posts-give_forms-1.xml HTTP/1.1" 200 6282 "-" "Mozilla/5.0 AppleWebKit/537.36 (KHTML, like Gecko; compatible; bingbot/2.0; +http://www.bing.com/bingbot.htm) Chrome/116.0.1938.76 Safari/537.36"
83.99.206.143 - - [31/Aug/2026:07:17:48 +0300] "GET /events/list/?tribe-bar-date=2027-06-27&eventDisplay=past HTTP/1.1" 200 125709 "-" "Mozilla/5.0 (X11; Linux x86_64) AppleWebKit/537.36 (KHTML, like Gecko; GeedoShopProductFinder) Chrome/142.0.0.0 Safari/537.36"
83.99.206.143 - - [31/Aug/2026:07:18:08 +0300] "GET /events/list/?tribe-bar-date=2026-10-21 HTTP/1.1" 200 97651 "-" "Mozilla/5.0 (X11; Linux x86_64) AppleWebKit/537.36 (KHTML, like Gecko; GeedoShopProductFinder) Chrome/142.0.0.0 Safari/537.36"
89.39.7.190 - - [31/Aug/2026:07:18:29 +0300] "POST /wp-cron.php?doing_wp_cron=1788149909.8802349567413330078125 HTTP/1.1" 200 5455 "-" "WordPress/6.9.7; https://ajutam.ro"
83.99.206.165 - - [31/Aug/2026:07:18:29 +0300] "GET /events/list/?tribe-bar-date=2026-07-18&eventDisplay=past HTTP/1.1" 200 125720 "-" "Mozilla/5.0 (X11; Linux x86_64) AppleWebKit/537.36 (KHTML, like Gecko; GeedoShopProductFinder) Chrome/142.0.0.0 Safari/537.36"
89.39.7.190 - - [31/Aug/2026:07:19:43 +0300] "POST /wp-cron.php?doing_wp_cron=1788149983.8027930259704589843750 HTTP/1.1" 200 5455 "-" "WordPress/6.9.7; https://ajutam.ro"
85.208.96.205 - - [31/Aug/2026:07:19:43 +0300] "GET /robots.txt HTTP/1.1" 200 5675 "-" "Mozilla/5.0 (compatible; SemrushBot/7~bl; +http://www.semrush.com/bot.html)"
85.208.96.209 - - [31/Aug/2026:07:19:44 +0300] "GET /events/list/?tribe-bar-date=2022-05-12 HTTP/1.1" 200 107018 "-" "Mozilla/5.0 (compatible; SemrushBot/7~bl; +http://www.semrush.com/bot.html)"
69.84.4.146 - - [31/Aug/2026:07:20:14 +0300] "GET /robots.txt HTTP/1.1" 200 5675 "-" "ProlifyBusinessDiscovery/0.1 (+compliance-first; company-level research)"
69.84.4.146 - - [31/Aug/2026:07:20:15 +0300] "GET / HTTP/1.1" 200 102573 "-" "ProlifyBusinessDiscovery/0.1 (+compliance-first; company-level research)"
207.154.219.81 - - [31/Aug/2026:07:20:16 +0300] "POST /wp-login.php HTTP/1.1" 403 6220 "-" "Mozilla/5.0"
89.39.7.190 - - [31/Aug/2026:07:20:25 +0300] "POST /wp-cron.php?doing_wp_cron=1788150025.8812689781188964843750 HTTP/1.1" 200 5455 "-" "WordPress/6.9.7; https://ajutam.ro"
85.208.96.193 - - [31/Aug/2026:07:20:25 +0300] "GET /events/2024-08-09/ HTTP/1.1" 200 95001 "-" "Mozilla/5.0 (compatible; SemrushBot/7~bl; +http://www.semrush.com/bot.html)"
83.99.206.125 - - [31/Aug/2026:07:20:31 +0300] "GET /events/2027-01-27/ HTTP/1.1" 200 95017 "-" "Mozilla/5.0 (X11; Linux x86_64) AppleWebKit/537.36 (KHTML, like Gecko; GeedoShopProductFinder) Chrome/142.0.0.0 Safari/537.36"
154.218.252.56 - - [31/Aug/2026:07:20:33 +0300] "GET /events/2026-07-01/ HTTP/1.1" 200 95007 "-" "Mozilla/5.0 (Macintosh; Intel Mac OS X 12_5_0) AppleWebKit/537.36 (KHTML, like Gecko) Chrome/130.0.6723.69 Safari/537.36"
83.99.206.125 - - [31/Aug/2026:07:20:51 +0300] "GET /events/list/?tribe-bar-date=2027-04-26&eventDisplay=past HTTP/1.1" 200 125769 "-" "Mozilla/5.0 (X11; Linux x86_64) AppleWebKit/537.36 (KHTML, like Gecko; GeedoShopProductFinder) Chrome/142.0.0.0 Safari/537.36"
83.99.206.125 - - [31/Aug/2026:07:21:12 +0300] "GET /events/list/?tribe-bar-date=2027-05-28 HTTP/1.1" 200 97646 "-" "Mozilla/5.0 (X11; Linux x86_64) AppleWebKit/537.36 (KHTML, like Gecko; GeedoShopProductFinder) Chrome/142.0.0.0 Safari/537.36"
89.39.7.190 - - [31/Aug/2026:07:21:32 +0300] "POST /wp-cron.php?doing_wp_cron=1788150092.7607290744781494140625 HTTP/1.1" 200 5455 "-" "WordPress/6.9.7; https://ajutam.ro"
83.99.206.125 - - [31/Aug/2026:07:21:32 +0300] "GET /events/list/?tribe-bar-date=2026-04-23&eventDisplay=past HTTP/1.1" 200 125734 "-" "Mozilla/5.0 (X11; Linux x86_64) AppleWebKit/537.36 (KHTML, like Gecko; GeedoShopProductFinder) Chrome/142.0.0.0 Safari/537.36"
83.99.206.125 - - [31/Aug/2026:07:21:51 +0300] "GET /events/list/?tribe-bar-date=2027-06-25&eventDisplay=past HTTP/1.1" 200 125734 "-" "Mozilla/5.0 (X11; Linux x86_64) AppleWebKit/537.36 (KHTML, like Gecko; GeedoShopProductFinder) Chrome/142.0.0.0 Safari/537.36"
83.99.206.125 - - [31/Aug/2026:07:22:12 +0300] "GET /events/2027-02-11/ HTTP/1.1" 200 95026 "-" "Mozilla/5.0 (X11; Linux x86_64) AppleWebKit/537.36 (KHTML, like Gecko; GeedoShopProductFinder) Chrome/142.0.0.0 Safari/537.36"
91.84.111.146 - - [31/Aug/2026:07:22:14 +0300] "GET /american-humane-association/ HTTP/1.1" 200 72373 "https://ajutam.ro/american-humane-association/" "Mozilla/5.0 (Windows NT 10.0; Win64; x64) AppleWebKit/537.36 (KHTML, like Gecko) Chrome/130.0.0.0 Safari/537.36 CCleaner/130.0.0.0"
91.84.111.146 - - [31/Aug/2026:07:22:14 +0300] "POST /wp-comments-post.php HTTP/1.1" 302 6054 "https://ajutam.ro/american-humane-association/" "Mozilla/5.0 (Windows NT 10.0; Win64; x64) AppleWebKit/537.36 (KHTML, like Gecko) Chrome/130.0.0.0 Safari/537.36 CCleaner/130.0.0.0"
91.84.111.146 - - [31/Aug/2026:07:22:15 +0300] "GET /american-humane-association/ HTTP/1.1" 200 74389 "https://ajutam.ro/american-humane-association/#comment-15406" "Mozilla/5.0 (Windows NT 10.0; Win64; x64) AppleWebKit/537.36 (KHTML, like Gecko) Chrome/130.0.0.0 Safari/537.36 CCleaner/130.0.0.0"
138.197.193.77 - - [31/Aug/2026:07:23:50 +0300] "POST /wp-login.php HTTP/1.1" 403 6220 "-" "Mozilla/5.0"
89.39.7.190 - - [31/Aug/2026:07:24:09 +0300] "POST /wp-cron.php?doing_wp_cron=1788150249.4130580425262451171875 HTTP/1.1" 200 5455 "-" "WordPress/6.9.7; https://ajutam.ro"
185.191.171.14 - - [31/Aug/2026:07:24:08 +0300] "GET /events/2024-08-20/ HTTP/1.1" 200 95012 "-" "Mozilla/5.0 (compatible; SemrushBot/7~bl; +http://www.semrush.com/bot.html)"
83.99.206.56 - - [31/Aug/2026:07:24:16 +0300] "GET /events/2027-01-26/ HTTP/1.1" 200 95017 "-" "Mozilla/5.0 (X11; Linux x86_64) AppleWebKit/537.36 (KHTML, like Gecko; GeedoShopProductFinder) Chrome/142.0.0.0 Safari/537.36"
89.39.7.190 - - [31/Aug/2026:07:24:37 +0300] "POST /wp-cron.php?doing_wp_cron=1788150277.6907989978790283203125 HTTP/1.1" 200 5455 "-" "WordPress/6.9.7; https://ajutam.ro"
83.99.206.56 - - [31/Aug/2026:07:24:36 +0300] "GET /events/list/?tribe-bar-date=2027-04-27&eventDisplay=past HTTP/1.1" 200 125732 "-" "Mozilla/5.0 (X11; Linux x86_64) AppleWebKit/537.36 (KHTML, like Gecko; GeedoShopProductFinder) Chrome/142.0.0.0 Safari/537.36"
83.99.206.56 - - [31/Aug/2026:07:24:57 +0300] "GET /events/2026-04-16/ HTTP/1.1" 200 95020 "-" "Mozilla/5.0 (X11; Linux x86_64) AppleWebKit/537.36 (KHTML, like Gecko; GeedoShopProductFinder) Chrome/142.0.0.0 Safari/537.36"
83.99.206.56 - - [31/Aug/2026:07:25:16 +0300] "GET /events/list/?tribe-bar-date=2026-09-22&eventDisplay=past HTTP/1.1" 200 125722 "-" "Mozilla/5.0 (X11; Linux x86_64) AppleWebKit/537.36 (KHTML, like Gecko; GeedoShopProductFinder) Chrome/142.0.0.0 Safari/537.36"
89.39.7.190 - - [31/Aug/2026:07:25:37 +0300] "POST /wp-cron.php?doing_wp_cron=1788150337.5965609550476074218750 HTTP/1.1" 200 5455 "-" "WordPress/6.9.7; https://ajutam.ro"
83.99.206.56 - - [31/Aug/2026:07:25:36 +0300] "GET /events/month/2027-10/ HTTP/1.1" 200 193198 "-" "Mozilla/5.0 (X11; Linux x86_64) AppleWebKit/537.36 (KHTML, like Gecko; GeedoShopProductFinder) Chrome/142.0.0.0 Safari/537.36"
83.99.206.56 - - [31/Aug/2026:07:25:57 +0300] "GET /events/list/?tribe-bar-date=2026-07-17 HTTP/1.1" 200 97640 "-" "Mozilla/5.0 (X11; Linux x86_64) AppleWebKit/537.36 (KHTML, like Gecko; GeedoShopProductFinder) Chrome/142.0.0.0 Safari/537.36"
89.39.7.190 - - [31/Aug/2026:07:26:37 +0300] "POST /wp-cron.php?doing_wp_cron=1788150397.6915960311889648437500 HTTP/1.1" 200 5455 "-" "WordPress/6.9.7; https://ajutam.ro"
190.6.176.90 - - [31/Aug/2026:07:26:37 +0300] "GET /wp-login.php HTTP/1.1" 200 12404 "-" "190.6.176.90"
190.6.176.90 - - [31/Aug/2026:07:26:38 +0300] "POST /wp-login.php HTTP/1.1" 200 12868 "https://ajutam.ro/wp-login.php" "190.6.176.90"
207.154.219.81 - - [31/Aug/2026:07:27:14 +0300] "POST /wp-login.php HTTP/1.1" 403 6220 "-" "Mozilla/5.0"
89.39.7.190 - - [31/Aug/2026:07:27:35 +0300] "POST /wp-cron.php?doing_wp_cron=1788150454.9338829517364501953125 HTTP/1.1" 200 5455 "-" "WordPress/6.9.7; https://ajutam.ro"
137.131.61.214 - - [31/Aug/2026:07:27:34 +0300] "GET /robots.txt HTTP/1.1" 200 5675 "-" "AteveSearchSourceUrlDiscovery/0.1 (+mailto:crawler@example.com)"
137.131.61.214 - - [31/Aug/2026:07:27:37 +0300] "GET / HTTP/1.1" 200 102568 "-" "AteveSearchSourceUrlDiscovery/0.1 (+mailto:crawler@example.com)"
137.131.61.214 - - [31/Aug/2026:07:27:42 +0300] "GET /sitemap.xml HTTP/1.1" 301 5447 "-" "AteveSearchSourceUrlDiscovery/0.1 (+mailto:crawler@example.com)"
137.131.61.214 - - [31/Aug/2026:07:27:43 +0300] "GET /wp-sitemap.xml HTTP/1.1" 200 6751 "-" "AteveSearchSourceUrlDiscovery/0.1 (+mailto:crawler@example.com)"
137.131.61.214 - - [31/Aug/2026:07:27:44 +0300] "GET /xmlrpc.php HTTP/1.1" 405 5453 "-" "AteveSearchSourceUrlDiscovery/0.1 (+mailto:crawler@example.com)"
137.131.61.214 - - [31/Aug/2026:07:27:45 +0300] "GET /feed/ HTTP/1.1" 200 34118 "-" "AteveSearchSourceUrlDiscovery/0.1 (+mailto:crawler@example.com)"
137.131.61.214 - - [31/Aug/2026:07:27:46 +0300] "GET /wp-sitemap-posts-post-1.xml HTTP/1.1" 200 8219 "-" "AteveSearchSourceUrlDiscovery/0.1 (+mailto:crawler@example.com)"
137.131.61.214 - - [31/Aug/2026:07:27:47 +0300] "GET /comments/feed/ HTTP/1.1" 200 16507 "-" "AteveSearchSourceUrlDiscovery/0.1 (+mailto:crawler@example.com)"
137.131.61.214 - - [31/Aug/2026:07:27:49 +0300] "GET /events/?ical=1 HTTP/1.1" 200 5362 "-" "AteveSearchSourceUrlDiscovery/0.1 (+mailto:crawler@example.com)"
137.131.61.214 - - [31/Aug/2026:07:27:50 +0300] "GET /wp-sitemap-posts-page-1.xml HTTP/1.1" 200 8490 "-" "AteveSearchSourceUrlDiscovery/0.1 (+mailto:crawler@example.com)"
137.131.61.214 - - [31/Aug/2026:07:27:52 +0300] "GET /home-1/feed/ HTTP/1.1" 200 6536 "-" "AteveSearchSourceUrlDiscovery/0.1 (+mailto:crawler@example.com)"
137.131.61.214 - - [31/Aug/2026:07:27:53 +0300] "GET /wp-json/oembed/1.0/embed?url=https://ajutam.ro/ HTTP/1.1" 200 7823 "-" "AteveSearchSourceUrlDiscovery/0.1 (+mailto:crawler@example.com)"
137.131.61.214 - - [31/Aug/2026:07:27:54 +0300] "GET /wp-sitemap-posts-give_forms-1.xml HTTP/1.1" 200 6282 "-" "AteveSearchSourceUrlDiscovery/0.1 (+mailto:crawler@example.com)"
137.131.61.214 - - [31/Aug/2026:07:27:56 +0300] "GET /wp-json/ HTTP/1.1" 200 1150767 "-" "AteveSearchSourceUrlDiscovery/0.1 (+mailto:crawler@example.com)"
137.131.61.214 - - [31/Aug/2026:07:27:57 +0300] "GET /wp-json/wp/v2/pages/2 HTTP/1.1" 200 37998 "-" "AteveSearchSourceUrlDiscovery/0.1 (+mailto:crawler@example.com)"
83.99.206.10 - - [31/Aug/2026:07:27:58 +0300] "GET /events/list/?tribe-bar-date=2025-08-01 HTTP/1.1" 200 97662 "-" "Mozilla/5.0 (X11; Linux x86_64) AppleWebKit/537.36 (KHTML, like Gecko; GeedoShopProductFinder) Chrome/142.0.0.0 Safari/537.36"
137.131.61.214 - - [31/Aug/2026:07:27:59 +0300] "GET /xmlrpc.php?rsd= HTTP/1.1" 200 6150 "-" "AteveSearchSourceUrlDiscovery/0.1 (+mailto:crawler@example.com)"
137.131.61.214 - - [31/Aug/2026:07:28:02 +0300] "GET /wp-json/tribe/events/v1/ HTTP/1.1" 200 34667 "-" "AteveSearchSourceUrlDiscovery/0.1 (+mailto:crawler@example.com)"
137.131.61.214 - - [31/Aug/2026:07:28:05 +0300] "GET /about-us-style-2/ HTTP/1.1" 200 81922 "-" "AteveSearchSourceUrlDiscovery/0.1 (+mailto:crawler@example.com)"
137.131.61.214 - - [31/Aug/2026:07:28:07 +0300] "GET /wp-sitemap-posts-product-1.xml HTTP/1.1" 200 6619 "-" "AteveSearchSourceUrlDiscovery/0.1 (+mailto:crawler@example.com)"
137.131.61.214 - - [31/Aug/2026:07:28:09 +0300] "GET /our-causes/ HTTP/1.1" 200 80473 "-" "AteveSearchSourceUrlDiscovery/0.1 (+mailto:crawler@example.com)"
137.131.61.214 - - [31/Aug/2026:07:28:10 +0300] "GET /masonry-2-columns/ HTTP/1.1" 200 90084 "-" "AteveSearchSourceUrlDiscovery/0.1 (+mailto:crawler@example.com)"
137.131.61.214 - - [31/Aug/2026:07:28:12 +0300] "GET /wp-sitemap-posts-team-1.xml HTTP/1.1" 200 5982 "-" "AteveSearchSourceUrlDiscovery/0.1 (+mailto:crawler@example.com)"
137.131.61.214 - - [31/Aug/2026:07:28:14 +0300] "GET /about-us-style-1/ HTTP/1.1" 200 77538 "-" "AteveSearchSourceUrlDiscovery/0.1 (+mailto:crawler@example.com)"
137.131.61.214 - - [31/Aug/2026:07:28:18 +0300] "GET /wp-sitemap-posts-tribe_events-1.xml HTTP/1.1" 200 6184 "-" "AteveSearchSourceUrlDiscovery/0.1 (+mailto:crawler@example.com)"
83.99.206.10 - - [31/Aug/2026:07:28:18 +0300] "GET /events/2026-02-18/ HTTP/1.1" 200 95014 "-" "Mozilla/5.0 (X11; Linux x86_64) AppleWebKit/537.36 (KHTML, like Gecko; GeedoShopProductFinder) Chrome/142.0.0.0 Safari/537.36"
137.131.61.214 - - [31/Aug/2026:07:28:20 +0300] "GET /donations/education-for-everyone/ HTTP/1.1" 200 77194 "-" "AteveSearchSourceUrlDiscovery/0.1 (+mailto:crawler@example.com)"
89.39.7.190 - - [31/Aug/2026:07:28:23 +0300] "POST /wp-cron.php?doing_wp_cron=1788150503.2865738868713378906250 HTTP/1.1" 200 5455 "-" "WordPress/6.9.7; https://ajutam.ro"
137.131.61.214 - - [31/Aug/2026:07:28:22 +0300] "GET /contacts/ HTTP/1.1" 200 70419 "-" "AteveSearchSourceUrlDiscovery/0.1 (+mailto:crawler@example.com)"
137.131.61.214 - - [31/Aug/2026:07:28:24 +0300] "GET /wp-sitemap-taxonomies-category-1.xml HTTP/1.1" 200 6030 "-" "AteveSearchSourceUrlDiscovery/0.1 (+mailto:crawler@example.com)"
137.131.61.214 - - [31/Aug/2026:07:28:26 +0300] "GET /donations/education-to-every-child/ HTTP/1.1" 200 77215 "-" "AteveSearchSourceUrlDiscovery/0.1 (+mailto:crawler@example.com)"
137.131.61.214 - - [31/Aug/2026:07:28:29 +0300] "GET /wp-sitemap-taxonomies-post_tag-1.xml HTTP/1.1" 200 6151 "-" "AteveSearchSourceUrlDiscovery/0.1 (+mailto:crawler@example.com)"
137.131.61.214 - - [31/Aug/2026:07:28:29 +0300] "GET /donations/primary-school-for-kids/ HTTP/1.1" 200 77205 "-" "AteveSearchSourceUrlDiscovery/0.1 (+mailto:crawler@example.com)"
137.131.61.214 - - [31/Aug/2026:07:28:32 +0300] "GET /what-to-do-if-no-one-listens-start-with-changing-yourself/ HTTP/1.1" 200 80870 "-" "AteveSearchSourceUrlDiscovery/0.1 (+mailto:crawler@example.com)"
137.131.61.214 - - [31/Aug/2026:07:28:35 +0300] "GET /wp-sitemap-taxonomies-post_format-1.xml HTTP/1.1" 200 5727 "-" "AteveSearchSourceUrlDiscovery/0.1 (+mailto:crawler@example.com)"
137.131.61.214 - - [31/Aug/2026:07:28:37 +0300] "GET /new-life-for-the-abandoned-do-they-know-love/ HTTP/1.1" 200 80825 "-" "AteveSearchSourceUrlDiscovery/0.1 (+mailto:crawler@example.com)"
83.99.206.10 - - [31/Aug/2026:07:28:38 +0300] "GET /events/2027-04-24/ HTTP/1.1" 200 95013 "-" "Mozilla/5.0 (X11; Linux x86_64) AppleWebKit/537.36 (KHTML, like Gecko; GeedoShopProductFinder) Chrome/142.0.0.0 Safari/537.36"
137.131.61.214 - - [31/Aug/2026:07:28:40 +0300] "GET /wp-sitemap-taxonomies-give_forms_category-1.xml HTTP/1.1" 200 5717 "-" "AteveSearchSourceUrlDiscovery/0.1 (+mailto:crawler@example.com)"
137.131.61.214 - - [31/Aug/2026:07:28:42 +0300] "GET /let-us-come-together-kids-deserve-a-future/ HTTP/1.1" 200 72643 "-" "AteveSearchSourceUrlDiscovery/0.1 (+mailto:crawler@example.com)"
137.131.61.214 - - [31/Aug/2026:07:28:43 +0300] "GET /how-does-the-bible-define-poverty/ HTTP/1.1" 200 77669 "-" "AteveSearchSourceUrlDiscovery/0.1 (+mailto:crawler@example.com)"
137.131.61.214 - - [31/Aug/2026:07:28:46 +0300] "GET /3-great-letter-writting-ideas-for-the-new-letter-delivery-process/ HTTP/1.1" 200 76406 "-" "AteveSearchSourceUrlDiscovery/0.1 (+mailto:crawler@example.com)"
137.131.61.214 - - [31/Aug/2026:07:28:49 +0300] "GET /5-useful-tips-to-get-the-most-from-the-compassion-app/ HTTP/1.1" 200 72919 "-" "AteveSearchSourceUrlDiscovery/0.1 (+mailto:crawler@example.com)"
137.131.61.214 - - [31/Aug/2026:07:28:49 +0300] "GET /wp-sitemap-taxonomies-product_cat-1.xml HTTP/1.1" 200 5841 "-" "AteveSearchSourceUrlDiscovery/0.1 (+mailto:crawler@example.com)"
137.131.61.214 - - [31/Aug/2026:07:28:51 +0300] "GET /quote-post/ HTTP/1.1" 200 71075 "-" "AteveSearchSourceUrlDiscovery/0.1 (+mailto:crawler@example.com)"
137.131.61.214 - - [31/Aug/2026:07:28:52 +0300] "GET /wp-sitemap-taxonomies-product_tag-1.xml HTTP/1.1" 200 5933 "-" "AteveSearchSourceUrlDiscovery/0.1 (+mailto:crawler@example.com)"
137.131.61.214 - - [31/Aug/2026:07:28:53 +0300] "GET /what-you-need-to-know-about-colorados-forests-and-coal-mining/ HTTP/1.1" 200 82794 "-" "AteveSearchSourceUrlDiscovery/0.1 (+mailto:crawler@example.com)"
137.131.61.214 - - [31/Aug/2026:07:28:55 +0300] "GET /the-charity-sector-in-2016/ HTTP/1.1" 200 70820 "-" "AteveSearchSourceUrlDiscovery/0.1 (+mailto:crawler@example.com)"
137.131.61.214 - - [31/Aug/2026:07:28:56 +0300] "GET /wp-sitemap-taxonomies-product_shipping_class-1.xml HTTP/1.1" 200 5838 "-" "AteveSearchSourceUrlDiscovery/0.1 (+mailto:crawler@example.com)"
137.131.61.214 - - [31/Aug/2026:07:28:58 +0300] "GET /a-short-guide-to-talking-about-latin-america/ HTTP/1.1" 200 73011 "-" "AteveSearchSourceUrlDiscovery/0.1 (+mailto:crawler@example.com)"
83.99.206.10 - - [31/Aug/2026:07:28:59 +0300] "GET /events/month/2027-11/ HTTP/1.1" 200 193184 "-" "Mozilla/5.0 (X11; Linux x86_64) AppleWebKit/537.36 (KHTML, like Gecko; GeedoShopProductFinder) Chrome/142.0.0.0 Safari/537.36"
137.131.61.214 - - [31/Aug/2026:07:29:00 +0300] "GET /developing-healthy-kids-in-the-developing-world/ HTTP/1.1" 200 84195 "-" "AteveSearchSourceUrlDiscovery/0.1 (+mailto:crawler@example.com)"
137.131.61.214 - - [31/Aug/2026:07:29:01 +0300] "GET /wp-sitemap-users-1.xml HTTP/1.1" 200 5626 "-" "AteveSearchSourceUrlDiscovery/0.1 (+mailto:crawler@example.com)"
137.131.61.214 - - [31/Aug/2026:07:29:03 +0300] "GET /30-stunning-pictures-of-bedrooms-in-the-developing-world/ HTTP/1.1" 200 79472 "-" "AteveSearchSourceUrlDiscovery/0.1 (+mailto:crawler@example.com)"
137.131.61.214 - - [31/Aug/2026:07:29:05 +0300] "GET /simple-deeds-that-save-the-world/ HTTP/1.1" 200 80532 "-" "AteveSearchSourceUrlDiscovery/0.1 (+mailto:crawler@example.com)"
137.131.61.214 - - [31/Aug/2026:07:29:08 +0300] "GET /save-them-all/ HTTP/1.1" 200 72165 "-" "AteveSearchSourceUrlDiscovery/0.1 (+mailto:crawler@example.com)"
137.131.61.214 - - [31/Aug/2026:07:29:09 +0300] "GET /new-life-for-the-abandoned/ HTTP/1.1" 200 72360 "-" "AteveSearchSourceUrlDiscovery/0.1 (+mailto:crawler@example.com)"
137.131.61.214 - - [31/Aug/2026:07:29:13 +0300] "GET /become-a-volunteer/ HTTP/1.1" 200 72147 "-" "AteveSearchSourceUrlDiscovery/0.1 (+mailto:crawler@example.com)"
137.131.61.214 - - [31/Aug/2026:07:29:15 +0300] "GET /animal-welfare/ HTTP/1.1" 200 72192 "-" "AteveSearchSourceUrlDiscovery/0.1 (+mailto:crawler@example.com)"
137.131.61.214 - - [31/Aug/2026:07:29:17 +0300] "GET /the-world-runs-out-of-time/ HTTP/1.1" 200 72240 "-" "AteveSearchSourceUrlDiscovery/0.1 (+mailto:crawler@example.com)"
137.131.61.214 - - [31/Aug/2026:07:29:18 +0300] "GET /glossary-of-humanity/ HTTP/1.1" 200 72265 "-" "AteveSearchSourceUrlDiscovery/0.1 (+mailto:crawler@example.com)"
83.99.206.10 - - [31/Aug/2026:07:29:19 +0300] "GET /events/list/?tribe-bar-date=2027-01-27 HTTP/1.1" 200 97671 "-" "Mozilla/5.0 (X11; Linux x86_64) AppleWebKit/537.36 (KHTML, like Gecko; GeedoShopProductFinder) Chrome/142.0.0.0 Safari/537.36"
89.39.7.190 - - [31/Aug/2026:07:29:23 +0300] "POST /wp-cron.php?doing_wp_cron=1788150563.1658399105072021484375 HTTP/1.1" 200 5455 "-" "WordPress/6.9.7; https://ajutam.ro"
137.131.61.214 - - [31/Aug/2026:07:29:22 +0300] "GET /wildlife-conservation-society/ HTTP/1.1" 200 72400 "-" "AteveSearchSourceUrlDiscovery/0.1 (+mailto:crawler@example.com)"
137.131.61.214 - - [31/Aug/2026:07:29:23 +0300] "GET /national-federation-of-the-blind/ HTTP/1.1" 200 72324 "-" "AteveSearchSourceUrlDiscovery/0.1 (+mailto:crawler@example.com)"
137.131.61.214 - - [31/Aug/2026:07:29:28 +0300] "GET /american-humane-association/ HTTP/1.1" 200 72365 "-" "AteveSearchSourceUrlDiscovery/0.1 (+mailto:crawler@example.com)"
137.131.61.214 - - [31/Aug/2026:07:29:28 +0300] "GET /home-2/ HTTP/1.1" 200 95373 "-" "AteveSearchSourceUrlDiscovery/0.1 (+mailto:crawler@example.com)"
137.131.61.214 - - [31/Aug/2026:07:29:32 +0300] "GET /typography/ HTTP/1.1" 200 93987 "-" "AteveSearchSourceUrlDiscovery/0.1 (+mailto:crawler@example.com)"
137.131.61.214 - - [31/Aug/2026:07:29:35 +0300] "GET /shortcodes/ HTTP/1.1" 200 83692 "-" "AteveSearchSourceUrlDiscovery/0.1 (+mailto:crawler@example.com)"
137.131.61.214 - - [31/Aug/2026:07:29:38 +0300] "GET /all-posts/ HTTP/1.1" 200 89381 "-" "AteveSearchSourceUrlDiscovery/0.1 (+mailto:crawler@example.com)"
83.99.206.10 - - [31/Aug/2026:07:29:38 +0300] "GET /events/list/?tribe-bar-date=2027-02-15&eventDisplay=past HTTP/1.1" 200 125758 "-" "Mozilla/5.0 (X11; Linux x86_64) AppleWebKit/537.36 (KHTML, like Gecko; GeedoShopProductFinder) Chrome/142.0.0.0 Safari/537.36"
137.131.61.214 - - [31/Aug/2026:07:29:39 +0300] "GET /shop/ HTTP/1.1" 200 90735 "-" "AteveSearchSourceUrlDiscovery/0.1 (+mailto:crawler@example.com)"
137.131.61.214 - - [31/Aug/2026:07:29:43 +0300] "GET /classic-without-sidebar/ HTTP/1.1" 200 85024 "-" "AteveSearchSourceUrlDiscovery/0.1 (+mailto:crawler@example.com)"
137.131.61.214 - - [31/Aug/2026:07:29:46 +0300] "GET /masonry-3-columns/ HTTP/1.1" 200 90555 "-" "AteveSearchSourceUrlDiscovery/0.1 (+mailto:crawler@example.com)"
137.131.61.214 - - [31/Aug/2026:07:29:48 +0300] "GET /portfolio-2-columns/ HTTP/1.1" 200 92349 "-" "AteveSearchSourceUrlDiscovery/0.1 (+mailto:crawler@example.com)"
137.131.61.214 - - [31/Aug/2026:07:29:51 +0300] "GET /portfolio-3-columns/ HTTP/1.1" 200 88526 "-" "AteveSearchSourceUrlDiscovery/0.1 (+mailto:crawler@example.com)"
137.131.61.214 - - [31/Aug/2026:07:29:54 +0300] "GET /grid-gallery/ HTTP/1.1" 200 126056 "-" "AteveSearchSourceUrlDiscovery/0.1 (+mailto:crawler@example.com)"
137.131.61.214 - - [31/Aug/2026:07:29:56 +0300] "GET /cobbles-gallery/ HTTP/1.1" 200 126360 "-" "AteveSearchSourceUrlDiscovery/0.1 (+mailto:crawler@example.com)"
137.131.61.214 - - [31/Aug/2026:07:29:59 +0300] "GET /masonry-gallery/ HTTP/1.1" 200 124782 "-" "AteveSearchSourceUrlDiscovery/0.1 (+mailto:crawler@example.com)"
89.39.7.190 - - [31/Aug/2026:07:30:03 +0300] "POST /wp-cron.php?doing_wp_cron=1788150603.7821459770202636718750 HTTP/1.1" 200 5455 "-" "WordPress/6.9.7; https://ajutam.ro"
137.131.61.214 - - [31/Aug/2026:07:30:02 +0300] "GET /partners/ HTTP/1.1" 200 68461 "-" "AteveSearchSourceUrlDiscovery/0.1 (+mailto:crawler@example.com)"
137.131.61.214 - - [31/Aug/2026:07:30:03 +0300] "GET /cart/ HTTP/1.1" 200 126256 "-" "AteveSearchSourceUrlDiscovery/0.1 (+mailto:crawler@example.com)"
137.131.61.214 - - [31/Aug/2026:07:30:09 +0300] "GET /checkout/ HTTP/1.1" 302 5538 "-" "AteveSearchSourceUrlDiscovery/0.1 (+mailto:crawler@example.com)"
137.131.61.214 - - [31/Aug/2026:07:30:10 +0300] "GET /my-account/ HTTP/1.1" 200 70259 "-" "AteveSearchSourceUrlDiscovery/0.1 (+mailto:crawler@example.com)"
137.131.61.214 - - [31/Aug/2026:07:30:11 +0300] "GET /cart/ HTTP/1.1" 200 126263 "-" "AteveSearchSourceUrlDiscovery/0.1 (+mailto:crawler@example.com)"
137.131.61.214 - - [31/Aug/2026:07:30:15 +0300] "GET /home-3/ HTTP/1.1" 200 106434 "-" "AteveSearchSourceUrlDiscovery/0.1 (+mailto:crawler@example.com)"
137.131.61.214 - - [31/Aug/2026:07:30:16 +0300] "GET /home-4-boxed/ HTTP/1.1" 200 84797 "-" "AteveSearchSourceUrlDiscovery/0.1 (+mailto:crawler@example.com)"
137.131.61.214 - - [31/Aug/2026:07:30:19 +0300] "GET /donation-confirmation/ HTTP/1.1" 200 66969 "-" "AteveSearchSourceUrlDiscovery/0.1 (+mailto:crawler@example.com)"
137.131.61.214 - - [31/Aug/2026:07:30:20 +0300] "GET /donation-failed/ HTTP/1.1" 200 65383 "-" "AteveSearchSourceUrlDiscovery/0.1 (+mailto:crawler@example.com)"
89.39.7.190 - - [31/Aug/2026:07:30:27 +0300] "POST /wp-cron.php?doing_wp_cron=1788150627.0696840286254882812500 HTTP/1.1" 200 5455 "-" "WordPress/6.9.7; https://ajutam.ro"
137.131.61.214 - - [31/Aug/2026:07:30:26 +0300] "GET /donation-history/ HTTP/1.1" 200 65756 "-" "AteveSearchSourceUrlDiscovery/0.1 (+mailto:crawler@example.com)"
137.131.61.214 - - [31/Aug/2026:07:30:28 +0300] "GET /service-plus/ HTTP/1.1" 200 72270 "-" "AteveSearchSourceUrlDiscovery/0.1 (+mailto:crawler@example.com)"
137.131.61.214 - - [31/Aug/2026:07:30:31 +0300] "GET /privacy-policy/ HTTP/1.1" 200 92401 "-" "AteveSearchSourceUrlDiscovery/0.1 (+mailto:crawler@example.com)"
137.131.61.214 - - [31/Aug/2026:07:30:32 +0300] "GET /donor-dashboard/ HTTP/1.1" 200 67599 "-" "AteveSearchSourceUrlDiscovery/0.1 (+mailto:crawler@example.com)"
137.131.61.214 - - [31/Aug/2026:07:30:35 +0300] "GET /donations/patient-and-family-support/ HTTP/1.1" 200 77232 "-" "AteveSearchSourceUrlDiscovery/0.1 (+mailto:crawler@example.com)"
137.131.61.214 - - [31/Aug/2026:07:30:37 +0300] "GET /donations/sponsor-ecology-today/ HTTP/1.1" 200 77180 "-" "AteveSearchSourceUrlDiscovery/0.1 (+mailto:crawler@example.com)"
137.131.61.214 - - [31/Aug/2026:07:30:41 +0300] "GET /donations/clean-water-for-people/ HTTP/1.1" 200 77192 "-" "AteveSearchSourceUrlDiscovery/0.1 (+mailto:crawler@example.com)"
137.131.61.214 - - [31/Aug/2026:07:30:43 +0300] "GET /wp-json/oembed/1.0/embed?url=https://ajutam.ro/about-us-style-2/ HTTP/1.1" 200 7889 "-" "AteveSearchSourceUrlDiscovery/0.1 (+mailto:crawler@example.com)"
137.131.61.214 - - [31/Aug/2026:07:30:45 +0300] "GET /wp-json/wp/v2/pages/25 HTTP/1.1" 200 23429 "-" "AteveSearchSourceUrlDiscovery/0.1 (+mailto:crawler@example.com)"
137.131.61.214 - - [31/Aug/2026:07:30:52 +0300] "GET /?p=25 HTTP/1.1" 301 5562 "-" "AteveSearchSourceUrlDiscovery/0.1 (+mailto:crawler@example.com)"
137.131.61.214 - - [31/Aug/2026:07:30:54 +0300] "GET /about-us-style-2/ HTTP/1.1" 200 81925 "-" "AteveSearchSourceUrlDiscovery/0.1 (+mailto:crawler@example.com)"
137.131.61.214 - - [31/Aug/2026:07:30:54 +0300] "GET /team/maria-moore/ HTTP/1.1" 200 73072 "-" "AteveSearchSourceUrlDiscovery/0.1 (+mailto:crawler@example.com)"
137.131.61.214 - - [31/Aug/2026:07:30:59 +0300] "GET /team/larry-byrd/ HTTP/1.1" 200 73041 "-" "AteveSearchSourceUrlDiscovery/0.1 (+mailto:crawler@example.com)"
137.131.61.214 - - [31/Aug/2026:07:31:01 +0300] "GET /team/derek-ewald/ HTTP/1.1" 200 73072 "-" "AteveSearchSourceUrlDiscovery/0.1 (+mailto:crawler@example.com)"
137.131.61.214 - - [31/Aug/2026:07:31:04 +0300] "GET /team/crystal-hilliard/ HTTP/1.1" 200 73110 "-" "AteveSearchSourceUrlDiscovery/0.1 (+mailto:crawler@example.com)"
137.131.61.214 - - [31/Aug/2026:07:31:05 +0300] "GET /donations/ HTTP/1.1" 200 82162 "-" "AteveSearchSourceUrlDiscovery/0.1 (+mailto:crawler@example.com)"
137.131.61.214 - - [31/Aug/2026:07:31:09 +0300] "GET /product/hand-band/ HTTP/1.1" 200 99410 "-" "AteveSearchSourceUrlDiscovery/0.1 (+mailto:crawler@example.com)"
137.131.61.214 - - [31/Aug/2026:07:31:11 +0300] "GET /product/cross-necklace/ HTTP/1.1" 200 95732 "-" "AteveSearchSourceUrlDiscovery/0.1 (+mailto:crawler@example.com)"
137.131.61.214 - - [31/Aug/2026:07:31:15 +0300] "GET /product/cute-mug/ HTTP/1.1" 200 98217 "-" "AteveSearchSourceUrlDiscovery/0.1 (+mailto:crawler@example.com)"
137.131.61.214 - - [31/Aug/2026:07:31:17 +0300] "GET /product/necklace/ HTTP/1.1" 200 97365 "-" "AteveSearchSourceUrlDiscovery/0.1 (+mailto:crawler@example.com)"
137.131.61.214 - - [31/Aug/2026:07:31:20 +0300] "GET /product/fancy-necklace/ HTTP/1.1" 200 96874 "-" "AteveSearchSourceUrlDiscovery/0.1 (+mailto:crawler@example.com)"
89.39.7.190 - - [31/Aug/2026:07:31:23 +0300] "POST /wp-cron.php?doing_wp_cron=1788150683.7491660118103027343750 HTTP/1.1" 200 5455 "-" "WordPress/6.9.7; https://ajutam.ro"
137.131.61.214 - - [31/Aug/2026:07:31:22 +0300] "GET /product/peace-ipad-mini-case/ HTTP/1.1" 200 100717 "-" "AteveSearchSourceUrlDiscovery/0.1 (+mailto:crawler@example.com)"
137.131.61.214 - - [31/Aug/2026:07:31:27 +0300] "GET /product/w-sweater/ HTTP/1.1" 200 97505 "-" "AteveSearchSourceUrlDiscovery/0.1 (+mailto:crawler@example.com)"
137.131.61.214 - - [31/Aug/2026:07:31:28 +0300] "GET /product/vintage-notebook/ HTTP/1.1" 200 96048 "-" "AteveSearchSourceUrlDiscovery/0.1 (+mailto:crawler@example.com)"
137.131.61.214 - - [31/Aug/2026:07:31:33 +0300] "GET /product/3/ HTTP/1.1" 200 98252 "-" "AteveSearchSourceUrlDiscovery/0.1 (+mailto:crawler@example.com)"
137.131.61.214 - - [31/Aug/2026:07:31:34 +0300] "GET /product/silver-pendant-2/ HTTP/1.1" 200 96954 "-" "AteveSearchSourceUrlDiscovery/0.1 (+mailto:crawler@example.com)"
137.131.61.214 - - [31/Aug/2026:07:31:39 +0300] "GET /wp-json/oembed/1.0/embed?url=https://ajutam.ro/our-causes/ HTTP/1.1" 200 7859 "-" "AteveSearchSourceUrlDiscovery/0.1 (+mailto:crawler@example.com)"
83.99.206.194 - - [31/Aug/2026:07:31:40 +0300] "GET /events/list/?tribe-bar-date=2026-03-22&eventDisplay=past HTTP/1.1" 200 125734 "-" "Mozilla/5.0 (X11; Linux x86_64) AppleWebKit/537.36 (KHTML, like Gecko; GeedoShopProductFinder) Chrome/142.0.0.0 Safari/537.36"
137.131.61.214 - - [31/Aug/2026:07:31:40 +0300] "GET /wp-json/wp/v2/pages/29 HTTP/1.1" 200 22792 "-" "AteveSearchSourceUrlDiscovery/0.1 (+mailto:crawler@example.com)"
137.131.61.214 - - [31/Aug/2026:07:31:45 +0300] "GET /?p=29 HTTP/1.1" 301 5556 "-" "AteveSearchSourceUrlDiscovery/0.1 (+mailto:crawler@example.com)"
137.131.61.214 - - [31/Aug/2026:07:31:45 +0300] "GET /wp-json/oembed/1.0/embed?url=https://ajutam.ro/masonry-2-columns/ HTTP/1.1" 200 7894 "-" "AteveSearchSourceUrlDiscovery/0.1 (+mailto:crawler@example.com)"
137.131.61.214 - - [31/Aug/2026:07:31:46 +0300] "GET /our-causes/ HTTP/1.1" 200 80480 "-" "AteveSearchSourceUrlDiscovery/0.1 (+mailto:crawler@example.com)"
137.131.61.214 - - [31/Aug/2026:07:31:50 +0300] "GET /wp-json/wp/v2/pages/245 HTTP/1.1" 200 7100 "-" "AteveSearchSourceUrlDiscovery/0.1 (+mailto:crawler@example.com)"
137.131.61.214 - - [31/Aug/2026:07:31:52 +0300] "GET /?p=245 HTTP/1.1" 301 5563 "-" "AteveSearchSourceUrlDiscovery/0.1 (+mailto:crawler@example.com)"
137.131.61.214 - - [31/Aug/2026:07:31:54 +0300] "GET /masonry-2-columns/ HTTP/1.1" 200 90084 "-" "AteveSearchSourceUrlDiscovery/0.1 (+mailto:crawler@example.com)"
137.131.61.214 - - [31/Aug/2026:07:31:55 +0300] "GET /masonry-2-columns/page/2/ HTTP/1.1" 200 91557 "-" "AteveSearchSourceUrlDiscovery/0.1 (+mailto:crawler@example.com)"
83.99.206.120 - - [31/Aug/2026:07:31:59 +0300] "GET /events/list/?tribe-bar-date=2026-04-21 HTTP/1.1" 200 97639 "-" "Mozilla/5.0 (X11; Linux x86_64) AppleWebKit/537.36 (KHTML, like Gecko; GeedoShopProductFinder) Chrome/142.0.0.0 Safari/537.36"
137.131.61.214 - - [31/Aug/2026:07:32:01 +0300] "GET /masonry-2-columns/page/3/ HTTP/1.1" 200 80066 "-" "AteveSearchSourceUrlDiscovery/0.1 (+mailto:crawler@example.com)"
137.131.61.214 - - [31/Aug/2026:07:32:02 +0300] "GET /category/animals/ HTTP/1.1" 200 78516 "-" "AteveSearchSourceUrlDiscovery/0.1 (+mailto:crawler@example.com)"
138.197.193.77 - - [31/Aug/2026:07:32:04 +0300] "POST /wp-login.php HTTP/1.1" 403 6220 "-" "Mozilla/5.0"
137.131.61.214 - - [31/Aug/2026:07:32:06 +0300] "GET /category/climat/ HTTP/1.1" 200 77080 "-" "AteveSearchSourceUrlDiscovery/0.1 (+mailto:crawler@example.com)"
137.131.61.214 - - [31/Aug/2026:07:32:06 +0300] "GET /category/food/ HTTP/1.1" 200 75883 "-" "AteveSearchSourceUrlDiscovery/0.1 (+mailto:crawler@example.com)"
137.131.61.214 - - [31/Aug/2026:07:32:12 +0300] "GET /category/forests/ HTTP/1.1" 200 79512 "-" "AteveSearchSourceUrlDiscovery/0.1 (+mailto:crawler@example.com)"
137.131.61.214 - - [31/Aug/2026:07:32:13 +0300] "GET /category/fresh-water/ HTTP/1.1" 200 81501 "-" "AteveSearchSourceUrlDiscovery/0.1 (+mailto:crawler@example.com)"
137.131.61.214 - - [31/Aug/2026:07:32:16 +0300] "GET /category/gallery/ HTTP/1.1" 200 89452 "-" "AteveSearchSourceUrlDiscovery/0.1 (+mailto:crawler@example.com)"
137.131.61.214 - - [31/Aug/2026:07:32:17 +0300] "GET /category/oceans/ HTTP/1.1" 200 77127 "-" "AteveSearchSourceUrlDiscovery/0.1 (+mailto:crawler@example.com)"
83.99.206.85 - - [31/Aug/2026:07:32:19 +0300] "GET /events/list/?tribe-bar-date=2026-08-15&eventDisplay=past HTTP/1.1" 200 125719 "-" "Mozilla/5.0 (X11; Linux x86_64) AppleWebKit/537.36 (KHTML, like Gecko; GeedoShopProductFinder) Chrome/142.0.0.0 Safari/537.36"
137.131.61.214 - - [31/Aug/2026:07:32:22 +0300] "GET /category/wildlife/ HTTP/1.1" 200 79317 "-" "AteveSearchSourceUrlDiscovery/0.1 (+mailto:crawler@example.com)"
89.39.7.190 - - [31/Aug/2026:07:32:23 +0300] "POST /wp-cron.php?doing_wp_cron=1788150743.4351840019226074218750 HTTP/1.1" 200 5455 "-" "WordPress/6.9.7; https://ajutam.ro"
137.131.61.214 - - [31/Aug/2026:07:32:23 +0300] "GET /wp-json/oembed/1.0/embed?url=https://ajutam.ro/about-us-style-1/ HTTP/1.1" 200 7889 "-" "AteveSearchSourceUrlDiscovery/0.1 (+mailto:crawler@example.com)"
137.131.61.214 - - [31/Aug/2026:07:32:26 +0300] "GET /wp-json/wp/v2/pages/23 HTTP/1.1" 200 18777 "-" "AteveSearchSourceUrlDiscovery/0.1 (+mailto:crawler@example.com)"
137.131.61.214 - - [31/Aug/2026:07:32:28 +0300] "GET /?p=23 HTTP/1.1" 301 5562 "-" "AteveSearchSourceUrlDiscovery/0.1 (+mailto:crawler@example.com)"
137.131.61.214 - - [31/Aug/2026:07:32:31 +0300] "GET /about-us-style-1/ HTTP/1.1" 200 77545 "-" "AteveSearchSourceUrlDiscovery/0.1 (+mailto:crawler@example.com)"
137.131.61.214 - - [31/Aug/2026:07:32:32 +0300] "GET /event/is-a-nonprofit-internship-the-best-choice-for-you/ HTTP/1.1" 200 83562 "-" "AteveSearchSourceUrlDiscovery/0.1 (+mailto:crawler@example.com)"
137.131.61.214 - - [31/Aug/2026:07:32:34 +0300] "GET /event/how-does-the-bible-define-poverty/ HTTP/1.1" 200 83455 "-" "AteveSearchSourceUrlDiscovery/0.1 (+mailto:crawler@example.com)"
137.131.61.214 - - [31/Aug/2026:07:32:37 +0300] "GET /event/volunteers-all-state-meeting/ HTTP/1.1" 200 82964 "-" "AteveSearchSourceUrlDiscovery/0.1 (+mailto:crawler@example.com)"
83.99.206.87 - - [31/Aug/2026:07:32:39 +0300] "GET /events/list/?tribe-bar-date=2025-09-26&eventDisplay=past HTTP/1.1" 200 125791 "-" "Mozilla/5.0 (X11; Linux x86_64) AppleWebKit/537.36 (KHTML, like Gecko; GeedoShopProductFinder) Chrome/142.0.0.0 Safari/537.36"
137.131.61.214 - - [31/Aug/2026:07:32:41 +0300] "GET /event/workshop-by-john-doe/ HTTP/1.1" 200 83087 "-" "AteveSearchSourceUrlDiscovery/0.1 (+mailto:crawler@example.com)"
137.131.61.214 - - [31/Aug/2026:07:32:42 +0300] "GET /event/child-rights-consultation/ HTTP/1.1" 200 82548 "-" "AteveSearchSourceUrlDiscovery/0.1 (+mailto:crawler@example.com)"
137.131.61.214 - - [31/Aug/2026:07:32:45 +0300] "GET /wp-json/oembed/1.0/embed?url=https://ajutam.ro/donations/education-for-everyone/ HTTP/1.1" 200 8077 "-" "AteveSearchSourceUrlDiscovery/0.1 (+mailto:crawler@example.com)"
137.131.61.214 - - [31/Aug/2026:07:32:47 +0300] "GET /wp-json/wp/v2/give_forms/879 HTTP/1.1" 200 7396 "-" "AteveSearchSourceUrlDiscovery/0.1 (+mailto:crawler@example.com)"
137.131.61.214 - - [31/Aug/2026:07:32:51 +0300] "GET /?p=879 HTTP/1.1" 301 5578 "-" "AteveSearchSourceUrlDiscovery/0.1 (+mailto:crawler@example.com)"
137.131.61.214 - - [31/Aug/2026:07:32:53 +0300] "GET /wp-json/oembed/1.0/embed?url=https://ajutam.ro/contacts/ HTTP/1.1" 200 7849 "-" "AteveSearchSourceUrlDiscovery/0.1 (+mailto:crawler@example.com)"
137.131.61.214 - - [31/Aug/2026:07:32:53 +0300] "GET /donations/education-for-everyone/ HTTP/1.1" 200 77187 "-" "AteveSearchSourceUrlDiscovery/0.1 (+mailto:crawler@example.com)"
137.131.61.214 - - [31/Aug/2026:07:32:57 +0300] "GET /wp-json/wp/v2/pages/27 HTTP/1.1" 200 12319 "-" "AteveSearchSourceUrlDiscovery/0.1 (+mailto:crawler@example.com)"
137.131.61.214 - - [31/Aug/2026:07:32:58 +0300] "GET /?p=27 HTTP/1.1" 301 5554 "-" "AteveSearchSourceUrlDiscovery/0.1 (+mailto:crawler@example.com)"
83.99.206.143 - - [31/Aug/2026:07:32:59 +0300] "GET /events/list/?tribe-bar-date=2026-02-18 HTTP/1.1" 200 97656 "-" "Mozilla/5.0 (X11; Linux x86_64) AppleWebKit/537.36 (KHTML, like Gecko; GeedoShopProductFinder) Chrome/142.0.0.0 Safari/537.36"
137.131.61.214 - - [31/Aug/2026:07:33:00 +0300] "GET /contacts/ HTTP/1.1" 200 70412 "-" "AteveSearchSourceUrlDiscovery/0.1 (+mailto:crawler@example.com)"
137.131.61.214 - - [31/Aug/2026:07:33:01 +0300] "GET /wp-json/oembed/1.0/embed?url=https://ajutam.ro/donations/education-to-every-child/ HTTP/1.1" 200 8087 "-" "AteveSearchSourceUrlDiscovery/0.1 (+mailto:crawler@example.com)"
137.131.61.214 - - [31/Aug/2026:07:33:06 +0300] "GET /wp-json/wp/v2/give_forms/855 HTTP/1.1" 200 7402 "-" "AteveSearchSourceUrlDiscovery/0.1 (+mailto:crawler@example.com)"
137.131.61.214 - - [31/Aug/2026:07:33:08 +0300] "GET /?p=855 HTTP/1.1" 301 5580 "-" "AteveSearchSourceUrlDiscovery/0.1 (+mailto:crawler@example.com)"
137.131.61.214 - - [31/Aug/2026:07:33:10 +0300] "GET /donations/education-to-every-child/ HTTP/1.1" 200 77208 "-" "AteveSearchSourceUrlDiscovery/0.1 (+mailto:crawler@example.com)"
137.131.61.214 - - [31/Aug/2026:07:33:11 +0300] "GET /wp-json/oembed/1.0/embed?url=https://ajutam.ro/donations/primary-school-for-kids/ HTTP/1.1" 200 8082 "-" "AteveSearchSourceUrlDiscovery/0.1 (+mailto:crawler@example.com)"
137.131.61.214 - - [31/Aug/2026:07:33:14 +0300] "GET /wp-json/wp/v2/give_forms/866 HTTP/1.1" 200 7398 "-" "AteveSearchSourceUrlDiscovery/0.1 (+mailto:crawler@example.com)"
137.131.61.214 - - [31/Aug/2026:07:33:15 +0300] "GET /?p=866 HTTP/1.1" 301 5579 "-" "AteveSearchSourceUrlDiscovery/0.1 (+mailto:crawler@example.com)"
137.131.61.214 - - [31/Aug/2026:07:33:18 +0300] "GET /donations/primary-school-for-kids/ HTTP/1.1" 200 77205 "-" "AteveSearchSourceUrlDiscovery/0.1 (+mailto:crawler@example.com)"
137.131.61.214 - - [31/Aug/2026:07:33:19 +0300] "GET /tag/animals/ HTTP/1.1" 200 85530 "-" "AteveSearchSourceUrlDiscovery/0.1 (+mailto:crawler@example.com)"
83.99.206.16 - - [31/Aug/2026:07:33:19 +0300] "GET /events/list/?tribe-bar-date=2026-06-12 HTTP/1.1" 200 97640 "-" "Mozilla/5.0 (X11; Linux x86_64) AppleWebKit/537.36 (KHTML, like Gecko; GeedoShopProductFinder) Chrome/142.0.0.0 Safari/537.36"
137.131.61.214 - - [31/Aug/2026:07:33:22 +0300] "GET /tag/ecology/ HTTP/1.1" 200 82602 "-" "AteveSearchSourceUrlDiscovery/0.1 (+mailto:crawler@example.com)"
89.39.7.190 - - [31/Aug/2026:07:33:24 +0300] "POST /wp-cron.php?doing_wp_cron=1788150804.0507979393005371093750 HTTP/1.1" 200 5455 "-" "WordPress/6.9.7; https://ajutam.ro"
137.131.61.214 - - [31/Aug/2026:07:33:23 +0300] "GET /tag/nature/ HTTP/1.1" 200 84536 "-" "AteveSearchSourceUrlDiscovery/0.1 (+mailto:crawler@example.com)"
137.131.61.214 - - [31/Aug/2026:07:33:28 +0300] "GET /tag/charity/ HTTP/1.1" 200 86476 "-" "AteveSearchSourceUrlDiscovery/0.1 (+mailto:crawler@example.com)"
137.131.61.214 - - [31/Aug/2026:07:33:30 +0300] "GET /tag/elderly/ HTTP/1.1" 200 84550 "-" "AteveSearchSourceUrlDiscovery/0.1 (+mailto:crawler@example.com)"
137.131.61.214 - - [31/Aug/2026:07:33:33 +0300] "GET /tag/children/ HTTP/1.1" 200 71060 "-" "AteveSearchSourceUrlDiscovery/0.1 (+mailto:crawler@example.com)"
137.131.61.214 - - [31/Aug/2026:07:33:34 +0300] "GET /tag/safety/ HTTP/1.1" 200 73465 "-" "AteveSearchSourceUrlDiscovery/0.1 (+mailto:crawler@example.com)"
137.131.61.214 - - [31/Aug/2026:07:33:38 +0300] "GET /tag/voluteers/ HTTP/1.1" 200 66456 "-" "AteveSearchSourceUrlDiscovery/0.1 (+mailto:crawler@example.com)"
137.131.61.214 - - [31/Aug/2026:07:33:39 +0300] "GET /tag/donation/ HTTP/1.1" 200 82675 "-" "AteveSearchSourceUrlDiscovery/0.1 (+mailto:crawler@example.com)"
137.131.61.214 - - [31/Aug/2026:07:33:42 +0300] "GET /tag/adoption/ HTTP/1.1" 200 76011 "-" "AteveSearchSourceUrlDiscovery/0.1 (+mailto:crawler@example.com)"
137.131.61.214 - - [31/Aug/2026:07:33:44 +0300] "GET /tag/education/ HTTP/1.1" 200 82796 "-" "AteveSearchSourceUrlDiscovery/0.1 (+mailto:crawler@example.com)"
137.131.61.214 - - [31/Aug/2026:07:33:48 +0300] "GET /what-to-do-if-no-one-listens-start-with-changing-yourself/feed/ HTTP/1.1" 200 6704 "-" "AteveSearchSourceUrlDiscovery/0.1 (+mailto:crawler@example.com)"
137.131.61.214 - - [31/Aug/2026:07:33:50 +0300] "GET /wp-json/oembed/1.0/embed?url=https://ajutam.ro/what-to-do-if-no-one-listens-start-with-changing-yourself/ HTTP/1.1" 200 8232 "-" "AteveSearchSourceUrlDiscovery/0.1 (+mailto:crawler@example.com)"
137.131.61.214 - - [31/Aug/2026:07:33:51 +0300] "GET /wp-json/wp/v2/posts/52 HTTP/1.1" 200 9699 "-" "AteveSearchSourceUrlDiscovery/0.1 (+mailto:crawler@example.com)"
